926
CXUS53 KDVN 011640
CLMDVN


CLIMATE REPORT
NATIONAL WEATHER SERVICE QUAD CITIES IA IL
1040 AM CST THU DEC 1 2016

...................................

...THE DAVENPORT IA CLIMATE SUMMARY FOR THE MONTH OF NOVEMBER 2016...

CLIMATE NORMAL PERIOD 1981 TO 2010
CLIMATE RECORD PERIOD 9999 TO 9999

WEATHER         OBSERVED          NORMAL  DEPART
                 VALUE   DATE(S)  VALUE   FROM
                                          NORMAL
................................................
TEMPERATURE (F)
HIGHEST            76   11/01        56      20
LOWEST             18   11/20        23      -5
AVG. MAXIMUM     56.2              47.9     8.3
AVG. MINIMUM     35.6              29.6     6.0
MEAN             45.9              38.8     7.1
DAYS MAX >= 90      0
DAYS MAX <= 32      0
DAYS MIN <= 32     10
DAYS MIN <= 0       0

PRECIPITATION (INCHES)
TOTALS           0.94              2.45   -1.51
DAILY AVG.       0.03              0.08   -0.05
DAYS >= .01         4
DAYS >= .10         4
DAYS >= .50         0
DAYS >= 1.00        0
GREATEST
 24 HR. TOTAL    0.62   11/27 TO 11/28

SNOWFALL (INCHES)
TOTALS              T
SINCE 7/1           T
SNOWDEPTH AVG.      0
DAYS >= TRACE       5
DAYS >= 1.0         0
GREATEST
 SNOW DEPTH         0   MM
 24 HR TOTAL        T   11/30 TO 11/30
                        11/25 TO 11/25
                        11/24 TO 11/24

DEGREE_DAYS
HEATING TOTAL     567               788    -221
 SINCE 7/1        855              1348    -493
COOLING TOTAL       3                 0       3
 SINCE 1/1       1063               786     277
.................................................

WIND (MPH)
AVERAGE WIND SPEED              10.3
HIGHEST WIND SPEED/DIRECTION    38/300    DATE  11/19
HIGHEST GUST SPEED/DIRECTION    48/250    DATE  11/18

SKY COVER
POSSIBLE SUNSHINE (PERCENT)   MM
AVERAGE SKY COVER           0.30
NUMBER OF DAYS FAIR           18
NUMBER OF DAYS PC              6
NUMBER OF DAYS CLOUDY          6

AVERAGE RH (PERCENT)     70

WEATHER CONDITIONS. NUMBER OF DAYS WITH
THUNDERSTORM              1     HAIL                       0
SLEET                     1     FOG                       14
FOG W/VIS <= 1/4 MILE     2     HAZE                       4

-  INDICATES NEGATIVE NUMBERS.
R  INDICATES RECORD WAS SET OR TIED.
MM INDICATES DATA IS MISSING.
T  INDICATES TRACE AMOUNT.

$$


NOTE: SUPPLEMENTAL CLIMATE DATA WAS USED FROM A NEARBY
CLIMATOLOGICALLY REPRESENTATIVE STATION.
