000
CXUS56 KEKA 032018 CCA
CLMEKA

CLIMATE REPORT
NATIONAL WEATHER SERVICE EUREKA CA
115 PM PDT SUN JUL 3 2016

...................................

...THE EUREKA CA CLIMATE SUMMARY FOR THE MONTH OF JUNE 2016...

CLIMATE NORMAL PERIOD 1981 TO 2010
CLIMATE RECORD PERIOD 1886 TO 2016

WEATHER         OBSERVED          NORMAL  DEPART  LAST YEAR`S
                 VALUE   DATE(S)  VALUE   FROM    VALUE
                                          NORMAL
.............................................................
TEMPERATURE (F)
RECORD
 HIGH              85   06/17/1945
                        06/06/1903
 LOW               40   06/24/2003
                        06/08/1999
                        06/06/1899
HIGHEST            66   06/23                MM
                        06/18
LOWEST             46   06/15                MM
                        06/12
AVG. MAXIMUM     63.1                       0.9
AVG. MINIMUM     51.5                       1.4
MEAN             57.3                       1.2

PRECIPITATION (INCHES)
RECORD
 MAXIMUM         4.66   1888
 MINIMUM         0.00   1960
                        1951
                        1926
TOTALS           0.02              0.75   -0.73
DAYS >= .01         1               5.8    -4.8        3
DAYS >= .10         0               2.2    -2.2        0
DAYS >= .50         0               0.3    -0.3        0
DAYS >= 1.00        0               0.1    -0.1        0
GREATEST
 24 HR. TOTAL    0.02   06/16 TO 06/16

SNOWFALL (INCHES)
 LIQUID 7/1        MM                        MM

DEGREE_DAYS
HEATING TOTAL     224               266     -42      241
 SINCE 7/1       3627              4434    -807     3569
COOLING TOTAL       0                 0       0        0
 SINCE 1/1          0                 0       0        0
..............................................................

WIND (MPH)
AVERAGE WIND SPEED              5.0
HIGHEST WIND SPEED/DIRECTION    18/MM     DATE   MM
HIGHEST GUST SPEED/DIRECTION    29/010    DATE  06/11

SKY COVER
POSSIBLE SUNSHINE (PERCENT)   MM
AVERAGE SKY COVER           0.60
NUMBER OF DAYS FAIR            7
NUMBER OF DAYS PC             11
NUMBER OF DAYS CLOUDY         12


WEATHER CONDITIONS. NUMBER OF DAYS WITH
THUNDERSTORM              0     HEAVY RAIN                 0
RAIN                      0     LIGHT RAIN                11
HAIL                      0     SLEET                      0
FOG                      14     FOG W/VIS <= 1/4 MILE      3
HAZE                      1

-  INDICATES NEGATIVE NUMBERS.
R  INDICATES RECORD WAS SET OR TIED.
MM INDICATES DATA IS MISSING.
T  INDICATES TRACE AMOUNT.

&&

TOTAL RAINFALL...............  0.02 DEPARTURE FROM NORMAL..... -0.73
TOTAL SINCE JANUARY 1ST...... 26.77 DEPARTURE FROM NORMAL.....  3.49
TOTAL SINCE OCT 1ST.......... 47.49 DEPARTURE FROM NORMAL.....  8.24

HIGHEST SLP......... 30.30 ON 18 LOWEST SLP........29.71 ON  6

...REMARKS...THE WEATHER IN EUREKA WAS QUIET FOR THE MONTH OF JUNE. HIGH
TEMPERATURES RANGED FROM 60 TO 66 WHILE LOW TEMPERATURES RANGED FROM
46 TO 54. TEMPERATURES FOR THE MONTH AVERAGED ONE DEGREE ABOVE NORMAL.
NO RECORDS WERE SET DURING THE MONTH. RAINFALL WAS BELOW NORMAL WITH
0.02 INCHES FALLING ON THE 16TH, WHILE TEN OTHER DAYS SAW ONLY A
TRACE OF RAINFALL. THIS WAS NEARLY THREE QUARTERS OF AN INCH BELOW
NORMAL FOR THE MONTH. DESPITE THE LARGE DEPARTURE FROM NORMAL THIS
IS NOT ALL THAT UNUSUAL, LESS RAIN HAS FALLEN 6 TIMES SINCE RECORD
KEEPING BEGAN IN 1887. MKK


$$
