000
CXUS55 KLKN 022249
CLMEKO


CLIMATE REPORT
NATIONAL WEATHER SERVICE ELKO NV
239 PM PDT TUE AUG 2 2016

...................................

...THE ELKO AIRPORT NV CLIMATE SUMMARY FOR THE MONTH OF JULY 2016...

CLIMATE NORMAL PERIOD 1981 TO 2010
CLIMATE RECORD PERIOD 1888 TO 2016

WEATHER         OBSERVED          NORMAL  DEPART  LAST YEAR`S
                 VALUE   DATE(S)  VALUE   FROM    VALUE  DATE(S)
                                          NORMAL
................................................................
TEMPERATURE (F)
RECORD
 HIGH             107   07/04/1981
                        07/24/1890
 LOW               28   07/11/1890
HIGHEST           102   07/29        99       3       99  07/02
LOWEST             38   07/11        38       0       39  07/28
AVG. MAXIMUM     92.6              90.3     2.3     87.7
AVG. MINIMUM     51.3              50.1     1.2     53.4
MEAN             72.0              70.2     1.8     70.5
DAYS MAX >= 90     26              17.9     8.1       13
DAYS MAX <= 32      0               0.0     0.0        0
DAYS MIN <= 32      0               0.0     0.0        0
DAYS MIN <= 0       0               0.0     0.0        0

PRECIPITATION (INCHES)
RECORD
 MAXIMUM         2.35   1950
 MINIMUM         0.00   1963
                        1919
                        1903
TOTALS           0.04              0.37   -0.33     0.79
DAILY AVG.       0.00              0.01   -0.01     0.03
DAYS >= .01         2               3.4    -1.4       12
DAYS >= .10         0               0.9    -0.9        4
DAYS >= .50         0               0.2    -0.2        0
DAYS >= 1.00        0               0.0     0.0        0
GREATEST
 24 HR. TOTAL    0.03   07/30 TO 07/30              0.30

SNOWFALL (INCHES)
RECORDS
 TOTAL              T   1995
                        1990
                        1954
TOTALS            0.0               0.0     0.0      0.0
SINCE 7/1         0.0               0.0     0.0      0.0
SNOWDEPTH AVG.      0                                  0
DAYS >= TRACE       0               0.0     0.0        0
DAYS >= 1.0         0               0.0     0.0        0
DAYS >= 5.0         0                                  0
GREATEST
 SNOW DEPTH         0   MM                             0
 24 HR TOTAL      0.0   07/31 TO 07/31               0.0

DEGREE_DAYS
HEATING TOTAL       9                19     -10        9
 SINCE 7/1          9                19     -10        9
COOLING TOTAL     234               180      54      188
 SINCE 1/1        365               231     134      373
.................................................................

WIND (MPH)
AVERAGE WIND SPEED              6.6
HIGHEST WIND SPEED/DIRECTION    39/260    DATE  07/10
HIGHEST GUST SPEED/DIRECTION    46/260    DATE  07/10

AVERAGE RH (PERCENT)     27

WEATHER CONDITIONS. NUMBER OF DAYS WITH
THUNDERSTORM              0     MIXED PRECIP               0
HEAVY RAIN                0     RAIN                       0
LIGHT RAIN                1     FREEZING RAIN              0
LT FREEZING RAIN          0     HAIL                       0
HEAVY SNOW                0     SNOW                       0
LIGHT SNOW                0     SLEET                      0
FOG                       0     FOG W/VIS <= 1/4 MILE      0
HAZE                      4

-  INDICATES NEGATIVE NUMBERS.
R  INDICATES RECORD WAS SET OR TIED.
MM INDICATES DATA IS MISSING.
T  INDICATES TRACE AMOUNT.


&&

=====================================================================

...21ST WARMEST JULY ON RECORD IN ELKO...
...20TH DRIEST JULY ON RECORD IN ELKO...

THE AVERAGE TEMPERATURE IN ELKO DURING JULY 2016 WAS 72.0
DEGREES...WHICH IS 1.8 DEGREES ABOVE THE 1981-2010
CLIMATOLOGICAL NORMAL OF 70.2 DEGREES. THIS MAKES JULY 2016
THE 21ST WARMEST JULY ON RECORD. THE TOTAL PRECIPITATION WAS
0.04 INCHES...WHICH IS 0.33 INCHES BELOW OR 11% OF THE
CLIMATOLOGICAL NORMAL OF 0.37 INCHES. THIS MAKES JULY 2016 THE
20TH DRIEST JULY ON RECORD.

A RECORD DAILY HIGH TEMPERATURE OF 102 DEGREES WAS SET ON JULY 29.

$$

NWS ELKO CLIMATE TEAM
