000
CXUS54 KEPZ 011201
CLMELP


CLIMATE REPORT
NATIONAL WEATHER SERVICE EL PASO, TX
557 AM MDT WED JUL 1 2015

...................................

...THE EL PASO     CLIMATE SUMMARY FOR THE MONTH OF JUNE 2015...

CLIMATE NORMAL PERIOD 1981 TO 2010
CLIMATE RECORD PERIOD 1879 TO 2015

WEATHER         OBSERVED          NORMAL  DEPART  LAST YEAR`S
                 VALUE   DATE(S)  VALUE   FROM    VALUE  DATE(S)
                                          NORMAL
................................................................
TEMPERATURE (F)
RECORD
 HIGH             114   06/30/1994
 LOW               46   06/01/1988
                        06/03/1919
HIGHEST           104   06/22        98       6      109  06/03
                        06/21
                        06/20
LOWEST             65   06/04        61       4       68  06/10
AVG. MAXIMUM     97.0              95.5     1.5    101.2
AVG. MINIMUM     71.9              68.0     3.9     74.5
MEAN             84.4              81.7     2.7     87.8
DAYS MAX >= 90     30              24.9     5.1       30
DAYS MAX <= 32      0               0.0     0.0        0
DAYS MIN <= 32      0               0.0     0.0        0
DAYS MIN <= 0       0               0.0     0.0        0

PRECIPITATION (INCHES)
RECORD
 MAXIMUM         3.18
 MINIMUM         0.00
TOTALS           0.18              0.94   -0.76     0.01
DAYS >= .01         4                                  1
DAYS >= .10         0                                  0
DAYS >= .50         0                                  0
DAYS >= 1.00        0                                  0
GREATEST
 24 HR. TOTAL    0.09   06/27 TO 06/27
                        06/26 TO 06/27
                        06/27 TO 06/27
 STORM TOTAL       MM
 (MM/DD(HH))            MM

DEGREE_DAYS
HEATING TOTAL       0                 0       0        0
 SINCE 7/1       2064              2474    -410     2049
COOLING TOTAL     592               502      90      693
 SINCE 1/1        963               879      84     1120

FREEZE DATES
RECORD
 EARLIEST     10/16/1880
 LATEST       05/02/1967
EARLIEST      11/13             12/06
LATEST        03/06             02/07
.................................................................

WIND (MPH)
AVERAGE WIND SPEED              7.9
HIGHEST WIND SPEED/DIRECTION    47/020    DATE  06/27
HIGHEST GUST SPEED/DIRECTION    56/020    DATE  06/27

SKY COVER
POSSIBLE SUNSHINE (PERCENT)   MM
AVERAGE SKY COVER           0.40
NUMBER OF DAYS FAIR           14
NUMBER OF DAYS PC             14
NUMBER OF DAYS CLOUDY          2

AVERAGE RH (PERCENT)     33

WEATHER CONDITIONS. NUMBER OF DAYS WITH
THUNDERSTORM              9     MIXED PRECIP               0
HEAVY RAIN                0     RAIN                       1
LIGHT RAIN                8     FREEZING RAIN              0
LT FREEZING RAIN          0     HAIL                       0
HEAVY SNOW                0     SNOW                       0
LIGHT SNOW                0     SLEET                      0
FOG                       1     FOG W/VIS <= 1/4 MILE      0
HAZE                      4

-  INDICATES NEGATIVE NUMBERS.
R  INDICATES RECORD WAS SET OR TIED.
MM INDICATES DATA IS MISSING.
T  INDICATES TRACE AMOUNT.

$$
