000
CXUS56 KPQR 011534
CLMEUG


CLIMATE REPORT
NATIONAL WEATHER SERVICE PORTLAND OREGON
834 AM PDT WED OCT 1 2014

...................................

...THE EUGENE OR CLIMATE SUMMARY FOR THE MONTH OF SEPTEMBER 2014...

CLIMATE NORMAL PERIOD 1981 TO 2010
CLIMATE RECORD PERIOD 1892 TO 2014

WEATHER         OBSERVED          NORMAL  DEPART  LAST YEAR`S
                 VALUE   DATE(S)  VALUE   FROM    VALUE  DATE(S)
                                          NORMAL
................................................................
TEMPERATURE (F)
HIGHEST            98                                 90  09/10
LOWEST             43                                 41  09/27
AVG. MAXIMUM     80.9              76.9     4.0     73.6
AVG. MINIMUM     50.2              47.0     3.2     53.5
MEAN             65.6              61.9     3.7     63.6
DAYS MAX >= 90      6               2.0     4.0        1
DAYS MAX <= 32      0               0.0     0.0        0
DAYS MIN <= 32      0               0.1    -0.1        0
DAYS MIN <= 0       0               0.0     0.0        0

PRECIPITATION (INCHES)
RECORD
 MAXIMUM         7.08   2013
 MINIMUM         0.00   1999
TOTALS           1.25              1.29   -0.04     7.08
DAYS >= .01         7               5.4     1.6       15
DAYS >= .10         2               3.2    -1.2       13
DAYS >= .50         1               0.9     0.1        6
DAYS >= 1.00        0               0.2    -0.2        1
GREATEST
 24 HR. TOTAL    1.06   09/23 TO 09/24

DEGREE_DAYS
HEATING TOTAL      34               121     -87       98
 SINCE 7/1         41               188    -147      116
COOLING TOTAL      59                30      29       63
 SINCE 1/1        467               238     229      411
.................................................................

WIND (MPH)
AVERAGE WIND SPEED              6.3
RESULTANT WIND SPEED/DIRECTION   2/351
HIGHEST WIND SPEED/DIRECTION    29/350    DATE  09/11
HIGHEST GUST SPEED/DIRECTION    40/340    DATE  09/11

SKY COVER
POSSIBLE SUNSHINE (PERCENT)   MM
AVERAGE SKY COVER           0.40
NUMBER OF DAYS FAIR           13
NUMBER OF DAYS PC             13
NUMBER OF DAYS CLOUDY          4

AVERAGE RH (PERCENT)     61

WEATHER CONDITIONS. NUMBER OF DAYS WITH
THUNDERSTORM              0     MIXED PRECIP               0
HEAVY RAIN                1     RAIN                       2
LIGHT RAIN                7     FREEZING RAIN              0
LT FREEZING RAIN          0     HAIL                       0
HEAVY SNOW                0     SNOW                       0
LIGHT SNOW                0     SLEET                      0
FOG                      10     FOG W/VIS <= 1/4 MILE      2
HAZE                      7

-  INDICATES NEGATIVE NUMBERS.
R  INDICATES RECORD WAS SET OR TIED.
MM INDICATES DATA IS MISSING.
T  INDICATES TRACE AMOUNT.

$$
