000
CXUS51 KOKX 011727
CLMEWR

CLIMATE REPORT
NATIONAL WEATHER SERVICE NEW YORK NY
127 PM EDT MON JUN 1 2015

...................................

...THE NEWARK NJ CLIMATE SUMMARY FOR THE MONTH OF MAY 2015...

CLIMATE NORMAL PERIOD 1981 TO 2010
CLIMATE RECORD PERIOD 1929 TO 2015

WEATHER         OBSERVED          NORMAL  DEPART  LAST YEAR`S
                 VALUE   DATE(S)  VALUE   FROM    VALUE  DATE(S)
                                          NORMAL
................................................................
TEMPERATURE (F)
RECORD
 HIGH              99   05/20/1996
 LOW               33   05/09/1947
HIGHEST            91   05/26        MM      MM       88  05/27
                                                          05/26
LOWEST             46   05/02        MM      MM       47  05/07
AVG. MAXIMUM     79.2              72.1     7.1     73.0
AVG. MINIMUM     57.3              53.3     4.0     55.1
MEAN             68.2              62.7     5.5     64.1
DAYS MAX >= 90      2               1.2     0.8        0
DAYS MAX <= 32      0               0.0     0.0        0
DAYS MIN <= 32      0               0.0     0.0        0
DAYS MIN <= 0       0               0.0     0.0        0

PRECIPITATION (INCHES)
RECORD
 MAXIMUM        10.22   1984
 MINIMUM         0.52   1964
TOTALS           4.83              4.09    0.74     4.03
DAILY AVG.       0.16              0.13    0.03     0.13
DAYS >= .01         4              11.3    -7.3       11
DAYS >= .10         4               7.3    -3.3        6
DAYS >= .50         2               2.9    -0.9        3
DAYS >= 1.00        1               1.1    -0.1        1
GREATEST
 24 HR. TOTAL    3.73   05/31 TO 05/31           04/30 TO 05/01
                                                          05/31 TO 05/31
                                                          05/31 TO 05/31
 STORM TOTAL       MM                                 MM
 (MM/DD(HH))            MM                    05/01(00) TO 05/01(00)
                                                 05/31(00) TO 05/31(00)1
                                                 05/31(00) TO 05/31(00)1

SNOWFALL (INCHES)
TOTALS              TR              0.0     0.0      0.0
 LIQUID EQUIV      MM              0.00      MM     0.00
SINCE 7/1        46.4              28.5    17.9     61.1
 LIQUID 7/1      4.64              2.80    1.84     6.11
SNOWDEPTH AVG.      0                MM      MM        0
DAYS >= TRACE       1               0.0     1.0        0
DAYS >= 1.0         0               0.0     0.0        0
GREATEST
 SNOW DEPTH         0   MM                             0  MM
 24 HR TOTAL        T   05/31 TO 05/31           05/31 TO 05/31
                                                          05/31 TO 05/31
                                                          05/31 TO 05/31
 STORM TOTAL       MM                                 MM
 (MM/DD(HH))            MM                    05/31(00) TO 05/31(00)
                                                 05/31(00) TO 05/31(00)1
                                                 05/31(00) TO 05/31(00)1

DEGREE_DAYS
HEATING TOTAL      48               135     -87       74
 SINCE 7/1       5114              4855     259     5166
COOLING TOTAL     157                64      93       54
 SINCE 1/1        160                76      84       62
..................................................

WIND (MPH)
AVERAGE WIND SPEED              8.2
HIGHEST WIND SPEED/DIRECTION    31/320    DATE  05/12
HIGHEST GUST SPEED/DIRECTION    38/320    DATE  05/12


WEATHER CONDITIONS. NUMBER OF DAYS WITH
THUNDERSTORM              0     MIXED PRECIP               0
HEAVY RAIN                2     RAIN                       1
LIGHT RAIN                9     FREEZING RAIN              0
LT FREEZING RAIN          0     HAIL                       1
HEAVY SNOW                0     SNOW                       0
LIGHT SNOW                0     SLEET                      0
FOG                      10     FOG W/VIS <= 1/4 MILE      3
HAZE                      6

-  INDICATES NEGATIVE NUMBERS.
R  INDICATES RECORD WAS SET OR TIED.
MM INDICATES DATA IS MISSING.
T  INDICATES TRACE AMOUNT.

$$
