000
CXUS51 KOKX 012240
CLMEWR

CLIMATE REPORT
NATIONAL WEATHER SERVICE NEW YORK NY
638 PM EDT SUN MAY 1 2016

...................................

...THE NEWARK NJ CLIMATE SUMMARY FOR THE MONTH OF APRIL 2016...

CLIMATE NORMAL PERIOD 1981 TO 2010
CLIMATE RECORD PERIOD 1929 TO 2016

WEATHER         OBSERVED          NORMAL  DEPART  LAST YEAR`S
                 VALUE   DATE(S)  VALUE   FROM    VALUE  DATE(S)
                                          NORMAL
................................................................
TEMPERATURE (F)
RECORD
 HIGH              97   04/17/2002
 LOW               16   04/07/1982
HIGHEST            83   04/22        MM      MM       82  04/18
LOWEST             26   04/05        MM      MM       33  04/01
AVG. MAXIMUM     63.3              62.0     1.3     63.5
AVG. MINIMUM     43.0              43.7    -0.7     44.6
MEAN             53.1              52.8     0.3     54.1
DAYS MAX >= 90      0               0.2    -0.2        0
DAYS MAX <= 32      0               0.0     0.0        0
DAYS MIN <= 32      5               1.4     3.6        0
DAYS MIN <= 0       0               0.0     0.0        0

PRECIPITATION (INCHES)
RECORD
 MAXIMUM        11.85   2007
 MINIMUM         0.90   1963
TOTALS           1.12              4.20   -3.08     1.67
DAILY AVG.       0.04              0.14   -0.10     0.06
DAYS >= .01        10              11.5    -1.5        9
DAYS >= .10         4               6.8    -2.8        4
DAYS >= .50         0               2.6    -2.6        1
DAYS >= 1.00        0               1.1    -1.1        0
GREATEST
 24 HR. TOTAL    0.44   04/03 TO 04/04           04/20 TO 04/21
                        04/04 TO 04/04                    04/23 TO 04/23
                        04/04 TO 04/05                    04/23 TO 04/23
 STORM TOTAL       MM                                 MM
 (MM/DD(HH))            MM                    04/21(00) TO 04/21(00)
                                                 04/23(00) TO 04/23(00)3
                                                 04/23(00) TO 04/23(00)3

SNOWFALL (INCHES)
TOTALS              T               0.9    -0.9        T
 LIQUID EQUIV      MM              0.10      MM       MM
SINCE 7/1        36.4              28.5     7.9     46.4
 LIQUID 7/1      3.64              2.80    0.84     4.64
SNOWDEPTH AVG.      0                MM      MM        0
DAYS >= TRACE       1               0.4     0.6        1
DAYS >= 1.0         0               0.2    -0.2        0
GREATEST
 SNOW DEPTH         0   MM                             0  MM
 24 HR TOTAL        T   04/04 TO 04/04           04/23 TO 04/23
                                                          04/23 TO 04/23
                                                          04/23 TO 04/23
 STORM TOTAL       MM                                 MM
 (MM/DD(HH))            MM                    04/23(00) TO 04/23(00)
                                                 04/23(00) TO 04/23(00)3
                                                 04/23(00) TO 04/23(00)3

DEGREE_DAYS
HEATING TOTAL     362               376     -14      324
 SINCE 7/1       3729              4720    -991     5066
COOLING TOTAL      13                11       2        3
 SINCE 1/1         18                12       6        3
....................................................

WIND (MPH)
AVERAGE WIND SPEED              9.8
HIGHEST WIND SPEED/DIRECTION    41/310    DATE  04/03
HIGHEST GUST SPEED/DIRECTION    55/310    DATE  04/03


WEATHER CONDITIONS. NUMBER OF DAYS WITH
THUNDERSTORM              0     MIXED PRECIP               0
HEAVY RAIN                2     RAIN                       4
LIGHT RAIN               14     FREEZING RAIN              0
LT FREEZING RAIN          0     HAIL                       0
HEAVY SNOW                0     SNOW                       0
LIGHT SNOW                2     SLEET                      0
FOG                       9     FOG W/VIS <= 1/4 MILE      0
HAZE                      1

-  INDICATES NEGATIVE NUMBERS.
R  INDICATES RECORD WAS SET OR TIED.
MM INDICATES DATA IS MISSING.
T  INDICATES TRACE AMOUNT.

$$
