000
CXUS51 KOKX 011459
CLMEWR

CLIMATE REPORT
NATIONAL WEATHER SERVICE NEW YORK NY
1059 AM EDT SAT OCT 1 2016

...................................

...THE NEWARK NJ CLIMATE SUMMARY FOR THE MONTH OF SEPTEMBER 2016...

CLIMATE NORMAL PERIOD 1981 TO 2010
CLIMATE RECORD PERIOD 1929 TO 2016

WEATHER         OBSERVED          NORMAL  DEPART  LAST YEAR`S
                 VALUE   DATE(S)  VALUE   FROM    VALUE  DATE(S)
                                          NORMAL
................................................................
TEMPERATURE (F)
RECORD
 HIGH             105   09/02/1953
 LOW               35   09/27/1947
HIGHEST            94   09/14        MM      MM       98  09/08
LOWEST             51   09/26        MM      MM       54  09/27
AVG. MAXIMUM     80.6              76.7     3.9     82.8
AVG. MINIMUM     63.0              59.7     3.3     63.9
MEAN             71.8              68.2     3.6     73.4
DAYS MAX >= 90      5               1.1     3.9        5
DAYS MAX <= 32      0               0.0     0.0        0
DAYS MIN <= 32      0               0.0     0.0        0
DAYS MIN <= 0       0               0.0     0.0        0

PRECIPITATION (INCHES)
RECORD
 MAXIMUM        10.28   1944
 MINIMUM         0.14   1941
TOTALS           2.17              3.82   -1.65     2.33
DAILY AVG.       0.07              0.13   -0.06     0.08
DAYS >= .01         8               8.6    -0.6        6
DAYS >= .10         5               5.8    -0.8        3
DAYS >= .50         1               2.7    -1.7        2
DAYS >= 1.00        1               0.9     0.1        1
GREATEST
 24 HR. TOTAL    1.03   09/18 TO 09/19           09/29 TO 09/30
                        09/19 TO 09/19                    09/30 TO 09/30
                        09/19 TO 09/20                    09/30 TO 09/30
 STORM TOTAL       MM                                 MM
 (MM/DD(HH))            MM                    09/30(00) TO 09/30(00)
                                                 09/30(00) TO 09/30(00)0
                                                 09/30(00) TO 09/30(00)0

DEGREE_DAYS
HEATING TOTAL      16                44     -28        3
 SINCE 7/1         16                45     -29        3
COOLING TOTAL     227               140      87      260
 SINCE 1/1       1537              1174     363     1542
.................................................

WIND (MPH)
AVERAGE WIND SPEED              9.4
HIGHEST WIND SPEED/DIRECTION    36/320    DATE  09/14
HIGHEST GUST SPEED/DIRECTION    50/320    DATE  09/14


WEATHER CONDITIONS. NUMBER OF DAYS WITH
THUNDERSTORM              0     MIXED PRECIP               0
HEAVY RAIN                3     RAIN                       3
LIGHT RAIN               13     FREEZING RAIN              0
LT FREEZING RAIN          0     HAIL                       0
HEAVY SNOW                0     SNOW                       0
LIGHT SNOW                0     SLEET                      0
FOG                       7     FOG W/VIS <= 1/4 MILE      0
HAZE                      0

-  INDICATES NEGATIVE NUMBERS.
R  INDICATES RECORD WAS SET OR TIED.
MM INDICATES DATA IS MISSING.
T  INDICATES TRACE AMOUNT.

$$
