848
CXUS52 KMFL 011938
CLMFLL


CLIMATE REPORT
NATIONAL WEATHER SERVICE MIAMI, FL
338 PM EDT FRI APR 1 2016

...................................

...THE FORT LAUDERDALE CLIMATE SUMMARY FOR THE MONTH OF MARCH 2016...

CLIMATE NORMAL PERIOD 1981 TO 2010
CLIMATE RECORD PERIOD 1912 TO 2016

WEATHER         OBSERVED          NORMAL  DEPART  LAST YEAR`S
                 VALUE   DATE(S)  VALUE   FROM    VALUE
                                          NORMAL
.............................................................
TEMPERATURE (F)
RECORD
 HIGH              94   03/24/1948
 LOW               32   03/03/1980
                        03/02/1920
HIGHEST            87   03/15                         91
LOWEST             55   03/22                         56
AVG. MAXIMUM     81.2              79.8     1.4     81.6
AVG. MINIMUM     68.9              66.0     2.9     69.2
MEAN             75.1              72.9     2.2     75.4
DAYS MAX >= 90      0                                  1
DAYS MAX <= 32      0                                  0
DAYS MIN <= 32      0                                  0
DAYS MIN <= 0       0                                  0

PRECIPITATION (INCHES)
RECORD
 MAXIMUM        12.31   1970
 MINIMUM         0.03   2006
TOTALS           2.84              3.36   -0.52     0.62
DAILY AVG.       0.09              0.11   -0.02     0.02
DAYS >= .01         8                                  8
DAYS >= .10         5                                  3
DAYS >= .50         3                                  0
DAYS >= 1.00        1                                  0
GREATEST
 24 HR. TOTAL    1.47   03/29 TO 03/30              0.21

DEGREE_DAYS
HEATING TOTAL       2                 9      -7        0
 SINCE 7/1         87               111     -24       97
COOLING TOTAL     323               254      69      332
 SINCE 1/1        582               610     -28      613
..............................................................

WIND (MPH)
AVERAGE WIND SPEED              10.6
HIGHEST WIND SPEED/DIRECTION    25/130    DATE  03/24
HIGHEST GUST SPEED/DIRECTION    32/120    DATE  03/08

SKY COVER
POSSIBLE SUNSHINE (PERCENT)   MM
AVERAGE SKY COVER           0.60
NUMBER OF DAYS FAIR            2
NUMBER OF DAYS PC             18
NUMBER OF DAYS CLOUDY         11

AVERAGE RH (PERCENT)     69

WEATHER CONDITIONS. NUMBER OF DAYS WITH
THUNDERSTORM              3     MIXED PRECIP               0
HEAVY RAIN                3     RAIN                       3
LIGHT RAIN                7     FREEZING RAIN              0
LT FREEZING RAIN          0     HAIL                       0
HEAVY SNOW                0     SNOW                       0
LIGHT SNOW                0     SLEET                      0
FOG                       5     FOG W/VIS <= 1/4 MILE      0
HAZE                      1

-  INDICATES NEGATIVE NUMBERS.
R  INDICATES RECORD WAS SET OR TIED.
MM INDICATES DATA IS MISSING.
T  INDICATES TRACE AMOUNT.


..................................................................


.................DATA FOR HOLLYWOOD...MARCH 2016..................
.....NORMALS USED FOR COMPARISON ARE FORT LAUDERDALE AP (FLL).....


...TEMPERATURE DATA...

AVERAGE FOR THE MONTH .... 74.3 OR 1.4 DEGREES ABOVE NORMAL.
AVERAGE MAXIMUM .......... 81.0 OR 1.2 DEGREES ABOVE NORMAL.
AVERAGE MINIMUM .......... 67.6 OR 1.6 DEGREES ABOVE NORMAL.

HIGHEST TEMPERATURE FOR THE MONTH: 88 DEGREES ON THE 16TH.
LOWEST  TEMPERATURE FOR THE MONTH: 55 DEGREES ON THE 22ND.


...PRECIPITATION...

TOTAL FOR THE MONTH 4.03 INCHES OR 0.67 INCHES ABOVE NORMAL.
TOTAL FOR THE YEAR 14.49 INCHES OR 4.54 INCHES ABOVE NORMAL.
GREATEST 24-HOUR PERIOD RAINFALL 1.25 INCHES ON THE 26TH.

NUMBER OF DAYS HAVING 0.01 INCHES OR MORE ...  6.
NUMBER OF DAYS HAVING 0.10 INCHES OR MORE ...  5.
NUMBER OF DAYS HAVING 0.50 INCHES OR MORE ...  3.
NUMBER OF DAYS HAVING 1.00 INCHES OR MORE ...  2.


$$
