000
CXUS52 KILM 020122
CLMFLO


CLIMATE REPORT
NATIONAL WEATHER SERVICE WILMINGTON NC
920 PM EDT FRI AUG 1 2014

...................................

...THE FLORENCE SC CLIMATE SUMMARY FOR THE MONTH OF JULY 2014...

CLIMATE NORMAL PERIOD 1981 TO 2010
CLIMATE RECORD PERIOD 1948 TO 2014

WEATHER         OBSERVED          NORMAL  DEPART  LAST YEAR`S
                 VALUE   DATE(S)  VALUE   FROM    VALUE  DATE(S)
                                          NORMAL
................................................................
TEMPERATURE (F)
RECORD
 HIGH             105   07/08/1977
 LOW               57   07/02/1988
                        07/11/1963
                        07/07/1951
HIGHEST           100   07/09                         95  07/17
LOWEST             64   07/30                         69  07/27
                                                          07/26
AVG. MAXIMUM     90.7              91.0    -0.3     88.9
AVG. MINIMUM     71.2              71.4    -0.2     72.5
MEAN             80.9              81.2    -0.3     80.7
DAYS MAX >= 90     15              18.3    -3.3       15
DAYS MAX <= 32      0               0.0     0.0        0
DAYS MIN <= 32      0               0.0     0.0        0
DAYS MIN <= 0       0               0.0     0.0        0

PRECIPITATION (INCHES)
RECORD
 MAXIMUM        14.91   2013
 MINIMUM         1.21   1952
TOTALS           5.76              5.26    0.50    14.91
DAILY AVG.       0.19              0.17    0.02     0.48
DAYS >= .01        10              11.2    -1.2       15
DAYS >= .10         6               7.9    -1.9       15
DAYS >= .50         5               3.7     1.3        8
DAYS >= 1.00        2               1.4     0.6        6
GREATEST
 24 HR. TOTAL    1.99   07/10 TO 07/10

SNOWFALL (INCHES)
RECORDS
 TOTAL             MM   MM
TOTALS             MM               0.0
SINCE 7/1          MM               0.0

DEGREE_DAYS
HEATING TOTAL       0                 0       0        0
COOLING TOTAL     500               502      -2      494
........................................................

WIND (MPH)
AVERAGE WIND SPEED              6.4
RESULTANT WIND SPEED/DIRECTION   1/173
HIGHEST WIND SPEED/DIRECTION    36/220    DATE  07/15
HIGHEST GUST SPEED/DIRECTION    48/220    DATE  07/15

SKY COVER
POSSIBLE SUNSHINE (PERCENT)   MM
AVERAGE SKY COVER           0.30
NUMBER OF DAYS FAIR           20
NUMBER OF DAYS PC             11
NUMBER OF DAYS CLOUDY          0

AVERAGE RH (PERCENT)     69

WEATHER CONDITIONS. NUMBER OF DAYS WITH
THUNDERSTORM              5     MIXED PRECIP               0
HEAVY RAIN                6     RAIN                       6
LIGHT RAIN               12     FREEZING RAIN              0
LT FREEZING RAIN          0     HAIL                       0
HEAVY SNOW                0     SNOW                       0
LIGHT SNOW                0     SLEET                      0
FOG                      17     FOG W/VIS <= 1/4 MILE      4
HAZE                      5

-  INDICATES NEGATIVE NUMBERS.
R  INDICATES RECORD WAS SET OR TIED.
MM INDICATES DATA IS MISSING.
T  INDICATES TRACE AMOUNT.

$$
