000
CXUS52 KILM 042138
CLMFLO


CLIMATE REPORT
NATIONAL WEATHER SERVICE WILMINGTON NC
535 PM EDT FRI JUL 4 2014

...................................

...THE FLORENCE SC CLIMATE SUMMARY FOR THE MONTH OF JUNE 2014...

CLIMATE NORMAL PERIOD 1981 TO 2010
CLIMATE RECORD PERIOD 1948 TO 2014

WEATHER         OBSERVED          NORMAL  DEPART  LAST YEAR`S
                 VALUE   DATE(S)  VALUE   FROM    VALUE  DATE(S)
                                          NORMAL
................................................................
TEMPERATURE (F)
RECORD
 HIGH             108   06/27/1954
 LOW               47   06/02/1966
HIGHEST            98   06/20                         96  06/13
                                                          06/12
LOWEST             56   06/02                         60  06/16
                                                          06/15
AVG. MAXIMUM     92.3              88.4     3.9     88.3
AVG. MINIMUM     69.2              68.0     1.2     69.5
MEAN             80.7              78.2     2.5     78.9
DAYS MAX >= 90     23              12.6    10.4       10
DAYS MAX <= 32      0               0.0     0.0        0
DAYS MIN <= 32      0               0.0     0.0        0
DAYS MIN <= 0       0               0.0     0.0        0

PRECIPITATION (INCHES)
RECORD
 MAXIMUM         9.29   1961
 MINIMUM         0.17   2008
TOTALS           0.98              4.62   -3.64     8.28
DAILY AVG.       0.03              0.15   -0.12     0.28
DAYS >= .01         7              10.0    -3.0       16
DAYS >= .10         4               7.0    -3.0       14
DAYS >= .50         0               3.0    -3.0        7
DAYS >= 1.00        0               1.2    -1.2        2
GREATEST
 24 HR. TOTAL    0.32   06/24 TO 06/25

SNOWFALL (INCHES)
RECORDS
 TOTAL             MM   MM
TOTALS             MM               0.0
SINCE 7/1          MM               1.5

DEGREE_DAYS
HEATING TOTAL       0                 1      -1        0
COOLING TOTAL     482               397      85      424
.................................................

WIND (MPH)
AVERAGE WIND SPEED              6.4
RESULTANT WIND SPEED/DIRECTION   2/188
HIGHEST WIND SPEED/DIRECTION    24/090    DATE  06/28
HIGHEST GUST SPEED/DIRECTION    31/090    DATE  06/28

SKY COVER
POSSIBLE SUNSHINE (PERCENT)   MM
AVERAGE SKY COVER           0.20
NUMBER OF DAYS FAIR           25
NUMBER OF DAYS PC              5
NUMBER OF DAYS CLOUDY          0

AVERAGE RH (PERCENT)     66

WEATHER CONDITIONS. NUMBER OF DAYS WITH
THUNDERSTORM              4     MIXED PRECIP               0
HEAVY RAIN                4     RAIN                       3
LIGHT RAIN               11     FREEZING RAIN              0
LT FREEZING RAIN          0     HAIL                       0
HEAVY SNOW                0     SNOW                       0
LIGHT SNOW                0     SLEET                      0
FOG                      15     FOG W/VIS <= 1/4 MILE      2
HAZE                      0

-  INDICATES NEGATIVE NUMBERS.
R  INDICATES RECORD WAS SET OR TIED.
MM INDICATES DATA IS MISSING.
T  INDICATES TRACE AMOUNT.

$$
