000
CXUS53 KDTX 151847 RRA
CLMFNT

CLIMATE REPORT
NATIONAL WEATHER SERVICE DETROIT/PONTIAC MI
1152 AM EST SAT DEC 9 2017

...................................

...THE FLINT MI CLIMATE SUMMARY FOR THE MONTH OF NOVEMBER 2017...

CLIMATE NORMAL PERIOD 1981 TO 2010
CLIMATE RECORD PERIOD 1921 TO 2017

WEATHER         OBSERVED          NORMAL  DEPART
                 VALUE   DATE(S)  VALUE   FROM
                                          NORMAL
................................................
TEMPERATURE (F)
RECORD
 HIGH              80   11/04/2015
 LOW               -7   11/26/1949
HIGHEST            66   11/28        MM      MM
LOWEST             16   11/11        MM      MM
                        11/10
AVG. MAXIMUM     45.7              46.7    -1.0
AVG. MINIMUM     29.5              31.0    -1.5
MEAN             37.6              38.9    -1.3
DAYS MAX >= 90      0               0.0     0.0
DAYS MAX <= 32      1               2.4    -1.4
DAYS MIN <= 32     22              17.5     4.5
DAYS MIN <= 0       0               0.0     0.0

PRECIPITATION (INCHES)
RECORD
 MAXIMUM         5.66   2003
 MINIMUM         0.59   2009
TOTALS           3.11              2.67    0.44
DAILY AVG.       0.10              0.09    0.01
DAYS >= .01        13              11.8     1.2
DAYS >= .10         8               6.2     1.8
DAYS >= .50         2               1.4     0.6
DAYS >= 1.00        0               0.4    -0.4
GREATEST
 24 HR. TOTAL    0.93   11/18 TO 11/18
 STORM TOTAL       MM
 (MM/DD(HH))            MM

SNOWFALL (INCHES)
RECORDS
 TOTAL           16.2   1951
                        0
                        0
TOTALS            0.3               2.5    -2.2
 LIQUID EQUIV    0.03              0.20   -0.17
SINCE 7/1         0.4               2.9    -2.5
 LIQUID 7/1      0.04
DAYS >= TRACE       5               3.1     1.9
DAYS >= 1.0         0               0.8    -0.8
GREATEST
 SNOW DEPTH         T   11/09
 24 HR TOTAL      0.3   11/18 TO 11/18
 STORM TOTAL       MM
 (MM/DD(HH))            MM

DEGREE_DAYS
HEATING TOTAL     815               785      30
 SINCE 7/1       1298              1481    -183
COOLING TOTAL       0                 0       0
 SINCE 1/1        567               531      36

FREEZE DATES
RECORD
 EARLIEST     MM
 LATEST       MM
EARLIEST                        MM
LATEST                          MM
.................................................

WIND (MPH)
AVERAGE WIND SPEED              9.1
HIGHEST WIND SPEED/DIRECTION    29/220    DATE  11/28
HIGHEST GUST SPEED/DIRECTION    42/220    DATE  11/28

SKY COVER
POSSIBLE SUNSHINE (PERCENT)   MM
AVERAGE SKY COVER           0.60
NUMBER OF DAYS FAIR            9
NUMBER OF DAYS PC              8
NUMBER OF DAYS CLOUDY         13

AVERAGE RH (PERCENT)     72



-  INDICATES NEGATIVE NUMBERS.
R  INDICATES RECORD WAS SET OR TIED.
MM INDICATES DATA IS MISSING.
T  INDICATES TRACE AMOUNT.

$$

================================================================
       SOUTHEAST MICHIGAN CLIMATE SUMMARY FOR NOVEMBER 2017


NOVEMBER 2017 MONTHLY STATISTICS AND RANKINGS
-----------------------------------------------------------------
PRECIPITATION
                ACTUAL    NORMAL     DEPARTURE     RANKING
DETROIT AREA    4.93"      2.79"      +2.79"      7TH WETTEST
FLINT AREA      3.11"      2.67"      +0.44"     27TH WETTEST
SAGINAW         2.05"      2.70       -0.65"     47TH DRIEST

WATER YEAR SINCE JANUARY 1*

                ACTUAL    NORMAL     DEPARTURE     RANKING
DETROIT AREA    33.98"    31.01"      +2.97"     27TH WETTEST
FLINT AREA      34.33"    29.45"      +4.88"     15TH WETTEST
SAGINAW         36.67"    29.53"      +7.14"      6TH WETTEST

      *NORMAL TO DATE (AS OF NOVEMBER 30, 2017)

AVERAGE TEMPERATURE
                ACTUAL    NORMAL     DEPARTURE     RANKING
DETROIT AREA     40.4      41.5       -1.0       68TH WARMEST
FLINT AREA       37.6      38.9       -1.3       34TH COLDEST
SAGINAW          37.7      38.5       -0.8       45TH WARMEST

AVERAGE HIGH TEMPERATURE
                ACTUAL    NORMAL     DEPARTURE     RANKING
DETROIT AREA     47.8      48.8       -1.0       61ST WARMEST
FLINT AREA       45.7      46.7       -1.0       40TH COLDEST
SAGINAW          44.9      45.9       -1.0       44TH COLDEST

AVERAGE LOW TEMPERATURE
                ACTUAL    NORMAL     DEPARTURE     RANKING
DETROIT AREA     33.0      34.3       -1.3       65TH COLDEST
FLINT AREA       29.5      31.0       -1.5       31ST COLDEST
SAGINAW          30.5      31.2       -0.7       41ST COLDEST


DETROIT AREA HAS A CLIMATE RECORD DATING TO NOVEMBER 1874
FLINT AREA HAS A CLIMATE RECORD DATING TO JANUARY 1921
SAGINAW HAS A CLIMATE RECORD DATING TO 1912
