000
CXUS54 KTSA 011906
CLMFSM

CLIMATE REPORT
NATIONAL WEATHER SERVICE TULSA OK
447 AM CST FRI DEC 1 2017

...................................

...THE FORT SMITH ARKANSAS CLIMATE SUMMARY FOR THE MONTH OF NOVEMBER
2017...

CLIMATE NORMAL PERIOD 1981 TO 2010 CLIMATE RECORD PERIOD 1882 TO 2017

WEATHER         OBSERVED          NORMAL  DEPART  LAST YEAR`S
                 VALUE   DATE(S)  VALUE   FROM    VALUE  DATE(S)
                                          NORMAL
................................................................
TEMPERATURE (F)
RECORD
 HIGH              87   11/02/2017
                        11/16/2016
                        09/02/1939
 LOW                8   11/29/1976
HIGHEST            87R  11/02        86       1       87
LOWEST             29   11/23         8      21       26
                        11/22
AVG. MAXIMUM     68.3              62.8     5.5     70.0
AVG. MINIMUM     42.8              40.3     2.5     44.0
MEAN             55.5              51.6     3.9     57.0
DAYS MAX >= 90      0
DAYS MAX <= 32      0
DAYS MIN <= 32      3
DAYS MIN <= 0       0

PRECIPITATION (INCHES)
RECORD
 MAXIMUM        14.01   1946
 MINIMUM         0.26   1904
TOTALS           0.28              4.44   -4.16     1.59
DAILY AVG.       0.01              0.15   -0.14     0.05
DAYS >= .01         6               7.5    -1.5        7
DAYS >= .10         1               5.7    -4.7        3
DAYS >= .50         0               3.2    -3.2        1
DAYS >= 1.00        0               1.5    -1.5        1
GREATEST
 24 HR. TOTAL    0.15   11/14 TO 11/14

SNOWFALL (INCHES)
RECORDS
 TOTAL            4.7   1976
TOTALS            0.0                 T     0.0      0.0
SINCE 7/1         0.0                 T     0.0      0.0
SNOWDEPTH AVG.      0                MM      MM        0
DAYS >= 1.0         0               0.0     0.0        0
GREATEST
 SNOW DEPTH         0   MM                             0  MM
 24 HR TOTAL      0.0   11/30 TO 11/30

DEGREE_DAYS
HEATING TOTAL     301               411    -110      262
 SINCE 7/1        436               565    -129      286
.................................................................

WIND (MPH)
AVERAGE WIND SPEED              6.5
HIGHEST WIND SPEED/DIRECTION    33/300    DATE  11/18
HIGHEST GUST SPEED/DIRECTION    43/330    DATE  11/18

SKY COVER
POSSIBLE SUNSHINE (PERCENT)   MM
AVERAGE SKY COVER           0.40
NUMBER OF DAYS FAIR           16
NUMBER OF DAYS PC             10
NUMBER OF DAYS CLOUDY          4

AVERAGE RH (PERCENT)     69

WEATHER CONDITIONS. NUMBER OF DAYS WITH
THUNDERSTORM              2     MIXED PRECIP               0
HEAVY RAIN                0     RAIN                       0
LIGHT RAIN                8     FREEZING RAIN              0
LT FREEZING RAIN          0     HAIL                       0
HEAVY SNOW                0     SNOW                       0
LIGHT SNOW                0     SLEET                      0
FOG                      13     FOG W/VIS <= 1/4 MILE      3
HAZE                      6

-  INDICATES NEGATIVE NUMBERS.
R  INDICATES RECORD WAS SET OR TIED.
MM INDICATES DATA IS MISSING.
T  INDICATES TRACE AMOUNT.

&&
-------------------------------------------------------------------
 YEARLY PRECIPITATION (INCHES):
 TOTAL.....................45.68
 DEPARTURE FROM NORMAL.....+3.51
$$
