000
CXUS51 KCAR 022151
CLMFVE
CLIMATE REPORT
NATIONAL WEATHER SERVICE CARIBOU ME
451 PM EST SAT MAR 02 2024
...................................
...THE FRENCHVILLE ME CLIMATE SUMMARY FOR THE MONTH OF FEBRUARY 2024...
CLIMATE NORMAL PERIOD: 1991 TO 2020
CLIMATE RECORD PERIOD: 9999 TO 9999
WEATHER OBSERVED NORMAL DEPART LAST YEAR`S
VALUE DATE(S) VALUE FROM VALUE DATE(S)
NORMAL
................................................................
TEMPERATURE (F)
RECORD
HIGH MM MM
LOW -23 02/03/2023
HIGHEST 47 02/27 MM MM 43 02/16
02/28
LOWEST -6 02/21 MM MM -23 02/03
02/04
AVG. MAXIMUM 29.2 22.3 6.9 21.0
AVG. MINIMUM 11.8 5.7 6.1 1.8
MEAN 20.5 14.0 6.5 11.4
DAYS MAX >= 90 0 0.0 0.0 0
DAYS MAX <= 32 18 23.5 -5.5 23
DAYS MIN <= 32 28 27.8 0.2 28
DAYS MIN <= 0 4 10.4 -6.4 14
PRECIPITATION (INCHES)
RECORD
MAXIMUM 1.65 2022
MINIMUM 0.67 2023
TOTALS 0.70 0.87 -0.17 0.67
DAILY AVG. 0.02 NAN NAN 0.02
DAYS >= .01 8 8.1 -0.1 7
DAYS >= .10 2 2.9 -0.9 2
DAYS >= .50 0 0.4 -0.4 0
DAYS >= 1.00 0 0.0 0.0 0
GREATEST
24 HR. TOTAL 0.35 02/28 TO 02/29 0.33 02/17 TO 02/17
STORM TOTAL 0.32 0.33
(MM/DD(HH)) MM
SNOWFALL (INCHES)
RECORDS
TOTAL MM MM
TOTALS MM MM MM MM
SINCE 7/1 MM MM MM MM
SNOWDEPTH AVG. MM MM
DAYS >= 1.0 MM MM MM MM
GREATEST
SNOW DEPTH MM MM MM
24 HR TOTAL MM MM
DEGREE DAYS
HEATING TOTAL 1283 1428 -145 1493
SINCE 7/1 5847 6666 -819 MM
COOLING TOTAL 0 0 0 0
SINCE 1/1 0 0 0 MM
................................................................
WIND (MPH)
AVERAGE WIND SPEED 10.7
HIGHEST WIND SPEED/DIRECTION 38/250 DATE 02/29
HIGHEST GUST SPEED/DIRECTION 57/250 DATE 02/29
SKY COVER
POSSIBLE SUNSHINE (PERCENT) MM
AVERAGE SKY COVER 0.42
NUMBER OF DAYS FAIR 17
NUMBER OF DAYS PC 4
NUMBER OF DAYS CLOUDY 8
AVERAGE RH (PERCENT) 66
WEATHER CONDITIONS. NUMBER OF DAYS WITH
THUNDERSTORM 0 MIXED PRECIP 0
HEAVY RAIN 0 RAIN 1
LIGHT RAIN 5 FREEZING RAIN 0
LT FREEZING RAIN 2 HAIL 0
HEAVY SNOW 1 SNOW 2
LIGHT SNOW 12 SLEET 0
FOG 9 FOG W/VIS <= 1/4 MILE 3
HAZE 5
- INDICATES NEGATIVE NUMBERS.
* INDICATES RECORD WAS SET OR TIED.
MM INDICATES DATA IS MISSING.
T INDICATES TRACE AMOUNT.
$$