000
CXUS53 KIWX 011704
CLMFWA

CLIMATE REPORT
NATIONAL WEATHER SERVICE NORTHERN INDIANA
1058 AM EST MON DEC 1 2014

...................................

...THE FORT WAYNE CLIMATE SUMMARY FOR THE MONTH OF NOVEMBER 2014...

CLIMATE NORMAL PERIOD 1981 TO 2010
CLIMATE RECORD PERIOD 1912 TO 2014

WEATHER         OBSERVED          NORMAL  DEPART  LAST YEAR`S
                 VALUE   DATE(S)  VALUE   FROM    VALUE  DATE(S)
                                          NORMAL
................................................................
TEMPERATURE (F)
RECORD
 HIGH              78   11/06/1975
                        11/17/1902
 LOW                    11/30/1958
                        11/25/1950
                        11/24/1950
HIGHEST            64   11/03        MM      MM       65  11/17
LOWEST              9   11/21        MM      MM       14  11/24
                        11/18
AVG. MAXIMUM     42.7              49.9    -7.2     46.0
AVG. MINIMUM     26.8              32.9    -6.1     30.2
MEAN             34.8              41.4    -6.6
DAYS MAX >= 90      0               0.0     0.0        0
DAYS MAX <= 32      8               1.4     6.6        3
DAYS MIN <= 32     19              14.4     4.6       18
DAYS MIN <= 0       0               0.0     0.0        0

PRECIPITATION (INCHES)
RECORD
 MAXIMUM         8.01   1992
 MINIMUM         0.23   1917
TOTALS           3.05              3.09   -0.04     1.46
DAILY AVG.       0.10              0.10    0.00     0.05
DAYS >= .01         7              11.2    -4.2        9
DAYS >= .10         6               6.8    -0.8        4
DAYS >= .50         1               1.7    -0.7        1
DAYS >= 1.00        1               0.5     0.5        0
GREATEST
 24 HR. TOTAL    1.87   11/23 TO 11/24

SNOWFALL (INCHES)
RECORDS
 TOTAL           14.1   1950
TOTALS            4.2               1.8     2.4      1.0
SINCE 7/1         4.2               2.1     2.1      1.0
SNOWDEPTH AVG.      0                MM      MM        0
DAYS >= 1.0         1               0.5     0.5        0
GREATEST
 SNOW DEPTH         3   11/17                          1
 24 HR TOTAL      3.4   MM

DEGREE_DAYS
HEATING TOTAL     899               708     191      797
 SINCE 7/1       1446              1217     229     1301
COOLING TOTAL       0                 0       0        0
 SINCE 1/1        731               809     -78      855
.................................................................

WIND (MPH)
AVERAGE WIND SPEED              11.8
HIGHEST WIND SPEED/DIRECTION    47/250    DATE  11/24
HIGHEST GUST SPEED/DIRECTION    60/240    DATE  11/24

SKY COVER
POSSIBLE SUNSHINE (PERCENT)   MM
AVERAGE SKY COVER           0.80
NUMBER OF DAYS FAIR            3
NUMBER OF DAYS PC              8
NUMBER OF DAYS CLOUDY         19

AVERAGE RH (PERCENT)     73

WEATHER CONDITIONS. NUMBER OF DAYS WITH
THUNDERSTORM              0     MIXED PRECIP               0
HEAVY RAIN                2     RAIN                       4
LIGHT RAIN                8     FREEZING RAIN              0
LT FREEZING RAIN          0     HAIL                       0
HEAVY SNOW                2     SNOW                       3
LIGHT SNOW               11     SLEET                      1
FOG                      12     FOG W/VIS <= 1/4 MILE      1
HAZE                      5

-  INDICATES NEGATIVE NUMBERS.
R  INDICATES RECORD WAS SET OR TIED.
MM INDICATES DATA IS MISSING.
T  INDICATES TRACE AMOUNT.

&&
...A COLD MONTH WITH ABOVE NORMAL SNOWFALL IN THE FORT WAYNE AREA...

IT WAS A COLD NOVEMBER WITH ABOVE NORMAL SNOWFALL IN THE FORT WAYNE
AREA. WHILE LAKE EFFECT SNOW WAS RESPONSIBLE FOR MOST OF THE
SNOW OVER NORTH CENTRAL AND NORTHWEST INDIANA...SYSTEM SNOW WAS
RESPONSIBLE FOR MOST OF THE ACCUMULATIONS IN FORT WAYNE...WITH ONE
SYSTEM DROPPING OVER 3 INCHES OF SNOW AT THE AIRPORT. THE TAIL END
OF A FEW LAKE EFFECT SNOW BANDS DID REACH FORT WAYNE DURING THE
MONTH BUT ACCUMULATIONS FROM THOSE WERE LIGHT. DESPITE THE COLD
AND SNOW...THERE WERE BRIEF PERIODS OF WARMTH DURING THE
MONTH...INCLUDING THE FIRST WEEK WITH TEMPERATURES IN THE 60S AND
THE LAST TWO DAYS WHEN HIGHS REACHED THE 50S AND 60S.

THE AVERAGE MONTHLY TEMPERATURE FOR NOVEMBER WAS 34.8 DEGREES...6.6
DEGREES BELOW NORMAL. THIS RANKED AS THE 6TH COLDEST NOVEMBER ON
RECORD IN THE FORT WAYNE AREA DATING BACK TO 1912. THE HIGHEST
TEMPERATURE DURING THE MONTH WAS 64 ON THE 3RD AND THE COLDEST WAS
9 ON THE 18TH AND 21ST. THE MIDDLE OF THE MONTH SAW A STRETCH OF
VERY COLD TEMPERATURES WITH THE FIRST ARCTIC BLAST OF THE SEASON.
THE REMNANTS OF SUPER TYPHOON NURI MOVED OUT OF THE PACIFIC OCEAN AND
INTO THE BERING SEA BY THE THE SECOND WEEK OF NOVEMBER. THIS STORM
SYSTEM THEN HELPED PUSH AN ARCTIC COLD FRONT INTO THE UNITED STATES
WHICH BROUGHT SUBFREEZING TEMPERATURES TO EVERY STATE BY THE MIDDLE
OF THE MONTH. LOCALLY...TEMPERATURES PLUNGED TO RECORD LEVELS WITH
AVERAGE TEMPERATURES BETWEEN 10 AND 27 DEGREES BELOW NORMAL FOR 11
STRAIGHT DAYS BETWEEN THE 12TH AND 22ND. THE COLDEST DAY WAS THE
18TH WITH A HIGH OF ONLY 17 AND A LOW OF 9. THE AVERAGE TEMPERATURE
ON THIS DAY WAS JUST 13...A WHOPPING 27 DEGREES BELOW NORMAL. THE
HIGH OF 17 ALSO SET A RECORD FOR THE COLDEST HIGH TEMPERATURE ON
THIS DATE...BREAKING THE OLD RECORD OF 24 SET IN 1903. THE LOW
TEMPERATURE OF 9 ALSO SET A RECORD...BREAKING THE OLD RECORD OF 10
SET IN 1959. IN ADDITION...THE LOW TEMPERATURE OF 9 ON THE 21ST ALSO
SET A NEW RECORD LOW...BREAKING THE OLD RECORD OF 11 IN 1964.

PRECIPITATION FOR NOVEMBER WAS 3.05 INCHES...JUST 0.04 INCHES BELOW
NORMAL. THIS RANKED AS ONLY THE 34TH WETTEST NOVEMBER ON RECORD.
ABOUT ONE HALF OF THIS PRECIPITATION OCCURRED ON JUST ONE
DAY...NOVEMBER 23RD WHEN 1.56 INCHES OF RAIN FELL. THIS WAS A DAILY
RECORD FOR THAT DATE. THE ENTIRE RAIN EVENT PRODUCED 2.20 INCHES
OVER THREE DAYS.

DESPITE PRECIPITATION BEING NEAR NORMAL...SNOWFALL WAS ABOVE NORMAL.
THERE WAS 4.2 INCHES OF SNOW RECORDED...2.4 INCHES ABOVE NORMAL.
THIS RANKED AS THE 25TH SNOWIEST NOVEMBER DATING BACK TO 1912. DECEMBER
1950 WAS THE SNOWIEST WITH 14.1 INCHES. WEATHER OBSERVERS REPORTED
3.4 INCHES ON THE 16TH...A SINGLE DAY SNOWFALL RECORD FOR THAT DATE.
THIS RANKED AS THE 12TH GREATEST SINGLE DAY SNOWFALL FOR
NOVEMBER...WITH THE GREATEST BEING 6.2 INCHES ON THE 29TH IN 1942.

$$
LASHLEY
