000
CXUS53 KUNR 011608
CLMGCC


CLIMATE REPORT
NATIONAL WEATHER SERVICE RAPID CITY SD
907 AM MST WED FEB 1 2017

...................................

...THE GILLETTE AIRPORT WY CLIMATE SUMMARY FOR THE MONTH OF JANUARY 2017...

CLIMATE NORMAL PERIOD 1981 TO 2010
CLIMATE RECORD PERIOD 9999 TO 9999

WEATHER         OBSERVED          NORMAL  DEPART  LAST YEAR`S
                 VALUE   DATE(S)  VALUE   FROM    VALUE  DATE(S)
                                          NORMAL
................................................................
TEMPERATURE (F)
HIGHEST            52   01/18                         53  01/28
LOWEST            -11   01/07                          6  01/17
                                                          01/03
AVG. MAXIMUM     31.9              37.2    -5.3     38.1
AVG. MINIMUM      9.7              14.5    -4.8     19.6
MEAN             20.8              25.9    -5.1     28.9
DAYS MAX >= 90      0                                  0
DAYS MAX <= 32     12                                  4
DAYS MIN <= 32     27                                 30
DAYS MIN <= 0       7                                  0

PRECIPITATION (INCHES)
TOTALS           0.54              0.39    0.15     0.40
DAILY AVG.       0.02              0.01    0.01     0.01
DAYS >= .01         6                                  8
DAYS >= .10         3                                  1
DAYS >= .50         0                                  0
DAYS >= 1.00        0                                  0
GREATEST
 24 HR. TOTAL    0.27   01/24 TO 01/24              0.12

DEGREE_DAYS
HEATING TOTAL    1185              1214     -29     1111
 SINCE 7/1       3847              4355    -508     3871
COOLING TOTAL       0                 0       0        0
 SINCE 1/1          0                 0       0        0
.................................................................

WIND (MPH)
AVERAGE WIND SPEED              10.1
HIGHEST WIND SPEED/DIRECTION    43/220    DATE  01/09
HIGHEST GUST SPEED/DIRECTION    53/220    DATE  01/09

AVERAGE RH (PERCENT)     71

WEATHER CONDITIONS. NUMBER OF DAYS WITH
THUNDERSTORM              0     MIXED PRECIP               0
HEAVY RAIN                0     RAIN                       0
LIGHT RAIN                0     FREEZING RAIN              0
LT FREEZING RAIN          0     HAIL                       0
HEAVY SNOW                0     SNOW                       3
LIGHT SNOW               11     SLEET                      0
FOG                      10     FOG W/VIS <= 1/4 MILE      1
HAZE                      8

-  INDICATES NEGATIVE NUMBERS.
R  INDICATES RECORD WAS SET OR TIED.
MM INDICATES DATA IS MISSING.
T  INDICATES TRACE AMOUNT.

$$
