000
CXUS53 KUNR 011619
CLMGCC


CLIMATE REPORT
NATIONAL WEATHER SERVICE RAPID CITY SD
918 AM MST SUN FEB 1 2015

...................................

...THE GILLETTE AIRPORT WY CLIMATE SUMMARY FOR THE MONTH OF JANUARY 2015...

CLIMATE NORMAL PERIOD 1981 TO 2010
CLIMATE RECORD PERIOD 9999 TO 9999

WEATHER         OBSERVED          NORMAL  DEPART  LAST YEAR`S
                 VALUE   DATE(S)  VALUE   FROM    VALUE  DATE(S)
                                          NORMAL
................................................................
TEMPERATURE (F)
HIGHEST            64   01/26                         55  01/25
LOWEST            -14R  01/09                        -14  01/05
AVG. MAXIMUM     39.0              37.2     1.8     36.4
AVG. MINIMUM     16.1              14.5     1.6     16.3
MEAN             27.5              25.9     1.6     26.4
DAYS MAX >= 90      0                                  0
DAYS MAX <= 32      9                                  9
DAYS MIN <= 32     28                                 30
DAYS MIN <= 0       5                                  4

PRECIPITATION (INCHES)
TOTALS           0.28              0.39   -0.11     0.39
DAILY AVG.       0.01              0.01    0.00     0.01
DAYS >= .01         8                                 10
DAYS >= .10         0                                  0
DAYS >= .50         0                                  0
DAYS >= 1.00        0                                  0
GREATEST
 24 HR. TOTAL    0.06   01/20 TO 01/20              0.17
                        01/02 TO 01/03
                        01/03 TO 01/03

DEGREE_DAYS
HEATING TOTAL    1152              1214     -62     1191
 SINCE 7/1       4078              4355    -277     4303
COOLING TOTAL       0                 0       0        0
 SINCE 1/1          0                 0       0        0
.................................................................

WIND (MPH)
AVERAGE WIND SPEED              11.8
HIGHEST WIND SPEED/DIRECTION    40/330    DATE  01/24
HIGHEST GUST SPEED/DIRECTION    50/340    DATE  01/24

AVERAGE RH (PERCENT)     67

WEATHER CONDITIONS. NUMBER OF DAYS WITH
THUNDERSTORM              0     MIXED PRECIP               1
HEAVY RAIN                0     RAIN                       0
LIGHT RAIN                4     FREEZING RAIN              0
LT FREEZING RAIN          0     HAIL                       0
HEAVY SNOW                2     SNOW                       3
LIGHT SNOW               13     SLEET                      0
FOG                      11     FOG W/VIS <= 1/4 MILE      2
HAZE                      9

-  INDICATES NEGATIVE NUMBERS.
R  INDICATES RECORD WAS SET OR TIED.
MM INDICATES DATA IS MISSING.
T  INDICATES TRACE AMOUNT.

$$
