000
CXUS53 KDDC 011333
CLMGCK


CLIMATE REPORT
NATIONAL WEATHER SERVICE DODGE CITY KS
832 AM CDT WED JUL 1 2015

...................................

...THE GARDEN CITY REGIONAL ARPT KS CLIMATE SUMMARY FOR THE MONTH OF JUNE 2015...

CLIMATE NORMAL PERIOD 1981 TO 2010
CLIMATE RECORD PERIOD 1948 TO 2015

WEATHER         OBSERVED          NORMAL  DEPART  LAST YEAR`S
                 VALUE   DATE(S)  VALUE   FROM    VALUE  DATE(S)
                                          NORMAL
................................................................
TEMPERATURE (F)
RECORD
 HIGH             110   06/08/1985
                        06/24/1953
 LOW               40   06/08/2007
                        06/06/1998
                        06/02/1969
HIGHEST            98   06/21        MM      MM       99  06/03
                        06/20
LOWEST             55   06/01        MM      MM       49  06/10
AVG. MAXIMUM     89.4              86.0     3.4     86.4
AVG. MINIMUM     63.4              59.7     3.7     60.6
MEAN             76.4              72.8     3.6     73.5
DAYS MAX >= 90     15              10.8     4.2       12
DAYS MAX <= 32      0               0.0     0.0        0
DAYS MIN <= 32      0               0.0     0.0        0
DAYS MIN <= 0       0               0.0     0.0        0

PRECIPITATION (INCHES)
RECORD
 MAXIMUM           MM   MM
 MINIMUM           MM   MM
TOTALS           2.55              3.48   -0.93    10.88
DAYS >= .01         5               9.5    -4.5       11
DAYS >= .10         3               6.2    -3.2       11
DAYS >= .50         2               2.3    -0.3        5
DAYS >= 1.00        1               1.1    -0.1        3
GREATEST
 24 HR. TOTAL    1.52   06/12 TO 06/12           06/27 TO 06/28
                        06/11 TO 06/12                    06/28 TO 06/28
                        06/12 TO 06/12                    06/28 TO 06/28

DEGREE_DAYS
HEATING TOTAL       0                16     -16       11
 SINCE 7/1       4961              5207    -246     5398
COOLING TOTAL     346               252      94      274
 SINCE 1/1        376               341      35      417
.........................................................

WIND (MPH)
AVERAGE WIND SPEED              11.2
HIGHEST WIND SPEED/DIRECTION    33/200    DATE  06/24
HIGHEST GUST SPEED/DIRECTION    41/220    DATE  06/24


WEATHER CONDITIONS. NUMBER OF DAYS WITH
THUNDERSTORM              0     MIXED PRECIP               0
HEAVY RAIN                5     RAIN                       4
LIGHT RAIN                5     FREEZING RAIN              0
LT FREEZING RAIN          0     HAIL                       0
HEAVY SNOW                0     SNOW                       0
LIGHT SNOW                0     SLEET                      0
FOG                       8     FOG W/VIS <= 1/4 MILE      1
HAZE                      4

-  INDICATES NEGATIVE NUMBERS.
R  INDICATES RECORD WAS SET OR TIED.
MM INDICATES DATA IS MISSING.
T  INDICATES TRACE AMOUNT.

$$
