000
CXUS53 KIND 011516
CLMGEZ


CLIMATE REPORT
NATIONAL WEATHER SERVICE INDIANAPOLIS IN
1113 AM EDT THU SEP 1 2016

...................................

...THE SHELBYVILLE IN CLIMATE SUMMARY FOR THE MONTH OF AUGUST 2016...

CLIMATE NORMAL PERIOD 1981 TO 2010
CLIMATE RECORD PERIOD 9999 TO 9999

WEATHER         OBSERVED          NORMAL  DEPART  LAST YEAR`S
                 VALUE   DATE(S)  VALUE   FROM    VALUE  DATE(S)
                                          NORMAL
................................................................
TEMPERATURE (F)
HIGHEST            92   08/29                         89  08/03
                        08/28
LOWEST             55   08/22                         52  08/25
                                                          08/21
AVG. MAXIMUM     86.3              83.2     3.1     82.8
AVG. MINIMUM     68.3              61.5     6.8     61.4
MEAN             77.3              72.4     4.9     72.1
DAYS MAX >= 90     11               3.4     7.6        0
DAYS MAX <= 32      0               0.0     0.0        0
DAYS MIN <= 32      0               0.0     0.0        0
DAYS MIN <= 0       0               0.0     0.0        0

PRECIPITATION (INCHES)
TOTALS           7.21              3.39    3.82     1.17
DAILY AVG.       0.23              0.11    0.12     0.04
DAYS >= .01        15                MM      MM        7
DAYS >= .10        11                MM      MM        3
DAYS >= .50         6                MM      MM        1
DAYS >= 1.00        2                MM      MM        0
GREATEST
 24 HR. TOTAL    2.02   08/13 TO 08/14

DEGREE_DAYS
HEATING TOTAL       0                 5      -5        2
 SINCE 7/1          2                 6      -4        2
COOLING TOTAL     389               233     156      228
 SINCE 1/1       1179               806     373     1018
.................................................................

WIND (MPH)
AVERAGE WIND SPEED              4.9
HIGHEST WIND SPEED/DIRECTION    29/220    DATE  08/16
HIGHEST GUST SPEED/DIRECTION    37/220    DATE  08/15

SKY COVER
POSSIBLE SUNSHINE (PERCENT)   MM
AVERAGE SKY COVER           0.40
NUMBER OF DAYS FAIR           16
NUMBER OF DAYS PC             12
NUMBER OF DAYS CLOUDY          3

AVERAGE RH (PERCENT)     75

WEATHER CONDITIONS. NUMBER OF DAYS WITH
THUNDERSTORM             11     MIXED PRECIP               0
HEAVY RAIN               11     RAIN                      10
LIGHT RAIN               16     FREEZING RAIN              0
LT FREEZING RAIN          0     HAIL                       0
HEAVY SNOW                0     SNOW                       0
LIGHT SNOW                0     SLEET                      0
FOG                      22     FOG W/VIS <= 1/4 MILE      5
HAZE                      8

-  INDICATES NEGATIVE NUMBERS.
R  INDICATES RECORD WAS SET OR TIED.
MM INDICATES DATA IS MISSING.
T  INDICATES TRACE AMOUNT.

$$
