000
CXUS53 KIND 011742
CLMGEZ


CLIMATE REPORT
NATIONAL WEATHER SERVICE INDIANAPOLIS IN
1236 PM EST SUN FEB 1 2015

...................................

...THE SHELBYVILLE IN CLIMATE SUMMARY FOR THE MONTH OF JANUARY 2015...

CLIMATE NORMAL PERIOD 1981 TO 2010
CLIMATE RECORD PERIOD 9999 TO 9999

WEATHER         OBSERVED          NORMAL  DEPART  LAST YEAR`S
                 VALUE   DATE(S)  VALUE   FROM    VALUE  DATE(S)
                                          NORMAL
................................................................
TEMPERATURE (F)
HIGHEST            54   01/03                         51  01/13
LOWEST             -4   01/08                        -11  01/03
AVG. MAXIMUM     36.5              36.3     0.2     31.9
AVG. MINIMUM     20.0              21.1    -1.1     11.7
MEAN             28.2              28.7    -0.5     21.8
DAYS MAX >= 90      0               0.0     0.0        0
DAYS MAX <= 32     10              10.8    -0.8       13
DAYS MIN <= 32     29              25.3     3.7       27
DAYS MIN <= 0       3               1.7     1.3        8

PRECIPITATION (INCHES)
TOTALS           1.92              2.39   -0.47     2.03
DAILY AVG.       0.06              0.08   -0.02     0.07
DAYS >= .01        10                MM      MM       11
DAYS >= .10         5                MM      MM        4
DAYS >= .50         1                MM      MM        1
DAYS >= 1.00        1                MM      MM        1
GREATEST
 24 HR. TOTAL    1.02   01/03 TO 01/04

DEGREE_DAYS
HEATING TOTAL    1131              1125       6     1287
 SINCE 7/1       3212              3229     -17     3366
COOLING TOTAL       0                 0       0        0
 SINCE 1/1          0                 0       0        0
.................................................................

WIND (MPH)
AVERAGE WIND SPEED              9.6
HIGHEST WIND SPEED/DIRECTION    30/270    DATE  01/29
HIGHEST GUST SPEED/DIRECTION    37/180    DATE  01/08

SKY COVER
POSSIBLE SUNSHINE (PERCENT)   MM
AVERAGE SKY COVER           0.50
NUMBER OF DAYS FAIR           11
NUMBER OF DAYS PC             12
NUMBER OF DAYS CLOUDY          8

AVERAGE RH (PERCENT)     70

WEATHER CONDITIONS. NUMBER OF DAYS WITH
THUNDERSTORM              0     MIXED PRECIP               0
HEAVY RAIN                1     RAIN                       1
LIGHT RAIN                7     FREEZING RAIN              1
LT FREEZING RAIN          2     HAIL                       0
HEAVY SNOW                0     SNOW                       0
LIGHT SNOW               15     SLEET                      0
FOG                      18     FOG W/VIS <= 1/4 MILE      1
HAZE                     14

-  INDICATES NEGATIVE NUMBERS.
R  INDICATES RECORD WAS SET OR TIED.
MM INDICATES DATA IS MISSING.
T  INDICATES TRACE AMOUNT.

$$
