000
CXUS53 KIND 011513
CLMGEZ


CLIMATE REPORT
NATIONAL WEATHER SERVICE INDIANAPOLIS IN
1111 AM EDT SAT APR 1 2017

...................................

...THE SHELBYVILLE IN CLIMATE SUMMARY FOR THE MONTH OF MARCH 2017...

CLIMATE NORMAL PERIOD 1981 TO 2010
CLIMATE RECORD PERIOD 9999 TO 9999

WEATHER         OBSERVED          NORMAL  DEPART  LAST YEAR`S
                 VALUE   DATE(S)  VALUE   FROM    VALUE  DATE(S)
                                          NORMAL
................................................................
TEMPERATURE (F)
HIGHEST            78   03/25                         78  03/27
                        03/24
LOWEST             19   03/15                         22  03/02
AVG. MAXIMUM     53.7              51.7     2.0     59.9
AVG. MINIMUM     35.7              31.9     3.8     40.8
MEAN             44.7              41.8     2.9     50.4
DAYS MAX >= 90      0               0.0     0.0        0
DAYS MAX <= 32      1               1.3    -0.3        0
DAYS MIN <= 32     15              16.6    -1.6        7
DAYS MIN <= 0       0               0.0     0.0        0

PRECIPITATION (INCHES)
TOTALS           3.68              3.43    0.25     4.75
DAILY AVG.       0.12              0.11    0.01     0.15
DAYS >= .01        15                MM      MM       13
DAYS >= .10         8                MM      MM       10
DAYS >= .50         3                MM      MM        5
DAYS >= 1.00        0                MM      MM        0
GREATEST
 24 HR. TOTAL    0.74   03/01 TO 03/01

DEGREE_DAYS
HEATING TOTAL     624               720     -96      447
 SINCE 7/1       3807              4883   -1076     3616
COOLING TOTAL       4                 1       3        0
 SINCE 1/1          4                 1       3        0
.................................................................

WIND (MPH)
AVERAGE WIND SPEED              11.2
HIGHEST WIND SPEED/DIRECTION    38/160    DATE  03/20
HIGHEST GUST SPEED/DIRECTION    47/280    DATE  03/01

SKY COVER
POSSIBLE SUNSHINE (PERCENT)   MM
AVERAGE SKY COVER           0.50
NUMBER OF DAYS FAIR           10
NUMBER OF DAYS PC             13
NUMBER OF DAYS CLOUDY          8

AVERAGE RH (PERCENT)     62

WEATHER CONDITIONS. NUMBER OF DAYS WITH
THUNDERSTORM              5     MIXED PRECIP               0
HEAVY RAIN                5     RAIN                       7
LIGHT RAIN               15     FREEZING RAIN              0
LT FREEZING RAIN          0     HAIL                       0
HEAVY SNOW                0     SNOW                       0
LIGHT SNOW                4     SLEET                      0
FOG                      13     FOG W/VIS <= 1/4 MILE      2
HAZE                      7

-  INDICATES NEGATIVE NUMBERS.
R  INDICATES RECORD WAS SET OR TIED.
MM INDICATES DATA IS MISSING.
T  INDICATES TRACE AMOUNT.

$$
