000
CXUS53 KIND 011515
CLMGEZ


CLIMATE REPORT
NATIONAL WEATHER SERVICE INDIANAPOLIS IN
1115 AM EDT FRI APR 1 2016

...................................

...THE SHELBYVILLE IN CLIMATE SUMMARY FOR THE MONTH OF MARCH 2016...

CLIMATE NORMAL PERIOD 1981 TO 2010
CLIMATE RECORD PERIOD 9999 TO 9999

WEATHER         OBSERVED          NORMAL  DEPART  LAST YEAR`S
                 VALUE   DATE(S)  VALUE   FROM    VALUE  DATE(S)
                                          NORMAL
................................................................
TEMPERATURE (F)
HIGHEST            78   03/27                         75  03/16
LOWEST             22   03/02                         -2  03/06
AVG. MAXIMUM     59.9              51.7     8.2     49.6
AVG. MINIMUM     40.8              31.9     8.9     30.1
MEAN             50.4              41.8     8.6     39.9
DAYS MAX >= 90      0               0.0     0.0        0
DAYS MAX <= 32      0               1.3    -1.3        3
DAYS MIN <= 32      7              16.6    -9.6       16
DAYS MIN <= 0       0               0.0     0.0        1

PRECIPITATION (INCHES)
TOTALS           4.75              3.43    1.32     3.86
DAILY AVG.       0.15              0.11    0.04     0.12
DAYS >= .01        13                MM      MM       12
DAYS >= .10        10                MM      MM        8
DAYS >= .50         5                MM      MM        2
DAYS >= 1.00        0                MM      MM        0
GREATEST
 24 HR. TOTAL    1.07   03/09 TO 03/10

DEGREE_DAYS
HEATING TOTAL     447               720    -273      770
 SINCE 7/1       3616              4883   -1267     5211
COOLING TOTAL       0                 1      -1        0
 SINCE 1/1          0                 1      -1        0
.................................................................

WIND (MPH)
AVERAGE WIND SPEED              10.4
HIGHEST WIND SPEED/DIRECTION    35/270    DATE  03/01
HIGHEST GUST SPEED/DIRECTION    44/300    DATE  03/27

SKY COVER
POSSIBLE SUNSHINE (PERCENT)   MM
AVERAGE SKY COVER           0.50
NUMBER OF DAYS FAIR           14
NUMBER OF DAYS PC              8
NUMBER OF DAYS CLOUDY          9

AVERAGE RH (PERCENT)     65

WEATHER CONDITIONS. NUMBER OF DAYS WITH
THUNDERSTORM              0     MIXED PRECIP               0
HEAVY RAIN                6     RAIN                       9
LIGHT RAIN               14     FREEZING RAIN              0
LT FREEZING RAIN          0     HAIL                       0
HEAVY SNOW                0     SNOW                       0
LIGHT SNOW                1     SLEET                      0
FOG                      17     FOG W/VIS <= 1/4 MILE      2
HAZE                      6

-  INDICATES NEGATIVE NUMBERS.
R  INDICATES RECORD WAS SET OR TIED.
MM INDICATES DATA IS MISSING.
T  INDICATES TRACE AMOUNT.

$$
