000
CXUS52 KJAX 011811
CLMGNV

MIACLMGNV
TTAA00 KJAX 011809


CLIMATE REPORT
NATIONAL WEATHER SERVICE JACKSONVILLE FL
109 PM EST THU FEB 1 2018

...................................

...THE GAINESVILLE CLIMATE SUMMARY FOR THE MONTH OF JANUARY 2018...

CLIMATE NORMAL PERIOD 1981 TO 2010
CLIMATE RECORD PERIOD 1890 TO 2018

WEATHER         OBSERVED          NORMAL  DEPART  LAST YEAR`S
                 VALUE   DATE(S)  VALUE   FROM    VALUE  DATE(S)
                                          NORMAL
................................................................
TEMPERATURE (F)
RECORD
 HIGH              89   01/27/1943
                        01/30/1902
 LOW               10   01/21/1985
HIGHEST            78   01/22        66      12       85  01/02
LOWEST             21   01/18        42     -21       25  01/09
                                                          01/08
AVG. MAXIMUM     62.7              66.2    -3.5     73.8
AVG. MINIMUM     37.5              42.3    -4.8     47.4
MEAN             50.1              54.3    -4.2     60.6
DAYS MAX >= 90      0               0.0     0.0        0
DAYS MAX <= 32      0               0.0     0.0        0
DAYS MIN <= 32     15               5.6     9.4        2
DAYS MIN <= 0       0               0.0     0.0        0

PRECIPITATION (INCHES)
RECORD
 MAXIMUM        11.79   1904
 MINIMUM         0.11   1950
TOTALS           4.32              3.31    1.01     1.45
DAILY AVG.       0.14              0.11    0.03     0.05
DAYS >= .01         9               8.9     0.1        7
DAYS >= .10         6               5.7     0.3        4
DAYS >= .50         4               2.2     1.8        1
DAYS >= 1.00        3               1.1     1.9        0
GREATEST
 24 HR. TOTAL    1.16

SNOWFALL (INCHES)
RECORDS
 TOTAL              T   1996
TOTALS            0.0               0.0     0.0      0.0
SINCE 7/1         0.0               0.0     0.0      0.0
SNOWDEPTH AVG.      0                MM      MM        0
DAYS >= 1.0         0               0.0     0.0        0
GREATEST
 SNOW DEPTH         0   MM                             0  MM
 24 HR TOTAL      0.0

DEGREE_DAYS
HEATING TOTAL     459               345     114      175
 SINCE 7/1        845               802      43      419
COOLING TOTAL       8                12      -4       46
 SINCE 1/1          8                 0       8       46
.................................................................

WIND (MPH)
AVERAGE WIND SPEED              6.6
HIGHEST WIND SPEED/DIRECTION    22/030    DATE  01/02
HIGHEST GUST SPEED/DIRECTION    30/230    DATE  01/12

SKY COVER
POSSIBLE SUNSHINE (PERCENT)   MM
AVERAGE SKY COVER           0.30
NUMBER OF DAYS FAIR           19
NUMBER OF DAYS PC              5
NUMBER OF DAYS CLOUDY          7

AVERAGE RH (PERCENT)     71

WEATHER CONDITIONS. NUMBER OF DAYS WITH
  0
  8
  0
  0
  0
  0
  3
HAZE                      2

-  INDICATES NEGATIVE NUMBERS.
R  INDICATES RECORD WAS SET OR TIED.
MM INDICATES DATA IS MISSING.
T  INDICATES TRACE AMOUNT.

$$
