000
CXUS53 KGRB 010821
CLMGRB


CLIMATE REPORT
NATIONAL WEATHER SERVICE GREEN BAY
216 AM CST WED MAR 1 2017

...................................

...THE GREEN BAY WI CLIMATE SUMMARY FOR THE MONTH OF FEBRUARY 2017...

CLIMATE NORMAL PERIOD 1981 TO 2010
CLIMATE RECORD PERIOD 1886 TO 2017

WEATHER         OBSERVED          NORMAL  DEPART  LAST YEAR`S
                 VALUE   DATE(S)  VALUE   FROM    VALUE  DATE(S)
                                          NORMAL
................................................................
TEMPERATURE (F)
RECORD
 HIGH              65   02/22/2017
 LOW              -33   02/10/1899
HIGHEST            65R  02/22        43      22       50  02/27
LOWEST             -4   02/03       -12       8      -13  02/14
AVG. MAXIMUM     37.7              28.2     9.5     31.0
AVG. MINIMUM     21.6              12.4     9.2     16.3
MEAN             29.7              20.3     9.4     23.6
DAYS MAX >= 90      0               0.0     0.0        0
DAYS MAX <= 32     10              17.6    -7.6       13
DAYS MIN <= 32     22              26.8    -4.8       27
DAYS MIN <= 0       1               5.2    -4.2        5

PRECIPITATION (INCHES)
RECORD
 MAXIMUM         4.54   1922
 MINIMUM         0.04   1969
TOTALS           0.82              1.11   -0.29     1.15
DAILY AVG.       0.03              0.04   -0.01     0.04
DAYS >= .01         7               8.4    -1.4        9
DAYS >= .10         3               3.0     0.0        4
DAYS >= .50         0               0.4    -0.4        1
DAYS >= 1.00        0               0.1    -0.1        0
GREATEST
 24 HR. TOTAL    0.40   02/24 TO 02/24

SNOWFALL (INCHES)
RECORDS
 TOTAL           30.2   1890
TOTALS            5.6               9.9    -4.3     12.2
SINCE 7/1        44.2              40.2     4.0     33.8
SNOWDEPTH AVG.      2                 6      -4        7
DAYS >= 1.0         2               3.1    -1.1        3
GREATEST
 SNOW DEPTH         5   02/01                         12  02/04
                                                          02/03
 24 HR TOTAL      3.9   MM

DEGREE_DAYS
HEATING TOTAL     980              1251    -271     1191
 SINCE 7/1       4573              5840   -1267     4811
COOLING TOTAL       0                 0       0        0
 SINCE 1/1          0                 0       0        0
.................................................................

WIND (MPH)
AVERAGE WIND SPEED              9.9
HIGHEST WIND SPEED/DIRECTION    38/040    DATE  02/24
HIGHEST GUST SPEED/DIRECTION    46/040    DATE  02/24

SKY COVER
POSSIBLE SUNSHINE (PERCENT)   MM
AVERAGE SKY COVER           0.40
NUMBER OF DAYS FAIR           12
NUMBER OF DAYS PC             13
NUMBER OF DAYS CLOUDY          3

AVERAGE RH (PERCENT)     74

WEATHER CONDITIONS. NUMBER OF DAYS WITH
THUNDERSTORM              0     MIXED PRECIP               0
HEAVY RAIN                0     RAIN                       1
LIGHT RAIN                7     FREEZING RAIN              0
LT FREEZING RAIN          3     HAIL                       0
HEAVY SNOW                1     SNOW                       1
LIGHT SNOW               13     SLEET                      1
FOG                      13     FOG W/VIS <= 1/4 MILE      2
HAZE                      1

-  INDICATES NEGATIVE NUMBERS.
R  INDICATES RECORD WAS SET OR TIED.
MM INDICATES DATA IS MISSING.
T  INDICATES TRACE AMOUNT.

$$
