000
CXUS53 KGID 012010 CCA
CLMGRI

CLIMATE REPORT...CORRECTION
NATIONAL WEATHER SERVICE HASTINGS NE
1035 AM CDT SAT OCT 1 2016
CORRECTED NUMBER OF THUNDERSTORM DAYS

...................................

...THE GRAND ISLAND NE CLIMATE SUMMARY FOR THE MONTH OF SEPTEMBER 2016...

CLIMATE NORMAL PERIOD 1981 TO 2010
CLIMATE RECORD PERIOD 1895 TO 2016

WEATHER         OBSERVED          NORMAL  DEPART  LAST YEAR`S
                 VALUE   DATE(S)  VALUE   FROM    VALUE  DATE(S)
                                          NORMAL
................................................................
TEMPERATURE (F)
RECORD
 HIGH             109   09/06/1931
 LOW               20   09/30/1920
HIGHEST            93   09/20        95      -2       96  09/03
                                                          09/02
LOWEST             38   09/29        35       3       47  09/30
AVG. MAXIMUM     78.8              78.0     0.8     82.2
AVG. MINIMUM     55.0              52.3     2.7     59.1
MEAN             66.9              65.1     1.8     70.6
DAYS MAX >= 90      2               3.7    -1.7        7
DAYS MAX <= 32      0               0.0     0.0        0
DAYS MIN <= 32      0               0.4    -0.4        0
DAYS MIN <= 0       0               0.0     0.0        0

PRECIPITATION (INCHES)
RECORD
 MAXIMUM         9.00   1965
 MINIMUM         0.01   1998
TOTALS           2.53              2.23    0.30     3.33
DAILY AVG.       0.08              0.07    0.01     0.11
DAYS >= .01         7               7.0     0.0       11
DAYS >= .10         4               4.3    -0.3        6
DAYS >= .50         2               1.4     0.6        2
DAYS >= 1.00        1               0.5     0.5        1
GREATEST
 24 HR. TOTAL    1.18   09/08 TO 09/09
                        09/09 TO 09/09
                        09/09 TO 09/10

SNOWFALL (INCHES)
RECORDS
 TOTAL            3.8   1985
TOTALS            0.0               0.1    -0.1      0.0
SINCE 7/1         0.0               0.1    -0.1      0.0
SNOWDEPTH AVG.      0                MM      MM        0
DAYS >= 1.0         0               0.0     0.0        0
GREATEST
 SNOW DEPTH         0   MM                             0  MM

DEGREE_DAYS
HEATING TOTAL      65               105     -40       24
 SINCE 7/1         72               115     -43       37
COOLING TOTAL     127               109      18      201
 SINCE 1/1       1141              1023     118     1023
.................................................................

WIND (MPH)
AVERAGE WIND SPEED              10.2
HIGHEST WIND SPEED/DIRECTION    36/280    DATE  09/15
HIGHEST GUST SPEED/DIRECTION    44/280    DATE  09/15

SKY COVER
POSSIBLE SUNSHINE (PERCENT)   MM
NUMBER OF DAYS FAIR           21
NUMBER OF DAYS PC              7
NUMBER OF DAYS CLOUDY          2

AVERAGE RH (PERCENT)     70

WEATHER CONDITIONS. NUMBER OF DAYS WITH
THUNDERSTORM              4     MIXED PRECIP               0
HEAVY RAIN                2     RAIN                       4
LIGHT RAIN                9     FREEZING RAIN              0
LT FREEZING RAIN          0     HAIL                       0
HEAVY SNOW                0     SNOW                       0
LIGHT SNOW                0     SLEET                      0
FOG                      12     FOG W/VIS <= 1/4 MILE      3
HAZE                      3

-  INDICATES NEGATIVE NUMBERS.
R  INDICATES RECORD WAS SET OR TIED.
MM INDICATES DATA IS MISSING.
T  INDICATES TRACE AMOUNT.

$$
DOXEY
