000
CXUS53 KGID 012234 CCA
CLMGRI

CLIMATE REPORT...CORRECTION
NATIONAL WEATHER SERVICE HASTINGS NE
1048 AM CST SUN JAN 1 2017
CORRECTED NUMBER OF THUNDERSTORM DAYS

...................................

...THE GRAND ISLAND NE CLIMATE SUMMARY FOR THE MONTH OF DECEMBER 2016...

CLIMATE NORMAL PERIOD 1981 TO 2010
CLIMATE RECORD PERIOD 1895 TO 2016

WEATHER         OBSERVED          NORMAL  DEPART  LAST YEAR`S
                 VALUE   DATE(S)  VALUE   FROM    VALUE  DATE(S)
                                          NORMAL
................................................................
TEMPERATURE (F)
RECORD
 HIGH              80   12/06/1939
 LOW              -26   12/22/1989
HIGHEST            53   12/30        59      -6       66  12/09
                        12/25
LOWEST            -15   12/18        -5     -10        8  12/31
AVG. MAXIMUM     37.3              36.9     0.4     41.0
AVG. MINIMUM     14.5              16.4    -1.9     23.5
MEAN             25.9              26.7    -0.8     32.2
DAYS MAX >= 90      0               0.0     0.0        0
DAYS MAX <= 32     11              10.7     0.3       10
DAYS MIN <= 32     31              30.1     0.9       26
DAYS MIN <= 0       2               2.5    -0.5        0

PRECIPITATION (INCHES)
RECORD
 MAXIMUM         5.00   1913
 MINIMUM         0.04   1929
                        1908
                        1905
TOTALS           0.81              0.63    0.18     1.88
DAILY AVG.       0.03              0.02    0.01     0.06
DAYS >= .01         7               5.0     2.0       11
DAYS >= .10         2               1.8     0.2        4
DAYS >= .50         0               0.3    -0.3        2
DAYS >= 1.00        0               0.0     0.0        0
GREATEST
 24 HR. TOTAL    0.44   12/25 TO 12/25
                        12/24 TO 12/25
                        12/25 TO 12/25

SNOWFALL (INCHES)
RECORDS
 TOTAL           26.5   2009
TOTALS            1.4               5.1    -3.7      2.4
SINCE 7/1         1.8               9.3    -7.5      8.0
SNOWDEPTH AVG.      0                 3      -3        0
DAYS >= 1.0         0               1.5    -1.5        1
GREATEST
 SNOW DEPTH         1   12/18                          2  12/02
                        12/10                             12/01

DEGREE_DAYS
HEATING TOTAL    1201              1189      12     1008
 SINCE 7/1       2121              2519    -398     1974
COOLING TOTAL       0                 0       0        0
 SINCE 1/1       1146              1034     112     1048
.................................................................

WIND (MPH)
AVERAGE WIND SPEED              11.4
HIGHEST WIND SPEED/DIRECTION    56/230    DATE  12/25
HIGHEST GUST SPEED/DIRECTION    75/210    DATE  12/25

SKY COVER
POSSIBLE SUNSHINE (PERCENT)   MM
NUMBER OF DAYS FAIR           21
NUMBER OF DAYS PC              7
NUMBER OF DAYS CLOUDY          3

AVERAGE RH (PERCENT)     67

WEATHER CONDITIONS. NUMBER OF DAYS WITH
THUNDERSTORM              1     MIXED PRECIP               0
HEAVY RAIN                1     RAIN                       1
LIGHT RAIN                3     FREEZING RAIN              1
LT FREEZING RAIN          2     HAIL                       0
HEAVY SNOW                0     SNOW                       0
LIGHT SNOW                4     SLEET                      0
FOG                       8     FOG W/VIS <= 1/4 MILE      1
HAZE                      0

-  INDICATES NEGATIVE NUMBERS.
R  INDICATES RECORD WAS SET OR TIED.
MM INDICATES DATA IS MISSING.
T  INDICATES TRACE AMOUNT.

$$
DOXEY
