000
CXUS52 KRAH 011454
CLMGSO


CLIMATE REPORT
NATIONAL WEATHER SERVICE RALEIGH NC
949 AM EST FRI DEC 1 2017

...................................

...THE PIEDMONT TRIAD INTL AIRPORT CLIMATE SUMMARY FOR THE MONTH OF NOVEMBER 2017...

CLIMATE NORMAL PERIOD 1981 TO 2010
CLIMATE RECORD PERIOD 1903 TO 2017

WEATHER         OBSERVED          NORMAL  DEPART  LAST YEAR`S
                 VALUE   DATE(S)  VALUE   FROM    VALUE
                                          NORMAL
.............................................................
TEMPERATURE (F)
RECORD
 HIGH              85   11/02/1974
 LOW               10   11/25/1970
                        11/30/1929
HIGHEST            81   11/03                         82
LOWEST             27   11/20                         26
AVG. MAXIMUM     60.6              60.8    -0.2     65.9
AVG. MINIMUM     38.0              39.6    -1.6     40.4
MEAN             49.3              50.2    -0.9     53.2
DAYS MAX >= 90      0                                  0
DAYS MAX <= 32      0                                  0
DAYS MIN <= 32      6                                  5
DAYS MIN <= 0       0                                  0

PRECIPITATION (INCHES)
RECORD
 MAXIMUM         8.26   1985
TOTALS           0.95              3.11   -2.16     1.02
DAYS >= .01         8
DAYS >= .10         3
DAYS >= .50         0
DAYS >= 1.00        0
GREATEST
 24 HR. TOTAL    0.52   11/12 TO 11/13

DEGREE_DAYS
HEATING TOTAL     465               447      18      361
 SINCE 7/1        627               680     -53      450
COOLING TOTAL       1                 3      -2       12
 SINCE 1/1       1612              1483     129     1974
..............................................................

WIND (MPH)
AVERAGE WIND SPEED              6.0
HIGHEST WIND SPEED/DIRECTION    30/220    DATE  11/18
HIGHEST GUST SPEED/DIRECTION    40/210    DATE  11/18

SKY COVER
POSSIBLE SUNSHINE (PERCENT)   MM
AVERAGE SKY COVER           0.50
NUMBER OF DAYS FAIR           11
NUMBER OF DAYS PC             10
NUMBER OF DAYS CLOUDY          9

AVERAGE RH (PERCENT)     68

WEATHER CONDITIONS. NUMBER OF DAYS WITH
THUNDERSTORM              0     MIXED PRECIP               0
HEAVY RAIN                0     RAIN                       3
LIGHT RAIN               12     FREEZING RAIN              0
LT FREEZING RAIN          0     HAIL                       0
HEAVY SNOW                0     SNOW                       0
LIGHT SNOW                0     SLEET                      0
FOG                      12     FOG W/VIS <= 1/4 MILE      4
HAZE                      0

-  INDICATES NEGATIVE NUMBERS.
R  INDICATES RECORD WAS SET OR TIED.
MM INDICATES DATA IS MISSING.
T  INDICATES TRACE AMOUNT.

$$
