000
CXUS52 KGSP 011441
CLMGSP

CLIMATE REPORT
NATIONAL WEATHER SERVICE GREENVILLE-SPARTANBURG SC
1041 AM EDT THU JUN 1 2017

...................................

...THE GREENVILLE-SPARTANBURG CLIMATE SUMMARY FOR THE MONTH OF MAY 2017...

CLIMATE NORMAL PERIOD 1981 TO 2010
CLIMATE RECORD PERIOD 1884 TO 2017

WEATHER         OBSERVED          NORMAL  DEPART  LAST YEAR`S
                 VALUE   DATE(S)  VALUE   FROM    VALUE  DATE(S)
                                          NORMAL
................................................................
TEMPERATURE (F)
RECORD
 HIGH             100   05/28/1916
 LOW               27   05/03/1885
HIGHEST            89   05/16        MM      MM       88  05/30
                                                          05/26
                                                          05/12
LOWEST             40   05/07        MM      MM       44  05/15
AVG. MAXIMUM     79.5              80.2    -0.7     79.3
AVG. MINIMUM     58.0              57.2     0.8     58.0
MEAN             68.7              68.7     0.0     68.6
DAYS MAX >= 90      0               1.7    -1.7        0
DAYS MAX <= 32      0               0.0     0.0        0
DAYS MIN <= 32      0               0.0     0.0        0
DAYS MIN <= 0       0               0.0     0.0        0

PRECIPITATION (INCHES)
RECORD
 MAXIMUM        12.81   1910
 MINIMUM         0.15   1936
TOTALS           5.00              3.76    1.24     5.28
DAILY AVG.       0.16              0.12    0.04     0.17
DAYS >= .01        12               9.7     2.3       12
DAYS >= .10         9               6.4     2.6        7
DAYS >= .50         4               2.6     1.4        4
DAYS >= 1.00        1               0.9     0.1        3
GREATEST
 24 HR. TOTAL    2.06   05/21 TO 05/21           05/18 TO 05/19
                        05/20 TO 05/21                    05/31 TO 05/31
                        05/21 TO 05/21                    05/31 TO 05/31
 STORM TOTAL       MM                                 MM
 (MM/DD(HH))            MM                    05/19(00) TO 05/19(00)
                                                 05/31(00) TO 05/31(00)1
                                                 05/31(00) TO 05/31(00)1

SNOWFALL (INCHES)
RECORDS
 TOTAL              T   2008
                        1992
 24 HR TOTAL        T   05/20/2008 TO 05/20/2008
                        05/20/2008 TO 05/07/1992
 SNOW DEPTH        MM   MM
TOTALS            0.0               0.0     0.0      0.0
 LIQUID EQUIV    0.00              0.00    0.00     0.00
SINCE 7/1         3.6               4.7    -1.1      2.6
 LIQUID 7/1      0.36                MM      MM     0.26
SNOWDEPTH AVG.      0                MM      MM        0
DAYS >= TRACE       0               0.0     0.0        0
DAYS >= 1.0         0               0.0     0.0        0
GREATEST
 SNOW DEPTH         0   MM                             0  MM
 24 HR TOTAL      0.0   MM                       05/31 TO 05/31
                                                          05/31 TO 05/31
                                                          05/31 TO 05/31
 STORM TOTAL       MM                                 MM
 (MM/DD(HH))            MM                    05/31(00) TO 05/31(00)
                                                 05/31(00) TO 05/31(00)1
                                                 05/31(00) TO 05/31(00)1

DEGREE_DAYS
HEATING TOTAL      31                38      -7       34
 SINCE 7/1       2186              3044    -858     2498
COOLING TOTAL     154               153       1      154
 SINCE 1/1        265               201      64      239

FREEZE DATES
RECORD
 EARLIEST     MM
 LATEST       MM
EARLIEST                        MM
LATEST                          MM
..................................................

WIND (MPH)
AVERAGE WIND SPEED              6.5
HIGHEST WIND SPEED/DIRECTION    33/240    DATE  05/05
HIGHEST GUST SPEED/DIRECTION    45/230    DATE  05/05

SKY COVER
POSSIBLE SUNSHINE (PERCENT)   MM
AVERAGE SKY COVER           0.30
NUMBER OF DAYS FAIR           18
NUMBER OF DAYS PC              9
NUMBER OF DAYS CLOUDY          4

AVERAGE RH (PERCENT)     69

WEATHER CONDITIONS. NUMBER OF DAYS WITH
THUNDERSTORM              9     MIXED PRECIP               0
HEAVY RAIN                8     RAIN                       9
LIGHT RAIN               11     FREEZING RAIN              0
LT FREEZING RAIN          0     HAIL                       0
HEAVY SNOW                0     SNOW                       0
LIGHT SNOW                0     SLEET                      0
FOG                      14     FOG W/VIS <= 1/4 MILE      0
HAZE                      7

-  INDICATES NEGATIVE NUMBERS.
R  INDICATES RECORD WAS SET OR TIED.
MM INDICATES DATA IS MISSING.
T  INDICATES TRACE AMOUNT.

$$

OUTLAW
