000
CXUS55 KTFX 011737
CLMGTF


CLIMATE REPORT
NATIONAL WEATHER SERVICE GREAT FALLS MT
1031 AM MST MON FEB 1 2016

...................................

...THE GREAT FALLS MT CLIMATE SUMMARY FOR THE MONTH OF JANUARY 2016...

CLIMATE NORMAL PERIOD 1981 TO 2010
CLIMATE RECORD PERIOD 1886 TO 2016

WEATHER         OBSERVED          NORMAL  DEPART  LAST YEAR`S
                 VALUE   DATE(S)  VALUE   FROM    VALUE
                                          NORMAL
.............................................................
TEMPERATURE (F)
RECORD
 HIGH              67   01/26/2015
                        01/31/1992
                        01/31/1892
 LOW              -44   01/10/1909
HIGHEST            58   01/28        33      25       67
LOWEST             -7   01/09        11     -18      -18
AVG. MAXIMUM     35.3              35.5    -0.2     37.0
AVG. MINIMUM     19.3              14.9     4.4     16.7
MEAN             27.3              25.2     2.1     26.9
DAYS MAX >= 90      0               0.0     0.0
DAYS MAX <= 32     13               9.6     3.4
DAYS MIN <= 32     27              26.7     0.3
DAYS MIN <= 0       2               6.4    -4.4

PRECIPITATION (INCHES)
RECORD
 MAXIMUM         2.05   1969
 MINIMUM            T   1944
TOTALS           0.62              0.51    0.11     1.01
DAYS >= .01         7               6.8     0.2
DAYS >= .10         2               1.7     0.3
DAYS >= .50         0               0.1    -0.1
DAYS >= 1.00        0               0.0     0.0
GREATEST
 24 HR. TOTAL    0.22   01/14 TO 01/14

SNOWFALL (INCHES)
RECORDS
 TOTAL           24.0   1913
 24 HR TOTAL      9.6   01/21/1943 TO 01/21/1943
TOTALS            6.4               8.6    -2.2     16.9
SINCE 7/1        37.8              31.8     6.0     50.5
SNOWDEPTH AVG.      2
DAYS >= TRACE      11               7.2     3.8
DAYS >= 1.0         3               3.0     0.0
GREATEST
 SNOW DEPTH         5   01/11
                        01/10
                        01/09
 24 HR TOTAL      2.0   01/07 TO 01/07

DEGREE_DAYS
HEATING TOTAL    1160              1234     -74     1175
 SINCE 7/1       4164              4451    -287     4192
COOLING TOTAL       0                 0       0        0
 SINCE 1/1          0                 0       0        0
..............................................................

WIND (MPH)
AVERAGE WIND SPEED              12.2
HIGHEST WIND SPEED/DIRECTION    38/220    DATE  01/28
HIGHEST GUST SPEED/DIRECTION    47/220    DATE  01/26

SKY COVER
AVERAGE SKY COVER           0.30

AVERAGE RH (PERCENT)     71

WEATHER CONDITIONS. NUMBER OF DAYS WITH
THUNDERSTORM              0     MIXED PRECIP               0
HEAVY RAIN                0     RAIN                       1
LIGHT RAIN                3     FREEZING RAIN              0
LT FREEZING RAIN          0     HAIL                       0
HEAVY SNOW                0     SNOW                       0
LIGHT SNOW               11     SLEET                      0
FOG                      12     FOG W/VIS <= 1/4 MILE      3
HAZE                      4

-  INDICATES NEGATIVE NUMBERS.
R  INDICATES RECORD WAS SET OR TIED.
MM INDICATES DATA IS MISSING.
T  INDICATES TRACE AMOUNT.

&&

SUMMARY...JANUARY STARTED OUT COLDER THAN NORMAL ACROSS NORTH-CENTRAL
MONTANA...BUT GRADUALLY TRANSITIONED TO AN ABOVE NORMAL WEATHER
PATTERN TOWARDS THE MIDDLE OF THE MONTH. THAT WARMER THAN NORMAL
PATTERN REMAINED IN PLACE THROUGH THE END OF THE MONTH.
OVERALL...JANUARY SHOWED MORE VARIABILITY IN TEMPERATURES AT THE GREAT
FALLS AIRPORT WITH TEMPS REACHING AS HIGH AS THE UPPER 50S LATE IN THE
MONTH AND DROPPING AS LOW AS -7 EARLY IN THE MONTH. DESPITE SLIGHTLY
ABOVE NORMAL PRECIP...THE GREAT FALLS AREA ENDED UP 2.2 INCHES BELOW
NORMAL ON SNOWFALL. ONE INTERESTING NOTE REGARDING THE SNOW IS THAT THE
SNOW DIDN`T MELT OFF AS QUICKLY AS NORMAL. OFFICIALLY...THERE WAS A
STREAK OF 40 CONSECUTIVE DAYS WITH AN INCH OR MORE OF SNOW ON THE GROUND.
THE STREAK WHICH STARTED IN DECEMBER...ENDED JAN 22. IT WAS THE 9TH
LONGEST STREAK SINCE RECORDS BEGAN AND THE LONGEST STREAK SINCE 1985.
$$
