000
CXUX51 KGYX 051636
CLMGYX

PWMCLMGYX 000
TTAA00 KGYX 041641


CLIMATE REPORT
NATIONAL WEATHER SERVICE GRAY ME
1136 AM EST MON DEC 5 2016

...................................

...THE GRAY ME CLIMATE SUMMARY FOR THE MONTH OF NOVEMBER 2016...

CLIMATE NORMAL PERIOD 1981 TO 2010
CLIMATE RECORD PERIOD 1995 TO 2016

WEATHER         OBSERVED          NORMAL  DEPART  LAST YEAR`S
                 VALUE   DATE(S)  VALUE   FROM    VALUE
                                          NORMAL
.............................................................
TEMPERATURE (F)
RECORD
 HIGH              73   11/01/2003
 LOW                9   11/30/2013
                        11/25/2000
HIGHEST            63   11/08        64      -1       68
LOWEST             24   11/22        18       6       18
AVG. MAXIMUM     47.7              45.9     1.8     50.2
AVG. MINIMUM     32.6              31.0     1.6     33.1
MEAN             40.2              38.5     1.7     41.7
DAYS MAX >= 90      0               0.0     0.0        0
DAYS MAX <= 32      1               1.8    -0.8        1
DAYS MIN <= 32     17              17.7    -0.7       15
DAYS MIN <= 0       0               0.0     0.0        0

PRECIPITATION (INCHES)
RECORD
 MAXIMUM         7.90   2009
 MINIMUM         1.31   2012
TOTALS           4.32              5.35   -1.03     2.50
DAILY AVG.       0.14              0.18   -0.04     0.08
DAYS >= .01        12              12.0     0.0        9
DAYS >= .10         7               7.6    -0.6        3
DAYS >= .50         4               3.3     0.7        1
DAYS >= 1.00        1               1.6    -0.6        1
GREATEST
 24 HR. TOTAL    1.40   11/15 TO 11/16

SNOWFALL (INCHES)
RECORDS
 TOTAL           23.9   1997
TOTALS            1.3               3.0    -1.7      0.2
SINCE 7/1         1.3               3.1    -1.8      0.2
SNOWDEPTH AVG.      0
DAYS >= TRACE       8               2.1     5.9        2
DAYS >= 1.0         0               0.9    -0.9        0
GREATEST
 SNOW DEPTH         1   11/21                          0
 24 HR TOTAL      1.0   11/20 TO 11/21

DEGREE_DAYS
HEATING TOTAL     737               797     -60      693
 SINCE 7/1       1279              1497    -218     1299
COOLING TOTAL       0                 0       0        0
 SINCE 1/1        607               389     218      468
..............................................................



-  INDICATES NEGATIVE NUMBERS.
R  INDICATES RECORD WAS SET OR TIED.
MM INDICATES DATA IS MISSING.
T  INDICATES TRACE AMOUNT.

&&

NOVEMBER BEGAN WITH A TYPICAL FALL-LIKE WEATHER PATTERN FEATURING A
FEW DAYS OF ABOVE NORMAL WEATHER FOLLOWED BY A COLD FRONT AND COOLER
TEMPERATURES. THIS CONTINUED UNTIL THE MIDDLE OF THE MONTH WHEN WARM
WEATHER BEGAN TO DOMINATE. ABOVE NORMAL TEMPERATURES LASTED FROM THE
13TH THROUGH THE 20TH. A STORM SYSTEM BROUGHT 1.4 INCHES OF RAIN ON
THE 15TH AND 16TH, BUT THE WARMTH CONTINUED. IT WAS NOT UNTIL THE
20TH THAT THINGS BEGAN TO CHANGE. THE FIRST ACCUMULATING SNOW OF THE
SEASON CAME ON THE 20TH INTO THE 21ST WHEN MORE THAN 1 INCH OF SNOW
WAS MEASURED. THIS SIGNALED THE ARRIVAL OF COLDER AIR WHICH LASTED
FOR MUCH OF THE REST OF THE MONTH. ANOTHER STORM SYSTEM BROUGHT 1.4
INCHES OF RAIN ON THE 29TH AND 30TH, HELPING TO PREVENT THE
PERSISTENT DROUGHT FROM INTENSIFYING.

THE AVERAGE TEMPERATURE FOR THE MONTH WAS 40.2 DEGREES WHICH WAS 1.7
DEGREES ABOVE NORMAL. THE WARMEST NOVEMBER ON RECORD WAS IN 2011
WHEN THE AVERAGE TEMPERATURE WAS 43.5 DEGREES. THE COLDEST WAS 34.4
DEGREES IN 1995.

A TOTAL OF 4.32 INCHES OF PRECIPITATION FELL WHICH WAS 1.03 INCHES
BELOW NORMAL. THE DRIEST NOVEMBER WAS IN 2012 WHEN ONLY 1.31 INCHES
WAS MEASURED. THE WETTEST WAS IN 2009 WITH 7.90 INCHES.

SNOWFALL AMOUNTED TO A TOTAL OF 1.3 INCHES WHICH WAS 1.7 INCHES
BELOW NORMAL. MOST OF THIS SNOW FELL ON THE 20TH INTO THE 21ST. THE
SNOWIEST NOVEMBER WAS IN 1997 WHEN 23.9 INCHES FELL. THERE WAS NO
SNOW IN NOVEMBER 2006. THREE ADDITIONAL YEARS ONLY OBSERVED A TRACE
OF SNOW IN NOVEMBER, MOST RECENTLY IN 2004.

$$

KIMBLE
