000
CXUS56 KPQR 011742
CLMHIO


CLIMATE REPORT
NATIONAL WEATHER SERVICE PORTLAND OREGON
1042 AM PDT WED JUL 1 2015

...................................

...THE HILLSBORO OR CLIMATE SUMMARY FOR THE MONTH OF JUNE 2015...

CLIMATE NORMAL PERIOD 1981 TO 2010
CLIMATE RECORD PERIOD 1929 TO 2015

WEATHER         OBSERVED          NORMAL  DEPART  LAST YEAR`S
                 VALUE   DATE(S)  VALUE   FROM    VALUE  DATE(S)
                                          NORMAL
................................................................
TEMPERATURE (F)
HIGHEST            97                                 85  06/30
LOWEST             41                                 40  06/05
AVG. MAXIMUM     82.9              72.7    10.2     73.6
AVG. MINIMUM     52.0              48.3     3.7     48.5
MEAN             67.4              60.5     6.9     61.1
DAYS MAX >= 90     10               1.0     9.0        0
DAYS MAX <= 32      0               0.0     0.0        0
DAYS MIN <= 32      0               0.0     0.0        0
DAYS MIN <= 0       0               0.0     0.0        0

PRECIPITATION (INCHES)
RECORD
 MAXIMUM         4.38   1984
 MINIMUM            T   1940
TOTALS           0.54              1.40   -0.86     0.92
DAYS >= .01         3                MM      MM        9
DAYS >= .10         3                MM      MM        3
DAYS >= .50         0                MM      MM        0
DAYS >= 1.00        0                MM      MM        0
GREATEST
 24 HR. TOTAL    0.24   06/02 TO 06/03
                        06/03 TO 06/03
                        06/03 TO 06/04

DEGREE_DAYS
HEATING TOTAL      46               155    -109      115
 SINCE 7/1       3817              5005   -1188     4993
COOLING TOTAL     127                20     107        5
 SINCE 1/1        140                26     114       12
.................................................................

WIND (MPH)
AVERAGE WIND SPEED              5.4
RESULTANT WIND SPEED/DIRECTION   3/320
HIGHEST WIND SPEED/DIRECTION    22/300    DATE  06/15
HIGHEST GUST SPEED/DIRECTION    27/320    DATE  06/11

SKY COVER
POSSIBLE SUNSHINE (PERCENT)   MM
AVERAGE SKY COVER           0.20

AVERAGE RH (PERCENT)     59

WEATHER CONDITIONS. NUMBER OF DAYS WITH
THUNDERSTORM              0     MIXED PRECIP               0
HEAVY RAIN                0     RAIN                       2
LIGHT RAIN                3     FREEZING RAIN              0
LT FREEZING RAIN          0     HAIL                       0
HEAVY SNOW                0     SNOW                       0
LIGHT SNOW                0     SLEET                      0
FOG                       3     FOG W/VIS <= 1/4 MILE      0
HAZE                      3

-  INDICATES NEGATIVE NUMBERS.
R  INDICATES RECORD WAS SET OR TIED.
MM INDICATES DATA IS MISSING.
T  INDICATES TRACE AMOUNT.

$$
