000
CXUS56 KHNX 011605
CLMHJO


CLIMATE REPORT
NATIONAL WEATHER SERVICE SAN JOAQUIN VALLEY - HANFORD CA
905 AM PDT MON SEP 1 2014

...................................

...THE HANFORD CA AIRPORT CLIMATE SUMMARY FOR THE MONTH OF AUGUST 2014...

CLIMATE NORMAL PERIOD 1981 TO 2010
CLIMATE RECORD PERIOD 1998 TO 2014

WEATHER         OBSERVED          NORMAL  DEPART  LAST YEAR`S
                 VALUE   DATE(S)  VALUE   FROM    VALUE  DATE(S)
                                          NORMAL
................................................................
TEMPERATURE (F)
RECORD
 HIGH             109   08/25/2010
 LOW               50   08/28/2010
HIGHEST           107   08/01        MM      MM      106  08/19
LOWEST             59   08/28        MM      MM       51  08/02
                        08/27
AVG. MAXIMUM     97.4              95.4     2.0     97.0
AVG. MINIMUM     65.0              61.1     3.9     62.5
MEAN             81.2              78.2     3.0     79.8
DAYS MAX >= 90     30              26.6     3.4       31
DAYS MIN <= 32      0               0.0     0.0        0

PRECIPITATION (INCHES)
RECORD
 MAXIMUM         0.05   2007
TOTALS              T              0.02   -0.02     0.00
DAYS >= .01         0                MM      MM        0
DAYS >= .10         0                MM      MM        0
DAYS >= .50         0                MM      MM        0
DAYS >= 1.00        0                MM      MM        0
GREATEST
 24 HR. TOTAL       T   08/04 TO 08/04

SNOWFALL (INCHES)
RECORDS
 TOTAL             MM   MM
TOTALS            0.0                MM

DEGREE_DAYS
HEATING TOTAL       0                 0       0        0
 SINCE 7/1          0                 0       0        0
COOLING TOTAL     510               411      99      466
 SINCE 1/1       1757              1331     426     1723
.................................................................

WIND (MPH)
AVERAGE WIND SPEED              6.2
HIGHEST WIND SPEED/DIRECTION    21/310    DATE  08/05
HIGHEST GUST SPEED/DIRECTION    28/300    DATE  08/05

AVERAGE RH (PERCENT)     44

WEATHER CONDITIONS. NUMBER OF DAYS WITH
THUNDERSTORM              0     RAIN                       1
HAIL                      0     FOG                        1
FOG W/VIS <= 1/4 MILE     0     HAZE                      16

-  INDICATES NEGATIVE NUMBERS.
R  INDICATES RECORD WAS SET OR TIED.
MM INDICATES DATA IS MISSING.
T  INDICATES TRACE AMOUNT.

$$

SANGER/OCHS

WEATHER.GOV/HANFORD
