000
CXUS53 KGLD 031434
CLMHLC

CLIMATE REPORT
NATIONAL WEATHER SERVICE GOODLAND
829 AM MDT MON AUG 3 2015

...................................

...THE HILL CITY CLIMATE SUMMARY FOR THE MONTH OF JULY 2015...

CLIMATE NORMAL PERIOD 1981 TO 2010
CLIMATE RECORD PERIOD 1896 TO 2015

WEATHER         OBSERVED          NORMAL  DEPART  LAST YEAR`S
                 VALUE   DATE(S)  VALUE   FROM    VALUE  DATE(S)
                                          NORMAL
................................................................
TEMPERATURE (F)
RECORD
 HIGH             117   07/24/1936
 LOW               44   07/14/1990
                        07/08/1952
HIGHEST           105   07/24       105       0      106  07/26
                        07/12
                        07/05
LOWEST             51   07/08        54      -3       49  07/15
AVG. MAXIMUM     93.5              92.7     0.8     91.4
AVG. MINIMUM     65.6              65.6     0.0     63.8
MEAN             79.5              79.1     0.4     77.6
DAYS MAX >= 90     20              20.4    -0.4       20
DAYS MAX <= 32      0               0.0     0.0        0
DAYS MIN <= 32      0               0.0     0.0        0
DAYS MIN <= 0       0               0.0     0.0        0

PRECIPITATION (INCHES)
RECORD
 MAXIMUM        12.17   1993
 MINIMUM         0.02   2003
TOTALS           6.46              3.71    2.75     1.80
DAILY AVG.       0.21              0.12    0.09     0.06
DAYS >= .01        11                MM      MM        7
DAYS >= .10         5                MM      MM        3
DAYS >= .50         3                MM      MM        2
DAYS >= 1.00        2                MM      MM        0
GREATEST
 24 HR. TOTAL    3.99   07/19 TO 07/19              1.06


.................................................................



-  INDICATES NEGATIVE NUMBERS.
R  INDICATES RECORD WAS SET OR TIED.
MM INDICATES DATA IS MISSING.
T  INDICATES TRACE AMOUNT.

$$
