000
CXUS53 KGLD 090213
CLMHLC

CLIMATE REPORT
NATIONAL WEATHER SERVICE GOODLAND
809 PM MDT THU JUN 8 2017

...................................

...THE HILL CITY CLIMATE SUMMARY FOR THE MONTH OF MAY 2017...

CLIMATE NORMAL PERIOD 1981 TO 2010
CLIMATE RECORD PERIOD 1896 TO 2017

WEATHER         OBSERVED          NORMAL  DEPART  LAST YEAR`S
                 VALUE   DATE(S)  VALUE   FROM    VALUE  DATE(S)
                                          NORMAL
................................................................
TEMPERATURE (F)
RECORD
 HIGH             113   05/30/1934
 LOW               22   05/08/1915
HIGHEST            94   05/15        94       0       89  05/06
LOWEST             34   05/01        35      -1       37  05/14
                                                          05/02
                                                          05/01
AVG. MAXIMUM     76.6              75.4     1.2     73.9
AVG. MINIMUM     47.5              49.7    -2.2     48.8
MEAN             62.1              62.5    -0.4     61.3
DAYS MAX >= 90      4               2.5     1.5        0
DAYS MAX <= 32      0               0.0     0.0        0
DAYS MIN <= 32      0               0.2    -0.2        0
DAYS MIN <= 0       0               0.0     0.0        0

PRECIPITATION (INCHES)
RECORD
 MAXIMUM        12.90   1995
 MINIMUM         0.01   2012
TOTALS           4.49              3.78    0.71     5.13
DAILY AVG.       0.14              0.12    0.02     0.17
DAYS >= .01        10                MM      MM       12
DAYS >= .10         7                MM      MM        7
DAYS >= .50         4                MM      MM        3
DAYS >= 1.00        1                MM      MM        2
GREATEST
 24 HR. TOTAL    1.57   05/19 TO 05/19              2.28


.................................................................



-  INDICATES NEGATIVE NUMBERS.
R  INDICATES RECORD WAS SET OR TIED.
MM INDICATES DATA IS MISSING.
T  INDICATES TRACE AMOUNT.

$$
