000
CXUS52 KMHX 061845
CLMHSE


CLIMATE REPORT
NATIONAL WEATHER SERVICE NEWPORT/MOREHEAD CITY NC
244 PM EDT SAT JUN 6 2015

...................................

...THE CAPE HATTERAS NC CLIMATE SUMMARY FOR THE MONTH OF MAY 2015...

CLIMATE NORMAL PERIOD 1981 TO 2010
CLIMATE RECORD PERIOD 1874 TO 2015

WEATHER         OBSERVED          NORMAL  DEPART  LAST YEAR`S
                 VALUE   DATE(S)  VALUE   FROM    VALUE  DATE(S)
                                          NORMAL
................................................................
TEMPERATURE (F)
RECORD
 HIGH              91   05/31/2011
                        05/29/1991
                        05/31/1988
 LOW               39   05/02/1971
                        05/07/1968
HIGHEST            85   05/31                         85
LOWEST             41   05/03                         48
AVG. MAXIMUM     75.3              73.7     1.6     77.4
AVG. MINIMUM     60.1              60.5    -0.4     65.0
MEAN             67.7              67.1     0.6     71.2
DAYS MAX >= 90      0               0.0     0.0        0
DAYS MAX <= 32      0               0.0     0.0        0
DAYS MIN <= 32      0               0.0     0.0        0
DAYS MIN <= 0       0               0.0     0.0        0

PRECIPITATION (INCHES)
RECORD
 MAXIMUM        11.70   2003
 MINIMUM           MM   MM
TOTALS           3.21              3.57   -0.36     1.42
DAYS >= .01         9               8.8     0.2        6
DAYS >= .10         6               5.5     0.5        4
DAYS >= .50         2               2.3    -0.3        1
DAYS >= 1.00        1               0.9     0.1        0

DEGREE_DAYS
HEATING TOTAL      56                50       6        9
 SINCE 7/1       2806              2584     222     2534
COOLING TOTAL     148               115      33      209
 SINCE 1/1        167               143      24      236
.................................................................

WIND (MPH)
AVERAGE WIND SPEED              8.9
HIGHEST WIND SPEED/DIRECTION    29/190    DATE  05/11
HIGHEST GUST SPEED/DIRECTION    39/200    DATE  05/11

SKY COVER
POSSIBLE SUNSHINE (PERCENT)   MM
AVERAGE SKY COVER           0.20
NUMBER OF DAYS FAIR           23
NUMBER OF DAYS PC              7
NUMBER OF DAYS CLOUDY          1

AVERAGE RH (PERCENT)     76

WEATHER CONDITIONS. NUMBER OF DAYS WITH
THUNDERSTORM              0     MIXED PRECIP               0
HEAVY RAIN                2     RAIN                       3
LIGHT RAIN               11     FREEZING RAIN              0
LT FREEZING RAIN          0     HAIL                       0
HEAVY SNOW                0     SNOW                       0
LIGHT SNOW                0     SLEET                      0
FOG                       0     FOG W/VIS <= 1/4 MILE      0
HAZE                      0

-  INDICATES NEGATIVE NUMBERS.
R  INDICATES RECORD WAS SET OR TIED.
MM INDICATES DATA IS MISSING.
T  INDICATES TRACE AMOUNT.

$$
