000
CXUS53 KGID 011452
CLMHSI


CLIMATE REPORT
NATIONAL WEATHER SERVICE HASTINGS NE
951 AM CDT TUE SEP 1 2015

...................................

...THE HASTINGS NE CLIMATE SUMMARY FOR THE MONTH OF AUGUST 2015...

CLIMATE NORMAL PERIOD 1981 TO 2010
CLIMATE RECORD PERIOD 1894 TO 2015

WEATHER         OBSERVED          NORMAL  DEPART  LAST YEAR`S
                 VALUE   DATE(S)  VALUE   FROM    VALUE  DATE(S)
                                          NORMAL
................................................................
TEMPERATURE (F)
RECORD
 HIGH             111   08/23/1943
                        08/08/1934
 LOW               40   08/20/1950
                        08/30/1911
HIGHEST            94   08/02       101      -7       92  08/20
                                                          08/05
LOWEST             45   08/24        51      -6       55  08/12
AVG. MAXIMUM     83.6              85.2    -1.6     84.5
AVG. MINIMUM     61.3              63.4    -2.1     63.7
MEAN             72.4              74.3    -1.9     74.1
DAYS MAX >= 90      4               8.0    -4.0        6
DAYS MAX <= 32      0               0.0     0.0        0
DAYS MIN <= 32      0               0.0     0.0        0
DAYS MIN <= 0       0               0.0     0.0        0

PRECIPITATION (INCHES)
RECORD
 MAXIMUM         9.86   1903
 MINIMUM         0.37   1919
TOTALS           2.15              3.30   -1.15     7.79
DAILY AVG.       0.07              0.11   -0.04     0.25
DAYS >= .01         8                MM      MM       14
DAYS >= .10         3                MM      MM       12
DAYS >= .50         3                MM      MM        7
DAYS >= 1.00        0                MM      MM        2
GREATEST
 24 HR. TOTAL    1.40   08/07 TO 08/08

SNOWFALL (INCHES)
RECORDS
 TOTAL            0.0   MM
TOTALS            0.0               0.0     0.0      0.0
SINCE 7/1         0.0               0.0     0.0      0.0
SNOWDEPTH AVG.      0                MM      MM        0
DAYS >= 1.0         0                MM      MM        0
GREATEST
 SNOW DEPTH         0   MM                             0  MM

DEGREE_DAYS
HEATING TOTAL      11                 5       6        0
 SINCE 7/1         15                 6       9        6
COOLING TOTAL     248               293     -45      291
 SINCE 1/1        843               953    -110      920
.................................................................

WIND (MPH)
AVERAGE WIND SPEED              8.2
HIGHEST WIND SPEED/DIRECTION    30/200    DATE  08/04
HIGHEST GUST SPEED/DIRECTION    39/250    DATE  08/07

SKY COVER
POSSIBLE SUNSHINE (PERCENT)   MM
AVERAGE SKY COVER           0.20
NUMBER OF DAYS FAIR           24
NUMBER OF DAYS PC              6
NUMBER OF DAYS CLOUDY          1

AVERAGE RH (PERCENT)     72

WEATHER CONDITIONS. NUMBER OF DAYS WITH
THUNDERSTORM              6     MIXED PRECIP               0
HEAVY RAIN                3     RAIN                       3
LIGHT RAIN               10     FREEZING RAIN              0
LT FREEZING RAIN          0     HAIL                       0
HEAVY SNOW                0     SNOW                       0
LIGHT SNOW                0     SLEET                      0
FOG                      16     FOG W/VIS <= 1/4 MILE      5
HAZE                      8

-  INDICATES NEGATIVE NUMBERS.
R  INDICATES RECORD WAS SET OR TIED.
MM INDICATES DATA IS MISSING.
T  INDICATES TRACE AMOUNT.

$$
