000
CXUS53 KGID 111830 AAA
CLMHSI

CLIMATE REPORT...UPDATED
NATIONAL WEATHER SERVICE HASTINGS NE
130 PM CDT FRI JUL 11 2014

UPDATED TO INCLUDE MONTHLY DETAILS/NARRATIVE AT BOTTOM

...................................

...THE HASTINGS NE CLIMATE SUMMARY FOR THE MONTH OF JUNE 2014...

CLIMATE NORMAL PERIOD 1981 TO 2010
CLIMATE RECORD PERIOD 1894 TO 2014

WEATHER         OBSERVED          NORMAL  DEPART  LAST YEAR`S
                 VALUE   DATE(S)  VALUE   FROM    VALUE  DATE(S)
                                          NORMAL
................................................................
TEMPERATURE (F)
RECORD
 HIGH             110   06/26/1936
 LOW               34   06/04/1951
HIGHEST            95   06/18        98      -3       98  06/14
                                                          06/11
LOWEST             51   06/13        48       3       44  06/02
AVG. MAXIMUM     82.4              82.8    -0.4     83.1
AVG. MINIMUM     61.9              60.8     1.1     60.3
MEAN             72.2              71.8     0.4     71.7
DAYS MAX >= 90      4               6.1    -2.1        6
DAYS MAX <= 32      0               0.0     0.0        0
DAYS MIN <= 32      0               0.0     0.0        0
DAYS MIN <= 0       0               0.0     0.0        0

PRECIPITATION (INCHES)
RECORD
 MAXIMUM        11.71   1915
 MINIMUM         0.38   1911
TOTALS           8.69              3.80    4.89     1.24
DAILY AVG.       0.29              0.13    0.16     0.04
DAYS >= .01        19                MM      MM        9
DAYS >= .10        10                MM      MM        6
DAYS >= .50         6                MM      MM        0
DAYS >= 1.00        4                MM      MM        0
GREATEST
 24 HR. TOTAL    3.31   06/20 TO 06/21

SNOWFALL (INCHES)
RECORDS
 TOTAL            0.0
TOTALS            0.0               0.0     0.0      0.0
SINCE 7/1        21.7              28.8    -7.1     35.7
SNOWDEPTH AVG.      0                 0       0        0
DAYS >= 1.0         0                 0       0        0
GREATEST
 SNOW DEPTH         0                                  0

DEGREE_DAYS
HEATING TOTAL       8                21     -13       27
 SINCE 7/1       6325              6029     296     6326
COOLING TOTAL     231               225       6      236
 SINCE 1/1        349               284      65      310
.................................................................

WIND (MPH)
AVERAGE WIND SPEED              10.1
HIGHEST WIND SPEED/DIRECTION    60/310    DATE  06/14
HIGHEST GUST SPEED/DIRECTION    79/310    DATE  06/14

SKY COVER
POSSIBLE SUNSHINE (PERCENT)   MM
AVERAGE SKY COVER           0.30
NUMBER OF DAYS FAIR           21
NUMBER OF DAYS PC              6
NUMBER OF DAYS CLOUDY          3

AVERAGE RH (PERCENT)     65

WEATHER CONDITIONS. NUMBER OF DAYS WITH
THUNDERSTORM             14     MIXED PRECIP               0
HEAVY RAIN                7     RAIN                       8
LIGHT RAIN               20     FREEZING RAIN              0
LT FREEZING RAIN          0     HAIL                       2
HEAVY SNOW                0     SNOW                       0
LIGHT SNOW                0     SLEET                      0
FOG                      12     FOG W/VIS <= 1/4 MILE      1
HAZE                      3

-  INDICATES NEGATIVE NUMBERS.
R  INDICATES RECORD WAS SET OR TIED.
MM INDICATES DATA IS MISSING.
T  INDICATES TRACE AMOUNT.

&&

...JUNE 2014 SUMMARY FOR HASTINGS MUNICIPAL AIRPORT...

(NOTE: TEMPERATURE RECORDS AT HASTINGS ARE BASED ON NWS COOPERATIVE
OBSERVER REPORTS (HASTINGS 4N) BETWEEN 1907 AND JUNE 1996...WITH
RECORDS SINCE JULY 1996 FROM THE AUTOMATED SENSOR AT HASTINGS
MUNICIPAL AIRPORT. PRECIPITATION RECORDS AT HASTINGS ARE BASED ON
NWS COOPERATIVE OBSERVER REPORTS (HASTINGS 4N) BETWEEN 1895 AND
MARCH 1998...WITH RECORDS SINCE APRIL 1998 FROM THE AUTOMATED
AIRPORT SENSOR.)

...TEMPERATURES

1 DAILY TEMPERATURE RECORD TIED IN JUNE 2014:
- JUNE 17: RECORD LOW TEMP OF 72 (TIED RECORD SET IN 1946)

AVERAGE HIGH TEMPERATURE:     82.4 DEGREES (0.4 BELOW NORMAL)
AVERAGE LOW TEMPERATURE:      61.9 DEGREES (1.1 ABOVE NORMAL)
AVERAGE MEAN TEMPERATURE:     72.2 DEGREES (0.4 ABOVE NORMAL)

HOTTEST HIGH TEMPERATURE:      95 DEGREES ON THE 18TH
COOLEST HIGH TEMPERATURE:      66 DEGREES ON THE 7TH

COOLEST LOW TEMPERATURE:       51 DEGREES ON THE 13TH
WARMEST LOW TEMPERATURE:       72 DEGREES ON THE 17TH

WARMEST 2-DAY STRETCH BASED
ON AVERAGE HIGH TEMPERATURE:   94.5 DEGREES FROM THE 17TH-18TH

WARMEST WEEK BASED
ON AVERAGE HIGH TEMPERATURE:   89.1 DEGREES FROM THE 14TH-20TH

WARMEST WEEK BASED
ON AVERAGE MEAN TEMPERATURE:   77.5 DEGREES FROM THE 16TH-22ND

COOLEST 2-DAY STRETCH BASED
ON AVERAGE HIGH TEMPERATURE:   68.5 DEGREES FROM THE 7TH-8TH

COOLEST WEEK BASED
ON AVERAGE HIGH TEMPERATURE:   74.6 DEGREES FROM THE 7TH-13TH

COOLEST WEEK BASED
ON AVERAGE LOW TEMPERATURE:    55.4 DEGREES FROM THE 7TH-13TH

COOLEST WEEK BASED
ON AVERAGE MEAN TEMPERATURE:   65.0 DEGREES FROM THE 7TH-13TH


...PRECIPITATION/SNOWFALL

1 DAILY PRECIPITATION RECORD WAS SET IN JUNE 2014:
- JUNE 14: RECORD RAINFALL OF 1.42 INCHES (PREVIOUS 1.25 IN 1982)

TOTAL MONTHLY PRECIPITATION: 8.69 INCHES  (4.89 ABOVE NORMAL)

- JUNE 2014 WAS THE 5TH-WETTEST ON RECORD OUT OF 119 YEARS DATING TO
1896...AND WAS THE WETTEST SINCE 1975 WHICH FEATURED 8.97 INCHES.

NUMBER OF DAYS WITH MEASURABLE PRECIPITATION (0.01 OR MORE): 19

HIGHEST CALENDAR DAY PRECIPITATION:  2.20 INCHES ON THE 21ST
HIGHEST TWO-DAY PRECIPITATION TOTAL: 3.31 INCHES FROM THE 20TH-21ST


PRECIPITATION TOTALS AND DEPARTURES
FROM NORMAL FOR THE PAST 12 MONTHS:

MONTH          PRECIP.  DEPARTURE

JUL  2013       1.77      -1.97
AUG  2013       3.25      -0.05
SEP  2013       1.26      -1.30
OCT  2013       4.75      +2.76
NOV  2013       1.00      -0.29
DEC  2013       0.14      -0.47
JAN  2014       0.37      -0.04
FEB  2014       0.34      -0.15
MAR  2014       0.15      -1.64
APR  2014       3.93      +1.37
MAY  2014       2.15      -2.42
JUN  2014       8.69      +4.89

12-MONTH TOTAL  27.80     +0.69


...OTHER WEATHER ELEMENTS

HIGHEST WIND GUST: 79 MPH FROM THE NORTHWEST ON THE 14TH
(OCCURRED AT 1149 PM DURING A SEVERE STORM)

HIGHEST SURFACE SEA LEVEL PRESSURE: 30.11 ON THE 8TH
LOWEST SURFACE SEA LEVEL PRESSURE:  29.38 ON THE 14TH


...JUNE 2014 NARRATIVE FOR HASTINGS MUNICIPAL AIRPORT...

BY FAR AND AWAY...THE BIGGEST STORY OF THE MONTH WAS ABUNDANT
RAINFALL...AS HASTINGS NOTCHED ITS 5TH-WETTEST JUNE ON RECORD OUT OF
119 YEARS. NEEDLESS TO SAY...THIS RAIN LARGELY ERADICATED LINGERING
DROUGHT CONDITIONS ACROSS THE MAJORITY OF SOUTH CENTRAL
NEBRASKA...INCLUDING ADAMS COUNTY...WHICH BY MONTHS END WAS
ESSENTIALLY VOID OF ALL DROUGHT PER THE WEEKLY U.S. DROUGHT MONITOR.

FOCUSING ON JUNE PRECIPITATION IN MORE DETAIL...THE MONTHLY TOTAL OF
8.69 INCHES AT HASTINGS MUNICIPAL AIRPORT WAS A NOTABLE 4.89
INCHES ABOVE THE 30-YEAR JUNE NORMAL OF 3.80 INCHES. PUT ANOTHER
WAY...HASTINGS RECEIVED 229 PERCENT OF NORMAL JUNE
PRECIPITATION. THIS RESULTED IN THE 5TH-WETTEST JUNE ON RECORD OUT
OF 119 YEARS DATING TO 1896...AND WAS THE WETTEST JUNE SINCE 1975
FEATURED 8.97 INCHES. FORTUNATELY FOR FLOODING CONCERNS...THIS
PRECIPITATION SPACED ITSELF OUT FAIRLY EVENLY OVER THE COURSE OF THE
MONTH. THE HIGHEST CALENDAR-DAY TOTAL WAS 2.20 INCHES ON THE
21ST...WHICH COMBINED WITH 1.11 ON THE 20TH TO PRODUCE A HEFTY TWO-
DAY TOTAL OF 3.31 INCHES. OTHER NOTABLE DAILY TOTALS INCLUDED 1.13
INCHES ON THE 1ST AND 1.42 INCHES ON THE 14TH (WHICH WAS A DAILY
RECORD).

TEMPERATURE-WISE...IT WAS A FAIRLY TYPICAL AND NON-NEWSWORTHY JUNE
WITH THE MAJORITY OF HIGHS SOMEWHERE IN THE 80S AND THE MAJORITY OF
LOWS SOMEWHERE IN THE 60S. OVERALL THOUGH...IT WAS A VERY-SLIGHTLY
WARMER THAN NORMAL MONTH AS THE MONTHLY AVERAGE TEMPERATURE
(RESULTING FROM AVERAGING BOTH THE HIGHS AND LOWS) WAS 72.2
DEGREES...MERELY 0.4 DEGREES ABOVE THE 30-YEAR NORMAL. OF THE 30
DAYS DURING THE MONTH...14 FEATURED AN ABOVE NORMAL AVERAGE
TEMPERATURE...14 WERE BELOW NORMAL AND TWO DAYS MATCHED THE DAILY
NORMAL. ALTHOUGH NOT SIGNIFICANTLY COOL OR HOT BY ANY MEANS...THE
OVERALL-COOLEST AND WARMEST WEEKS OF THE MONTH OCCURRED NEARLY BACK-
TO-BACK BETWEEN THE 7TH-13TH AND THE 16TH-22ND. DURING THE COOLEST
WEEK FROM THE 7TH-13TH...SIX DAYS FAILED TO REACH 80
DEGREES...INCLUDING TWO DAYS THAT ONLY TOPPED OUT IN THE 60S. THIS
WEEK CONTAINED BOTH THE COOLEST LOW TEMPERATURE (51 ON THE 13TH) AND
COOLEST HIGH TEMPERATURE (66 ON THE 7TH) OF THE MONTH. IN
CONTRAST...DURING THE WARMEST WEEK FROM THE 16TH-22ND...FOUR OF
SEVEN DAYS REACHED AT LEAST 89 DEGREES. DURING THIS STRETCH...THE
18TH FEATURED THE HOTTEST MONTHLY HIGH TEMPERATURE (95) WHILE THE
17TH FEATURED THE MILDEST JUNE LOW (72)...WHICH TIED A DAILY RECORD.
BEYOND THE 20TH...THE MONTH ENDED WITH RATHER CONSISTENT
TEMPERATURES...AS EACH OF THE FINAL 10 DAYS FEATURED HIGHS SOMEWHERE
BETWEEN 78-87 DEGREES AND WITH LOWS IN THE 60S.  THE MOST EXTREME
DAY-TO-DAY FLUCTUATION IN HIGH TEMPERATURES DURING JUNE WAS 19
DEGREES...FEATURING A NOTICEABLE COOL-DOWN FROM 85 DEGREES ON THE
6TH TO 66 DEGREES ON THE 7TH.

AS FOR SEVERE THUNDERSTORM ACTIVITY...THE CITY AND ITS IMMEDIATE
VICINITY EXPERIENCED ITS FAIR SHARE DURING JUNE. MOST
NOTABLY...DAMAGING WINDS GUSTS RAKED HASTINGS TWICE WITHIN ONE
WEEK...AS THE AIRPORT MEASURED PEAK GUSTS OF 79 MPH ON THE LATE
EVENING OF THE 14TH AND 67 MPH ON THE EVENING OF THE 20TH. BOTH OF
THESE STORMS CAUSED MODEST TREE DAMAGE. EARLIER IN THE MONTH...A
VERY STRONG OUTFLOW BOUNDARY PRODUCED A 70 MPH GUST AT THE AIRPORT
DESPITE HASTINGS BEING LOCATED SEVERAL MILES SOUTH OF ANY ACTUAL
THUNDERSTORM ACTIVITY. AS FOR LARGE HAIL...QUARTER TO GOLF BALL SIZE
STONES FELL MAINLY ON THE SOUTHEAST SIDE OF TOWN ON THE 14TH. JUST A
FEW MILES SOUTHEAST OF HASTINGS ON THAT EVENING...VERY LARGE HAIL
RANGING FROM 2 TO 4 INCHES IN DIAMETER FELL AT THE HOME OF AN NWS
EMPLOYEE. A FEW DAYS PRIOR TO THIS ON THE EVENING OF THE 11TH...THE
NWS OFFICE LOCATED JUST NORTH OF HASTINGS RECEIVED HAIL UP TO THE
SIZE OF HALF DOLLARS...ALTHOUGH THE MAIN PART OF THE CITY WAS
SPARED. NO TORNADOES WERE REPORTED OR CONFIRMED WITHIN ADAMS COUNTY
DURING THIS MONTH...BUT THIS WAS A CLOSE CALL AS A FEW BRIEF
TOUCHDOWNS OCCURRED JUST OUTSIDE THE NORTHEAST TIP OF THE COUNTY IN
THE TRUMBULL AREA ON THE 14TH. INCLUDING THE AFOREMENTIONED VERY
STRONG WIND GUSTS ON THE 3RD...14TH AND 20TH...THERE WERE FIVE JUNE
DAYS THAT FEATURED PEAK GUSTS OF AT LEAST 45 MPH AT THE AIRPORT.

$$

PFANNKUCH/DOXEY
