000
CXUS51 KRLX 261641
CLMHTS


CLIMATE REPORT
NATIONAL WEATHER SERVICE CHARLESTON WV
1140 AM EST THU FEB 26 2015

...................................

...THE HUNTINGTON CLIMATE SUMMARY FOR THE MONTH OF DECEMBER 2014...

CLIMATE NORMAL PERIOD 1981 TO 2010
CLIMATE RECORD PERIOD 1897 TO 2015

WEATHER         OBSERVED          NORMAL  DEPART  LAST YEAR`S
                 VALUE   DATE(S)  VALUE   FROM    VALUE  DATE(S)
                                          NORMAL
................................................................
TEMPERATURE (F)
RECORD
 HIGH              80   12/03/1982
                        12/31/1951
 LOW              -14   12/31/1917
                        12/30/1917
HIGHEST            65   12/24        MM      MM       75  12/21
LOWEST             19   12/31        MM      MM       14  12/25
AVG. MAXIMUM     46.4              45.4     1.0     47.0
AVG. MINIMUM     32.0              28.6     3.4     31.1
MEAN             39.2              37.0     2.2     39.1
DAYS MAX >= 90      0               0.0     0.0        0
DAYS MAX <= 32      2               3.9    -1.9        3
DAYS MIN <= 32     19              19.9    -0.9       18
DAYS MIN <= 0       0               0.3    -0.3        0

PRECIPITATION (INCHES)
RECORD
 MAXIMUM         8.69   1978
 MINIMUM         1.53   2010
TOTALS           3.31              3.31    0.00     5.55
DAILY AVG.       0.11              0.11    0.00     0.18
DAYS >= .01        12              12.9    -0.9       17
DAYS >= .10         6               7.2    -1.2        7
DAYS >= .50         3               2.2     0.8        5
DAYS >= 1.00        1               0.6     0.4        2
GREATEST
 24 HR. TOTAL    1.38   12/05 TO 12/06              2.01

SNOWFALL (INCHES)
RECORDS
 TOTAL           21.7   1935
TOTALS            0.0               3.8    -3.8      4.2
SINCE 7/1           T               4.6    -4.6      7.5
DAYS >= 1.0         0               1.0    -1.0        1
GREATEST
 SNOW DEPTH         0   MM                             1  12/10
                                                          12/08
 24 HR TOTAL      0.0   12/31 TO 12/31           12/08 TO 12/08
                                                          12/08 TO 12/08
                                                          12/08 TO 12/08

DEGREE_DAYS
HEATING TOTAL     793               868     -75      797
 SINCE 7/1       1872              1755     117     1748
COOLING TOTAL       0                 1      -1        2
 SINCE 1/1        971              1135    -164     1217
.........................................................

WIND (MPH)
AVERAGE WIND SPEED              5.3
HIGHEST WIND SPEED/DIRECTION    28/270    DATE  12/24
HIGHEST GUST SPEED/DIRECTION    41/280    DATE  12/24

SKY COVER
POSSIBLE SUNSHINE (PERCENT)   MM
AVERAGE SKY COVER           0.70
NUMBER OF DAYS FAIR            6
NUMBER OF DAYS PC              8
NUMBER OF DAYS CLOUDY         17

AVERAGE RH (PERCENT)     76

WEATHER CONDITIONS. NUMBER OF DAYS WITH
THUNDERSTORM              0     MIXED PRECIP               0
HEAVY RAIN                5     RAIN                       7
LIGHT RAIN               14     FREEZING RAIN              0
LT FREEZING RAIN          0     HAIL                       0
HEAVY SNOW                0     SNOW                       0
LIGHT SNOW                0     SLEET                      0
FOG                      17     FOG W/VIS <= 1/4 MILE      5
HAZE                      6

-  INDICATES NEGATIVE NUMBERS.
R  INDICATES RECORD WAS SET OR TIED.
MM INDICATES DATA IS MISSING.
T  INDICATES TRACE AMOUNT.

$$
