000
CXUS55 KTFX 011914
CLMHVR


CLIMATE REPORT
NATIONAL WEATHER SERVICE GREAT FALLS MT
1214 PM MST MON DEC 1 2014

...................................

...THE HAVRE MT CLIMATE SUMMARY FOR THE MONTH OF NOVEMBER 2014...

CLIMATE NORMAL PERIOD 1981 TO 2010
CLIMATE RECORD PERIOD 1880 TO 2014

WEATHER         OBSERVED          NORMAL  DEPART  LAST YEAR`S
                 VALUE   DATE(S)  VALUE   FROM    VALUE
                                          NORMAL
.............................................................
TEMPERATURE (F)
RECORD
 HIGH              78   11/12/1999
                        11/05/1975
 LOW              -33   11/20/1896
HIGHEST            65   11/06        49      16       56
LOWEST            -19   11/14        12     -31       -5
                        11/13
AVG. MAXIMUM     35.3              41.6    -6.3     40.0
AVG. MINIMUM     14.4              18.8    -4.4     16.7
MEAN             24.9              30.2    -5.3     28.3
DAYS MAX >= 90      0               0.0     0.0        0
DAYS MAX <= 32     12               6.7     5.3        8
DAYS MIN <= 32     29              26.5     2.5       29
DAYS MIN <= 0       9               3.3     5.7        4

PRECIPITATION (INCHES)
RECORD
 MAXIMUM         2.42   1958
 MINIMUM            T   2009
                        1969
                        1925
TOTALS           0.47              0.43    0.04     0.40
DAYS >= .01         9               5.9     3.1
DAYS >= .10         1               1.4    -0.4
DAYS >= .50         0               0.0     0.0
DAYS >= 1.00        0               0.0     0.0
GREATEST
 24 HR. TOTAL    0.30   11/09 TO 11/09

SNOWFALL (INCHES)
RECORDS
 TOTAL           26.4   5
                        0
                        -26215
 24 HR TOTAL       MM
 SNOW DEPTH        14   11/30/1896
                        11/29/1896
                        11/28/1896
TOTALS            4.6               5.3    -0.7      4.8
SNOWDEPTH AVG.      1
DAYS >= TRACE      10               4.8     5.2
DAYS >= 1.0         2               1.7     0.3
GREATEST
 SNOW DEPTH         4   11/20                          4
                        11/19
                        11/18
 24 HR TOTAL      3.0   11/10 TO 11/10

DEGREE_DAYS
HEATING TOTAL    1196              1044     152     1094
 SINCE 7/1       1937              2043    -106     1926
COOLING TOTAL       0                 0       0        0
 SINCE 1/1        402               387      15      445
..............................................................

WIND (MPH)
AVERAGE WIND SPEED              11.1
HIGHEST WIND SPEED/DIRECTION    43/260    DATE  11/22
HIGHEST GUST SPEED/DIRECTION    53/270    DATE  11/22

SKY COVER
AVERAGE SKY COVER           0.60

AVERAGE RH (PERCENT)     73

WEATHER CONDITIONS. NUMBER OF DAYS WITH
THUNDERSTORM              0     MIXED PRECIP               1
HEAVY RAIN                0     RAIN                       0
LIGHT RAIN                6     FREEZING RAIN              0
LT FREEZING RAIN          2     HAIL                       0
HEAVY SNOW                0     SNOW                       1
LIGHT SNOW                9     SLEET                      0
FOG                      13     FOG W/VIS <= 1/4 MILE      4
HAZE                      6

-  INDICATES NEGATIVE NUMBERS.
R  INDICATES RECORD WAS SET OR TIED.
MM INDICATES DATA IS MISSING.
T  INDICATES TRACE AMOUNT.

$$
