000
CXUS51 KLWX 022120
CLMIAD

CLIMATE REPORT
NATIONAL WEATHER SERVICE BALTIMORE MD/WASHINGTON DC
420 PM EST FRI DEC 2 2016

...................................

...THE WASHINGTON DULLES DC CLIMATE SUMMARY FOR THE MONTH OF NOVEMBER 2016...

CLIMATE NORMAL PERIOD 1981 TO 2010
CLIMATE RECORD PERIOD 1962 TO 2016

WEATHER         OBSERVED          NORMAL  DEPART  LAST YEAR`S
                 VALUE   DATE(S)  VALUE   FROM    VALUE
                                          NORMAL
.............................................................
TEMPERATURE (F)
RECORD
 HIGH              84   11/01/1982
                        11/02/1971
 LOW                9   11/24/1989
HIGHEST            79   11/03        75       4
LOWEST             20   11/23        19       1
AVG. MAXIMUM     60.5              57.5     3.0     61.2
AVG. MINIMUM     34.7              35.3    -0.6     39.5
MEAN             47.6              46.4     1.2
DAYS MAX >= 90      0               0.0     0.0
DAYS MAX <= 32      0               0.1    -0.1
DAYS MIN <= 32     12              12.4    -0.4
DAYS MIN <= 0       0               0.0     0.0

PRECIPITATION (INCHES)
RECORD
 MAXIMUM         7.83   1963
 MINIMUM         0.24   1981
TOTALS           1.77              3.41   -1.64     2.06
DAILY AVG.       0.06              0.11   -0.05
DAYS >= .01         6               9.1    -3.1
DAYS >= .10         3               5.5    -2.5
DAYS >= .50         1               2.4    -1.4
DAYS >= 1.00        1               0.9     0.1
GREATEST
 24 HR. TOTAL    1.31   11/30 TO 11/30
                        11/29 TO 11/30
                        11/30 TO 11/30

SNOWFALL (INCHES)
RECORDS
 TOTAL           11.4   1967
TOTALS              T               0.5    -0.5
SINCE 7/1           T               0.5    -0.5
SNOWDEPTH AVG.      0
DAYS >= TRACE       1               0.3     0.7
DAYS >= 1.0         0               0.1    -0.1
GREATEST
 SNOW DEPTH         0   MM
 24 HR TOTAL        T

DEGREE_DAYS
HEATING TOTAL     516               560     -44      440
 SINCE 7/1        727               916    -189      750
COOLING TOTAL       2                 2       0        9
 SINCE 1/1       1559              1178     381     1324
..............................................................

WIND (MPH)
AVERAGE WIND SPEED              6.5
HIGHEST WIND SPEED/DIRECTION    40/290    DATE  11/20
HIGHEST GUST SPEED/DIRECTION    51/300    DATE  11/20

SKY COVER
POSSIBLE SUNSHINE (PERCENT)   MM
AVERAGE SKY COVER           0.50
NUMBER OF DAYS FAIR           13
NUMBER OF DAYS PC             10
NUMBER OF DAYS CLOUDY          7

AVERAGE RH (PERCENT)     61

WEATHER CONDITIONS. NUMBER OF DAYS WITH
THUNDERSTORM              0     MIXED PRECIP               0
HEAVY RAIN                1     RAIN                       2
LIGHT RAIN                9     FREEZING RAIN              0
LT FREEZING RAIN          0     HAIL                       0
HEAVY SNOW                0     SNOW                       0
LIGHT SNOW                0     SLEET                      1
FOG                       7     FOG W/VIS <= 1/4 MILE      2
HAZE                      0

-  INDICATES NEGATIVE NUMBERS.
R  INDICATES RECORD WAS SET OR TIED.
MM INDICATES DATA IS MISSING.
T  INDICATES TRACE AMOUNT.

&&

WASHINGTON DULLES INTERNATIONAL AIRPORT...

THE MONTHLY AVERAGE TEMPERATURE WAS SLIGHTLY ABOVE NORMAL. MONTHLY
PRECIPITATION WAS BELOW NORMAL.

NOVEMBER MARKED THE END OF A VERY WARM METEOROLOGICAL FALL SEASON.
THE AVERAGE TEMPERATURE FROM SEPTEMBER 1ST THROUGH NOVEMBER 30TH WAS
60.0 DEGREES...WHICH RANKS AS SECOND WARMEST. IT WAS ALSO THE 5TH
DRIEST METEOROLOGICAL FALL ON RECORD WITH ONLY 4.97 INCHES OF RAIN
OVER THE PAST THREE MONTHS.

DESPITE THE OVERALL DRY CONDITIONS...A RECORD DAILY MAXIMUM RAINFALL
OF 1.31 INCHES WAS SET ON THE 30TH OF NOVEMBER...BREAKING THE OLD
RECORD OF 1.15 INCHES SET IN 1967.

CLIMATE RECORDS AT WASHINGTON DULLES INTERNATIONAL AIRPORT BEGAN IN
NOVEMBER OF 1962.

ALL CLIMATE DATA ARE CONSIDERED PRELIMINARY UNTIL REVIEWED BY THE
NATIONAL CENTERS FOR ENVIRONMENTAL INFORMATION (NCEI).

$$

DH/MSE
