578
CXUS51 KPHI 011221
CLMILG


CLIMATE REPORT
NATIONAL WEATHER SERVICE MOUNT HOLLY NJ
821 AM EDT MON AUG 1 2016

...................................

...THE WILMINGTON CLIMATE SUMMARY FOR THE MONTH OF JULY 2016...

CLIMATE NORMAL PERIOD 1981 TO 2010
CLIMATE RECORD PERIOD 1894 TO 2016

WEATHER         OBSERVED          NORMAL  DEPART  LAST YEAR`S
                 VALUE   DATE(S)  VALUE   FROM    VALUE  DATE(S)
                                          NORMAL
................................................................
TEMPERATURE (F)
RECORD
 HIGH             103   07/07/2010
                        07/06/2010
                        07/10/1936
 LOW               48   07/01/1988
HIGHEST            96                95       1       92
LOWEST             62                56       6       60
AVG. MAXIMUM     88.4              86.1     2.3     85.0
AVG. MINIMUM     70.3              67.6     2.7     68.5
MEAN             79.4              76.8     2.6     76.8
DAYS MAX >= 90     16               7.7     8.3        3
DAYS MAX <= 32      0               0.0     0.0        0
DAYS MIN <= 32      0               0.0     0.0        0
DAYS MIN <= 0       0               0.0     0.0        0

PRECIPITATION (INCHES)
RECORD
 MAXIMUM        13.55   1919
 MINIMUM         0.16   1955
TOTALS           6.35              4.57    1.78     2.32
DAILY AVG.       0.20              0.15    0.05     0.07
DAYS >= .01        12               9.9     2.1        9
DAYS >= .10        10               6.7     3.3        5
DAYS >= .50         7               3.1     3.9        2
DAYS >= 1.00        2               1.3     0.7        0
GREATEST
 24 HR. TOTAL    1.62   07/28 TO 07/29              0.70

SNOWFALL (INCHES)
RECORDS
 TOTAL             MM   5
 24 HR TOTAL       MM
TOTALS            0.0               0.0     0.0      0.0
SINCE 7/1         0.0               0.0     0.0      0.0
SNOWDEPTH AVG.      0                MM      MM        0
DAYS >= 1.0         0               0.0     0.0        0
GREATEST
 SNOW DEPTH         0   MM                             0  MM
 24 HR TOTAL      0.0   07/31 TO 07/31               0.0

DEGREE_DAYS
HEATING TOTAL       0                 0       0        0
 SINCE 7/1          0                 0       0        0
COOLING TOTAL     453               367      86      373
 SINCE 1/1        773               677      96      809
.................................................................

WIND (MPH)
AVERAGE WIND SPEED              7.1
HIGHEST WIND SPEED/DIRECTION    39/340    DATE  07/18
HIGHEST GUST SPEED/DIRECTION    53/340    DATE  07/18

SKY COVER
POSSIBLE SUNSHINE (PERCENT)   MM
AVERAGE SKY COVER           0.20
NUMBER OF DAYS FAIR           23
NUMBER OF DAYS PC              5
NUMBER OF DAYS CLOUDY          3

AVERAGE RH (PERCENT)     70

WEATHER CONDITIONS. NUMBER OF DAYS WITH
THUNDERSTORM              0     MIXED PRECIP               0
HEAVY RAIN                9     RAIN                       9
LIGHT RAIN               14     FREEZING RAIN              0
LT FREEZING RAIN          0     HEAVY SNOW                 0
SNOW                      0     LIGHT SNOW                 0
SLEET                     0     FOG                       10
FOG W/VIS <= 1/4 MILE     0     HAZE                       1

-  INDICATES NEGATIVE NUMBERS.
R  INDICATES RECORD WAS SET OR TIED.
MM INDICATES DATA IS MISSING.
T  INDICATES TRACE AMOUNT.

$$
