000
CXUS53 KIND 021129 CCA
CLMIND

CLIMATE REPORT...CORRECTED
NATIONAL WEATHER SERVICE INDIANAPOLIS IN
1128 AM EDT SUN OCT 1 2017

CORRECTED LAST YEAR`S GREATEST 24 HR SNOW

...................................

...THE INDIANAPOLIS IN CLIMATE SUMMARY FOR THE MONTH OF SEPTEMBER 2017...

CLIMATE NORMAL PERIOD 1981 TO 2010
CLIMATE RECORD PERIOD 1871 TO 2017

WEATHER         OBSERVED          NORMAL  DEPART  LAST YEAR`S
                 VALUE   DATE(S)  VALUE   FROM    VALUE  DATE(S)
                                          NORMAL
................................................................
TEMPERATURE (F)
RECORD
 HIGH             100   09/03/2011
                        09/05/1954
                        09/02/1953
 LOW               30   09/30/1899
HIGHEST            93   09/22                         90  09/07
LOWEST             46   09/07                         48  09/27
AVG. MAXIMUM     80.6              77.6     3.0     81.0
AVG. MINIMUM     59.0              56.2     2.8     61.6
MEAN             69.8              66.9     2.9     71.3
DAYS MAX >= 90      6               1.5     4.5        1
DAYS MAX <= 32      0               0.0     0.0        0
DAYS MIN <= 32      0               0.0     0.0        0
DAYS MIN <= 0       0               0.0     0.0        0

PRECIPITATION (INCHES)
RECORD
 MAXIMUM        10.37   2003
 MINIMUM         0.24   1963
TOTALS           0.66              3.12   -2.46     4.67
DAILY AVG.       0.02              0.10   -0.08     0.16
DAYS >= .01         5               8.1    -3.1       11
DAYS >= .10         2               4.9    -2.9        7
DAYS >= .50         0               1.9    -1.9        4
DAYS >= 1.00        0               0.8    -0.8        2
GREATEST
 24 HR. TOTAL    0.25   09/18 TO 09/18

SNOWFALL (INCHES)
RECORDS
 TOTAL              T   2016
                        2012
                        2006
 SNOW DEPTH        MM   MM
TOTALS            0.0               0.0     0.0        T
SINCE 7/1         0.0               0.0     0.0        T
SNOWDEPTH AVG.      0
DAYS >= 1.0         0               0.0     0.0        0
DAYS >= 0.1         0                                  0
GREATEST
 SNOW DEPTH         0   MM                             0  MM
 24 HR TOTAL      0.0   MM                             T  09/28 TO 09/28

DEGREE_DAYS
HEATING TOTAL      29                71     -42       18
 SINCE 7/1         29                75     -46       20
COOLING TOTAL     177               128      49      213
 SINCE 1/1       1117              1049      68     1393
.........................................................

WIND (MPH)
AVERAGE WIND SPEED              7.6
HIGHEST WIND SPEED/DIRECTION    30/230    DATE  09/04
HIGHEST GUST SPEED/DIRECTION    37/230    DATE  09/04

SKY COVER
POSSIBLE SUNSHINE (PERCENT)   MM
AVERAGE SKY COVER           0.50
NUMBER OF DAYS FAIR           14
NUMBER OF DAYS PC             11
NUMBER OF DAYS CLOUDY          5

AVERAGE RH (PERCENT)     65

WEATHER CONDITIONS. NUMBER OF DAYS WITH
THUNDERSTORM              4     MIXED PRECIP               0
HEAVY RAIN                0     RAIN                       2
LIGHT RAIN               10     FREEZING RAIN              0
LT FREEZING RAIN          0     HAIL                       0
HEAVY SNOW                0     SNOW                       0
LIGHT SNOW                0     SLEET                      0
FOG                      11     FOG W/VIS <= 1/4 MILE      2
HAZE                      2

-  INDICATES NEGATIVE NUMBERS.
R  INDICATES RECORD WAS SET OR TIED.
MM INDICATES DATA IS MISSING.
T  INDICATES TRACE AMOUNT.

$$
