000
CXUS53 KIND 011610
CLMIND


CLIMATE REPORT
NATIONAL WEATHER SERVICE INDIANAPOLIS IN
1110 AM EST MON FEB 1 2016

...................................

...THE INDIANAPOLIS IN CLIMATE SUMMARY FOR THE MONTH OF JANUARY 2016...

CLIMATE NORMAL PERIOD 1981 TO 2010
CLIMATE RECORD PERIOD 1871 TO 2016

WEATHER         OBSERVED          NORMAL  DEPART  LAST YEAR`S
                 VALUE   DATE(S)  VALUE   FROM    VALUE  DATE(S)
                                          NORMAL
................................................................
TEMPERATURE (F)
RECORD
 HIGH              71   01/25/1950
 LOW              -27   01/19/1994
HIGHEST            61   01/30                         52  01/03
LOWEST              1   01/18                         -7  01/08
                        01/13
AVG. MAXIMUM     37.4              35.6     1.8     33.7
AVG. MINIMUM     20.5              20.5     0.0     16.8
MEAN             28.9              28.1     0.8     25.3
DAYS MAX >= 90      0               0.0     0.0        0
DAYS MAX <= 32     13              11.6     1.4       12
DAYS MIN <= 32     28              25.4     2.6       30
DAYS MIN <= 0       0               2.2    -2.2        3

PRECIPITATION (INCHES)
RECORD
 MAXIMUM        12.69   1950
 MINIMUM         0.21   1944
TOTALS           1.46              2.66   -1.20     1.81
DAILY AVG.       0.05              0.09   -0.04     0.06
DAYS >= .01        11              12.1    -1.1       11
DAYS >= .10         5               5.8    -0.8        5
DAYS >= .50         1               1.6    -0.6        1
DAYS >= 1.00        0               0.4    -0.4        0
GREATEST
 24 HR. TOTAL    0.78   01/09 TO 01/10

SNOWFALL (INCHES)
RECORDS
 TOTAL           30.6   1978
 SNOW DEPTH        20   01/28/1978
                        01/27/1978
TOTALS            5.8               8.6    -2.8      3.1
SINCE 7/1         7.7              16.6    -8.9      5.9
SNOWDEPTH AVG.      1
DAYS >= 1.0         3               2.5     0.5        1
DAYS >= 0.1         5                                  7
GREATEST
 SNOW DEPTH         3   01/14                          2  01/06
                        01/13
                        01/12
 24 HR TOTAL      1.9   01/20 TO 01/20               2.1  01/05 TO 01/06

DEGREE_DAYS
HEATING TOTAL    1112              1145     -33     1224
 SINCE 7/1       2584              3221    -637     3477
COOLING TOTAL       0                 0       0        0
 SINCE 1/1          0                 0       0        0
.......................................................

WIND (MPH)
AVERAGE WIND SPEED              11.4
HIGHEST WIND SPEED/DIRECTION    36/310    DATE  01/12
HIGHEST GUST SPEED/DIRECTION    45/300    DATE  01/10

SKY COVER
POSSIBLE SUNSHINE (PERCENT)   MM
AVERAGE SKY COVER           0.70
NUMBER OF DAYS FAIR            3
NUMBER OF DAYS PC             15
NUMBER OF DAYS CLOUDY         13

AVERAGE RH (PERCENT)     70

WEATHER CONDITIONS. NUMBER OF DAYS WITH
THUNDERSTORM              0     MIXED PRECIP               0
HEAVY RAIN                0     RAIN                       3
LIGHT RAIN                8     FREEZING RAIN              0
LT FREEZING RAIN          2     HAIL                       0
HEAVY SNOW                1     SNOW                       3
LIGHT SNOW               13     SLEET                      2
FOG                      13     FOG W/VIS <= 1/4 MILE      1
HAZE                      5

-  INDICATES NEGATIVE NUMBERS.
R  INDICATES RECORD WAS SET OR TIED.
MM INDICATES DATA IS MISSING.
T  INDICATES TRACE AMOUNT.

$$
