000
CXUS53 KDLH 022338
CLMINL

CLIMATE REPORT
NATIONAL WEATHER SERVICE DULUTH MN
638 PM CDT THU JUL 2 2015

...................................

...THE INTERNATIONAL FALLS MN CLIMATE SUMMARY FOR THE MONTH OF JUNE 2015...

CLIMATE NORMAL PERIOD 1981 TO 2010
CLIMATE RECORD PERIOD 1895 TO 2015

WEATHER         OBSERVED          NORMAL  DEPART  LAST YEAR`S
                 VALUE   DATE(S)  VALUE   FROM    VALUE  DATE(S)
                                          NORMAL
................................................................
TEMPERATURE (F)
RECORD
 HIGH             101   06/27/1912
 LOW               23   06/01/1964
HIGHEST            82   06/27        MM      MM       83  06/28
                        06/26
                        06/25
                        06/09
LOWEST             30   06/01        MM      MM       34  06/08
AVG. MAXIMUM     73.9              73.2     0.7     71.2
AVG. MINIMUM     45.9              48.4    -2.5     51.6
MEAN             59.9              60.8    -0.9     61.4
DAYS MAX >= 90      0               0.9    -0.9        0
DAYS MAX <= 32      0               0.0     0.0        0
DAYS MIN <= 32      1               0.3     0.7        0
DAYS MIN <= 0       0               0.0     0.0        0

PRECIPITATION (INCHES)
RECORD
 MAXIMUM        10.24   2014
 MINIMUM         0.70   1961
TOTALS           3.20              3.92   -0.72    10.24
DAILY AVG.       0.11              0.13   -0.02     0.34
DAYS >= .01        13              13.7    -0.7       17
DAYS >= .10         7               7.8    -0.8       11
DAYS >= .50         3               2.5     0.5        7
DAYS >= 1.00        0               0.7    -0.7        4
GREATEST
 24 HR. TOTAL    0.88   06/06 TO 06/06

DEGREE_DAYS
HEATING TOTAL     149               164     -15      129
 SINCE 7/1      10283             10221      62    11511
COOLING TOTAL       4                38     -34       29
 SINCE 1/1          4                47     -43       52
.................................................................

WIND (MPH)
AVERAGE WIND SPEED              5.2
HIGHEST WIND SPEED/DIRECTION    26/320    DATE  06/22
HIGHEST GUST SPEED/DIRECTION    33/320    DATE  06/22

SKY COVER
POSSIBLE SUNSHINE (PERCENT)   MM
AVERAGE SKY COVER           0.40
NUMBER OF DAYS FAIR           16
NUMBER OF DAYS PC             10
NUMBER OF DAYS CLOUDY          4

AVERAGE RH (PERCENT)     71

WEATHER CONDITIONS. NUMBER OF DAYS WITH
THUNDERSTORM             12     MIXED PRECIP               0
HEAVY RAIN                5     RAIN                       6
LIGHT RAIN               17     FREEZING RAIN              0
LT FREEZING RAIN          0     HAIL                       0
HEAVY SNOW                0     SNOW                       0
LIGHT SNOW                0     SLEET                      0
FOG                      20     FOG W/VIS <= 1/4 MILE      1
HAZE                      4

-  INDICATES NEGATIVE NUMBERS.
R  INDICATES RECORD WAS SET OR TIED.
MM INDICATES DATA IS MISSING.
T  INDICATES TRACE AMOUNT.

$$

.JUNE 2015 WAS COOLER AND DRIER THAN NORMAL AT INTERNATIONAL FALLS
MN...

THE AVERAGE TEMPERATURE FOR JUNE WAS 59.9 DEGREES WHICH WAS 0.9
DEGREES BELOW THE NORMAL OF 60.8 DEGREES TYING THIS FOR THE 27TH
COOLEST JUNE IN STATION HISTORY. THE HIGHEST TEMPERATURE FOR THE
MONTH WAS 82 DEGREES ON THE 9TH...26TH AND 27TH. THE LOWEST
TEMPERATURE WAS 30 DEGREES ON THE 1ST. NO DAILY TEMPERATURE RECORDS
WERE TIED OR BROKEN FOR THE MONTH.

JUNE 2015 WAS DRIER THAN NORMAL WITH A TOTAL OF 3.20 INCHES OF
PRECIPITATION RECORDED FOR THE MONTH. THIS WAS 0.72 INCHES BELOW THE
NORMAL OF 3.92 INCHES MAKING THIS THE 37TH DRIEST JUNE IN RECORDED
HISTORY. THE GREATEST AMOUNT OF PRECIPITATION IN A 24 HOUR PERIOD
OCCURRED ON THE 6TH WHEN 0.88 INCH WAS RECORDED. AT LEAST A TRACE OF
PRECIPITATION WAS RECORDED ON 19 DAYS. AT LEAST 0.01 OF AN INCH OF
PRECIPITATION FELL ON 13 DAYS. AT LEAST 0.10 OF AN INCH FELL ON 7
DAYS. AT LEAST 0.50 OF AN INCH FELL ON 3 DAYS. NO DAILY
PRECIPITATION RECORDS WERE SET FOR THE MONTH.

THE AVERAGE WIND SPEED FOR THE MONTH WAS 5.2 MPH. THE WINDIEST DAY
FOR THE MONTH WAS ON THE 15TH WITH AN AVERAGE WIND SPEED OF 9.1 MPH.
THE HIGHEST SUSTAINED WINDS OCCURRED ON THE 22ND WITH A WIND FROM
THE NORTHWEST AT 26 MPH. A PEAK GUST OF 33 MPH FROM THE NORTHWEST
WAS RECORDED ON THE 22ND. THERE WERE 149 HEATING DEGREE DAYS FOR THE
MONTH WHICH WAS 15 BELOW THE NORMAL OF 164. THIS BROUGHT THE
SEASONAL TOTAL TO 10283 WHICH WAS 62 ABOVE THE NORMAL OF 10221.
THERE WERE 4 COOLING DEGREE DAYS FOR THE MONTH WHICH WAS 34 BELOW
THE NORMAL OF 38. THE SEASONAL TOTAL COOLING DEGREE DAYS STANDS AT 4
WHICH IS 43 DEGREES BELOW THE NORMAL OF 47. THE HIGHEST BAROMETRIC
READING FOR THE MONTH WAS 30.31 INCHES REACHED ON THE 5TH AND THE
LOWEST BAROMETRIC PRESSURE READING WAS 29.53 INCHES REACHED ON THE
9TH.

THE OUTLOOK FOR JULY...NORMAL HIGHS BEGIN THE MONTH IN THE MID 70S
AND WARM TO THE UPPER 70S AT THE END OF THE MONTH. NORMAL LOWS FOR
THE MONTH ARE IN THE LOWER 50S. NORMAL PRECIPITATION FOR JULY IS
3.70 INCHES. BELOW NORMAL TEMPERATURES AND NEAR NORMAL PRECIPITATION
ARE FORECASTED FOR JULY.

$$
