000
CXUS55 KFGZ 011556
CLMINW


CLIMATE REPORT
NATIONAL WEATHER SERVICE FLAGSTAFF, AZ
855 AM MST WED JUL 1 2015

...................................

...THE WINSLOW AZ AIRPORT CLIMATE SUMMARY FOR THE MONTH OF JUNE 2015...

CLIMATE NORMAL PERIOD 1981 TO 2010
CLIMATE RECORD PERIOD 1915 TO 2015

WEATHER         OBSERVED          NORMAL  DEPART  LAST YEAR`S
                 VALUE   DATE(S)  VALUE   FROM    VALUE  DATE(S)
                                          NORMAL
................................................................
TEMPERATURE (F)
RECORD
 HIGH             107   06/28/2013
 LOW               29   06/01/1919
HIGHEST           104                                101  06/30
LOWEST             43                                 43  06/05
AVG. MAXIMUM     94.4              91.6     2.8     94.6
AVG. MINIMUM     57.3              53.8     3.5     54.0
MEAN             75.8              72.7     3.1     74.3
DAYS MAX >= 90     22              18.9     3.1       28
DAYS MAX <= 32      0               0.0     0.0        0
DAYS MIN <= 32      0               0.0     0.0        0
DAYS MIN <= 0       0               0.0     0.0        0

PRECIPITATION (INCHES)
RECORD
 MAXIMUM         3.70   1927
 MINIMUM         0.00   2014
                        1993
TOTALS           0.90              0.18    0.72     0.00
DAILY AVG.       0.03              0.01    0.02     0.00
DAYS >= .01         5               1.9     3.1        0
DAYS >= .10         3               0.6     2.4        0
DAYS >= .50         0               0.0     0.0        0
DAYS >= 1.00        0               0.0     0.0        0
GREATEST
 24 HR. TOTAL    0.43   06/13 TO 06/13              0.00
                        06/12 TO 06/13
                        06/13 TO 06/13

DEGREE_DAYS
HEATING TOTAL       1                10      -9        0
 SINCE 7/1       3829              4497    -668     4298
COOLING TOTAL     334               241      93      286
 SINCE 1/1        353               308      45      337
.................................................................

WIND (MPH)
AVERAGE WIND SPEED              8.1
HIGHEST WIND SPEED/DIRECTION    39/150    DATE  06/27
HIGHEST GUST SPEED/DIRECTION    49/150    DATE  06/27

SKY COVER
POSSIBLE SUNSHINE (PERCENT)   MM
AVERAGE SKY COVER           0.10
NUMBER OF DAYS FAIR           26
NUMBER OF DAYS PC              4
NUMBER OF DAYS CLOUDY          0

AVERAGE RH (PERCENT)     37

WEATHER CONDITIONS. NUMBER OF DAYS WITH
THUNDERSTORM              0     MIXED PRECIP               0
HEAVY RAIN                1     RAIN                       4
LIGHT RAIN                8     FREEZING RAIN              0
LT FREEZING RAIN          0     HAIL                       0
HEAVY SNOW                0     SNOW                       0
LIGHT SNOW                0     SLEET                      0
FOG                       3     FOG W/VIS <= 1/4 MILE      0
HAZE                      7

-  INDICATES NEGATIVE NUMBERS.
R  INDICATES RECORD WAS SET OR TIED.
MM INDICATES DATA IS MISSING.
T  INDICATES TRACE AMOUNT.

$$
