605
CXUS55 KFGZ 011554
CLMINW


CLIMATE REPORT
NATIONAL WEATHER SERVICE FLAGSTAFF, AZ
850 AM MST FRI DEC 1 2017

...................................

...THE WINSLOW AZ AIRPORT CLIMATE SUMMARY FOR THE MONTH OF NOVEMBER 2017...

CLIMATE NORMAL PERIOD 1981 TO 2010
CLIMATE RECORD PERIOD 1915 TO 2017

WEATHER         OBSERVED          NORMAL  DEPART  LAST YEAR`S
                 VALUE   DATE(S)  VALUE   FROM    VALUE  DATE(S)
                                          NORMAL
................................................................
TEMPERATURE (F)
RECORD
 HIGH              82   11/05/2009
 LOW               -9   11/29/1919
HIGHEST            79                                 75  11/15
LOWEST             13                                 15  11/30
AVG. MAXIMUM     69.8              60.1     9.7     61.4
AVG. MINIMUM     32.7              27.9     4.8     31.3
MEAN             51.3              44.0     7.3     46.3
DAYS MAX >= 90      0               0.0     0.0        0
DAYS MAX <= 32      0               0.0     0.0        0
DAYS MIN <= 32     14              21.4    -7.4       17
DAYS MIN <= 0       0               0.0     0.0        0

PRECIPITATION (INCHES)
RECORD
 MAXIMUM         2.54   2013
 MINIMUM         0.00   1999
TOTALS           0.00R             0.51   -0.51     1.04
DAILY AVG.       0.00              0.02   -0.02     0.03
DAYS >= .01         0               3.4    -3.4        4
DAYS >= .10         0               1.5    -1.5        3
DAYS >= .50         0               0.2    -0.2        1
DAYS >= 1.00        0               0.0     0.0        0
GREATEST
 24 HR. TOTAL    0.00   11/30 TO 11/30              0.80
                        11/29 TO 11/29
                        11/28 TO 11/28

DEGREE_DAYS
HEATING TOTAL     404               630    -226      552
 SINCE 7/1        682               936    -254      691
COOLING TOTAL       0                 0       0        0
 SINCE 1/1       1443              1208     235     1278
.................................................................

WIND (MPH)
AVERAGE WIND SPEED              6.7
HIGHEST WIND SPEED/DIRECTION    38/230    DATE  11/17
HIGHEST GUST SPEED/DIRECTION    49/240    DATE  11/17

SKY COVER
POSSIBLE SUNSHINE (PERCENT)   MM
AVERAGE SKY COVER           0.00
NUMBER OF DAYS FAIR           30
NUMBER OF DAYS PC              0
NUMBER OF DAYS CLOUDY          0

AVERAGE RH (PERCENT)     38

WEATHER CONDITIONS. NUMBER OF DAYS WITH
THUNDERSTORM              0     MIXED PRECIP               0
HEAVY RAIN                0     RAIN                       0
LIGHT RAIN                0     FREEZING RAIN              0
LT FREEZING RAIN          0     HAIL                       0
HEAVY SNOW                0     SNOW                       0
LIGHT SNOW                0     SLEET                      0
FOG                       0     FOG W/VIS <= 1/4 MILE      0
HAZE                      1

-  INDICATES NEGATIVE NUMBERS.
R  INDICATES RECORD WAS SET OR TIED.
MM INDICATES DATA IS MISSING.
T  INDICATES TRACE AMOUNT.

$$
