000
CXUS53 KDVN 011722
CLMIOW


CLIMATE REPORT
NATIONAL WEATHER SERVICE QUAD CITIES IA IL
1122 AM CST MON FEB 1 2016

...................................

...THE IOWA CITY IA CLIMATE SUMMARY FOR THE MONTH OF JANUARY 2016...

CLIMATE NORMAL PERIOD 1981 TO 2010
CLIMATE RECORD PERIOD 9999 TO 9999

WEATHER         OBSERVED          NORMAL  DEPART
                 VALUE   DATE(S)  VALUE   FROM
                                          NORMAL
................................................
TEMPERATURE (F)
HIGHEST            47   01/14        31      16
LOWEST             -6   01/17        14     -20
AVG. MAXIMUM     30.0              30.0     0.0
AVG. MINIMUM     15.5              14.3     1.2
MEAN             22.8              22.1     0.7
DAYS MAX >= 90      0
DAYS MAX <= 32     15
DAYS MIN <= 32     29
DAYS MIN <= 0       3

PRECIPITATION (INCHES)
TOTALS           0.37              0.92   -0.55
DAILY AVG.       0.01              0.03   -0.02
DAYS >= .01         4
DAYS >= .10         1
DAYS >= .50         0
DAYS >= 1.00        0
GREATEST
 24 HR. TOTAL    0.17   01/07 TO 01/08

DEGREE_DAYS
HEATING TOTAL    1302              1328     -26
 SINCE 7/1       3225              3867    -642
COOLING TOTAL       0                 0       0
 SINCE 1/1          0                 0       0
.................................................

WIND (MPH)
AVERAGE WIND SPEED              8.6
HIGHEST WIND SPEED/DIRECTION    30/310    DATE  01/12
HIGHEST GUST SPEED/DIRECTION    40/330    DATE  01/09

SKY COVER
POSSIBLE SUNSHINE (PERCENT)   MM
AVERAGE SKY COVER           0.40
NUMBER OF DAYS FAIR           12
NUMBER OF DAYS PC             13
NUMBER OF DAYS CLOUDY          6

AVERAGE RH (PERCENT)     78

WEATHER CONDITIONS. NUMBER OF DAYS WITH
THUNDERSTORM              0     HAIL                       0
SLEET                     0     FOG                       15
FOG W/VIS <= 1/4 MILE     1     HAZE                       8

-  INDICATES NEGATIVE NUMBERS.
R  INDICATES RECORD WAS SET OR TIED.
MM INDICATES DATA IS MISSING.
T  INDICATES TRACE AMOUNT.

$$
