000
CXUS51 KCTP 011014
CLMIPT

PHLCLMIPT 000
TTAA00 KCTP 010932


CLIMATE REPORT
NATIONAL WEATHER SERVICE STATE COLLEGE PA
600 AM EDT THU SEP 1 2016

...................................

...THE WILLIAMSPORT PA CLIMATE SUMMARY FOR THE MONTH OF AUGUST 2016...

CLIMATE NORMAL PERIOD 1981 TO 2010
CLIMATE RECORD PERIOD 1895 TO 2016

WEATHER         OBSERVED          NORMAL  DEPART  LAST YEAR`S
                 VALUE   DATE(S)  VALUE   FROM    VALUE  DATE(S)
                                          NORMAL
................................................................
TEMPERATURE (F)
RECORD
 HIGH             103   08/07/1918
 LOW               38   08/30/1965
                        08/25/1940
HIGHEST            94   08/13                         91  08/17
                                                          08/16
LOWEST             53   08/23                         54  08/29
                                                          08/26
                                                          08/07
AVG. MAXIMUM     86.7              81.6     5.1     83.5
AVG. MINIMUM     65.5              60.7     4.8     60.8
MEAN             76.1              71.1     5.0     72.2
DAYS MAX >= 90      8               2.7     5.3        4
DAYS MAX <= 32      0               0.0     0.0        0
DAYS MIN <= 32      0               0.0     0.0        0
DAYS MIN <= 0       0               0.0     0.0        0

PRECIPITATION (INCHES)
RECORD
 MAXIMUM         9.65   1912
 MINIMUM         0.53   1930
TOTALS           4.53              3.86    0.67     4.13
DAILY AVG.       0.15              0.12    0.03     0.13
DAYS >= .01        11              10.3     0.7        5
DAYS >= .10         7               6.4     0.6        4
DAYS >= .50         3               2.6     0.4        2
DAYS >= 1.00        1               1.0     0.0        2
GREATEST
 24 HR. TOTAL    1.58   08/21 TO 08/21

SNOWFALL (INCHES)
RECORDS
 TOTAL            0.0   MM
TOTALS            0.0               0.0     0.0      0.0
SINCE 7/1         0.0               0.0     0.0      0.0
SNOWDEPTH AVG.      0                MM      MM        0
DAYS >= 1.0         0               0.0     0.0        0
GREATEST
 SNOW DEPTH         0   MM                             0  MM
 24 HR TOTAL      0.0   08/31 TO 08/31

DEGREE_DAYS
HEATING TOTAL       0                10     -10        0
 SINCE 7/1          0                14     -14        2
COOLING TOTAL     352               201     151      229
 SINCE 1/1        973               634     339      785
..................................................

WIND (MPH)
AVERAGE WIND SPEED              4.3
HIGHEST WIND SPEED/DIRECTION    29/220    DATE  08/13
HIGHEST GUST SPEED/DIRECTION    38/220    DATE  08/16

SKY COVER
POSSIBLE SUNSHINE (PERCENT)   MM
AVERAGE SKY COVER           0.40
NUMBER OF DAYS FAIR           15
NUMBER OF DAYS PC             15
NUMBER OF DAYS CLOUDY          1

AVERAGE RH (PERCENT)     68

WEATHER CONDITIONS. NUMBER OF DAYS WITH
THUNDERSTORM              6     MIXED PRECIP               0
HEAVY RAIN                9     RAIN                       4
LIGHT RAIN               15     FREEZING RAIN              0
LT FREEZING RAIN          0     HAIL                       0
HEAVY SNOW                0     SNOW                       0
LIGHT SNOW                0     SLEET                      0
FOG                      14     FOG W/VIS <= 1/4 MILE      1
HAZE                      5

-  INDICATES NEGATIVE NUMBERS.
R  INDICATES RECORD WAS SET OR TIED.
MM INDICATES DATA IS MISSING.
T  INDICATES TRACE AMOUNT.

&&

AUGUST 2016 WILL GO DOWN AS THE WARMEST ON RECORD.

THE AVERAGE TEMPERATURE OF 76.1 DEGREES WAS WARMER THAN AUGUST
1995. THE AVERAGE TEMPERATURE FOR AUGUST 1995 WAS 75.9 DEGREES.

$$

MARTIN
