000
CXUS54 KMEG 031321
CLMJBR


CLIMATE REPORT
NATIONAL WEATHER SERVICE MEMPHIS TN
817 AM CDT WED MAY 3 2017

...................................

...THE JONESBORO CLIMATE SUMMARY FOR THE MONTH OF APRIL 2017...

CLIMATE NORMAL PERIOD 1981 TO 2010
CLIMATE RECORD PERIOD 1897 TO 2017

WEATHER         OBSERVED          NORMAL  DEPART  LAST YEAR`S
                 VALUE   DATE(S)  VALUE   FROM    VALUE  DATE(S)
                                          NORMAL
................................................................
TEMPERATURE (F)
RECORD
 HIGH              96   04/30/1901
                        04/29/1901
 LOW                0   04/01/2016
HIGHEST            86   04/29        70      16       83  04/26
                                                          04/24
LOWEST             40   04/08        49      -9       42  04/09
                                                          04/08
                                                          04/03
AVG. MAXIMUM     74.5              70.3     4.2     72.9
AVG. MINIMUM     53.0              49.4     3.6     51.8
MEAN             63.8              59.9     3.9     62.3
DAYS MAX >= 90      0               0.1    -0.1        0
DAYS MAX <= 32      0               0.0     0.0        0
DAYS MIN <= 32      0               0.6    -0.6        0
DAYS MIN <= 0       0               0.0     0.0        0

PRECIPITATION (INCHES)
RECORD
 MAXIMUM        15.08   1927
 MINIMUM         0.54   2001
TOTALS           8.68              5.02    3.66     4.46
DAILY AVG.       0.29              0.17    0.12     0.15
DAYS >= .01        12                MM      MM       10
DAYS >= .10         8                MM      MM        7
DAYS >= .50         3                MM      MM        2
DAYS >= 1.00        3                MM      MM        2
GREATEST
 24 HR. TOTAL    2.86   04/30 TO 04/30

SNOWFALL (INCHES)
RECORDS
 TOTAL            0.0   2002
                        1993
                        1973
TOTALS            0.0               0.0     0.0      0.0
SINCE 7/1           T               4.8    -4.8      0.3
SNOWDEPTH AVG.      0                MM      MM        0
DAYS >= 1.0         0                MM      MM        0
GREATEST
 SNOW DEPTH         0   MM                             0  MM
 24 HR TOTAL      0.0   04/30 TO 04/30

DEGREE_DAYS
HEATING TOTAL      94               195    -101      120
 SINCE 7/1       2591              3615   -1024     2955
COOLING TOTAL      64                41      23       46
 SINCE 1/1         74                47      27       50
.................................................................

WIND (MPH)
AVERAGE WIND SPEED              9.6
HIGHEST WIND SPEED/DIRECTION    40/210    DATE  04/29
HIGHEST GUST SPEED/DIRECTION    55/210    DATE  04/29

SKY COVER
POSSIBLE SUNSHINE (PERCENT)   MM
AVERAGE SKY COVER           0.40
NUMBER OF DAYS FAIR           16
NUMBER OF DAYS PC             10
NUMBER OF DAYS CLOUDY          4

AVERAGE RH (PERCENT)     71

WEATHER CONDITIONS. NUMBER OF DAYS WITH
THUNDERSTORM              0     MIXED PRECIP               0
HEAVY RAIN                6     RAIN                       9
LIGHT RAIN               13     FREEZING RAIN              0
LT FREEZING RAIN          0     HAIL                       0
HEAVY SNOW                0     SNOW                       0
LIGHT SNOW                0     SLEET                      0
FOG                      13     FOG W/VIS <= 1/4 MILE      1
HAZE                      0

-  INDICATES NEGATIVE NUMBERS.
R  INDICATES RECORD WAS SET OR TIED.
MM INDICATES DATA IS MISSING.
T  INDICATES TRACE AMOUNT.

$$
