000
CXUS54 KMEG 021424
CLMJBR


CLIMATE REPORT
NATIONAL WEATHER SERVICE MEMPHIS TN
814 AM CST THU MAR 2 2017

...................................

...THE JONESBORO CLIMATE SUMMARY FOR THE MONTH OF FEBRUARY 2017...

CLIMATE NORMAL PERIOD 1981 TO 2010
CLIMATE RECORD PERIOD 1897 TO 2017

WEATHER         OBSERVED          NORMAL  DEPART  LAST YEAR`S
                 VALUE   DATE(S)  VALUE   FROM    VALUE  DATE(S)
                                          NORMAL
................................................................
TEMPERATURE (F)
RECORD
 HIGH              82   02/13/1962
                        02/25/1918
                        02/19/1913
 LOW              -13   02/13/1899
HIGHEST            78   02/07        51      27       74  02/02
LOWEST             23   02/04        31      -8       21  02/10
AVG. MAXIMUM     60.7              51.0     9.7     52.7
AVG. MINIMUM     40.7              31.9     8.8     34.0
MEAN             50.7              41.5     9.2     43.4
DAYS MAX >= 90      0               0.0     0.0        0
DAYS MAX <= 32      0               1.2    -1.2        0
DAYS MIN <= 32      8              15.5    -7.5       15
DAYS MIN <= 0       0               0.0     0.0        0

PRECIPITATION (INCHES)
RECORD
 MAXIMUM        11.42   1939
 MINIMUM         0.41   1968
TOTALS           1.91              3.72   -1.81     2.13
DAILY AVG.       0.07              0.13   -0.06     0.07
DAYS >= .01        12                MM      MM        6
DAYS >= .10         6                MM      MM        4
DAYS >= .50         1                MM      MM        1
DAYS >= 1.00        0                MM      MM        1
GREATEST
 24 HR. TOTAL    0.53   02/20 TO 02/21

SNOWFALL (INCHES)
RECORDS
 TOTAL           15.6   1929
TOTALS            0.0               1.3    -1.3        T
SINCE 7/1           T               4.1    -4.1      0.3
SNOWDEPTH AVG.      0                MM      MM        0
DAYS >= 1.0         0                MM      MM        0
GREATEST
 SNOW DEPTH         0   MM                             0  MM
 24 HR TOTAL      0.0   02/28 TO 02/28

DEGREE_DAYS
HEATING TOTAL     397               660    -263      622
 SINCE 7/1       2133              2956    -823     2489
COOLING TOTAL       4                 0       4        0
 SINCE 1/1          4                 0       4        0
.................................................................

WIND (MPH)
AVERAGE WIND SPEED              9.1
HIGHEST WIND SPEED/DIRECTION    32/180    DATE  02/28
HIGHEST GUST SPEED/DIRECTION    40/180    DATE  02/28

SKY COVER
POSSIBLE SUNSHINE (PERCENT)   MM
AVERAGE SKY COVER           0.40
NUMBER OF DAYS FAIR           15
NUMBER OF DAYS PC              7
NUMBER OF DAYS CLOUDY          6

AVERAGE RH (PERCENT)     69

WEATHER CONDITIONS. NUMBER OF DAYS WITH
THUNDERSTORM              0     MIXED PRECIP               0
HEAVY RAIN                2     RAIN                       2
LIGHT RAIN               14     FREEZING RAIN              0
LT FREEZING RAIN          0     HAIL                       0
HEAVY SNOW                0     SNOW                       0
LIGHT SNOW                0     SLEET                      0
FOG                      15     FOG W/VIS <= 1/4 MILE      2
HAZE                      0

-  INDICATES NEGATIVE NUMBERS.
R  INDICATES RECORD WAS SET OR TIED.
MM INDICATES DATA IS MISSING.
T  INDICATES TRACE AMOUNT.

$$
