000
CXUS54 KMEG 310031
CLMJBR


CLIMATE REPORT..RETRANSMIISION OF JUNE DATA
NATIONAL WEATHER SERVICE MEMPHIS TN
727 PM CDT WED JUL 30 2014

...................................

...THE JONESBORO CLIMATE SUMMARY FOR THE MONTH OF JUNE 2014...

CLIMATE NORMAL PERIOD 1981 TO 2010
CLIMATE RECORD PERIOD 1897 TO 2014

WEATHER         OBSERVED          NORMAL  DEPART  LAST YEAR`S
                 VALUE   DATE(S)  VALUE   FROM    VALUE  DATE(S)
                                          NORMAL
................................................................
TEMPERATURE (F)
RECORD
 HIGH             110   06/29/1901
 LOW               41   06/05/1897
                        06/01/1897
HIGHEST            93   06/21        MM      MM      101  06/27
LOWEST             56   06/14        MM      MM       59  06/08
AVG. MAXIMUM     86.3              88.7    -2.4     90.8
AVG. MINIMUM     69.3              66.8     2.5     68.5
MEAN             77.8              77.8     0.0     79.7
DAYS MAX >= 90     10              13.8    -3.8       18
DAYS MAX <= 32      0               0.0     0.0        0
DAYS MIN <= 32      0               0.0     0.0        0
DAYS MIN <= 0       0               0.0     0.0        0

PRECIPITATION (INCHES)
RECORD
 MAXIMUM        11.02   1928
 MINIMUM         0.08   1952
TOTALS           8.84              3.75    5.09     4.00
DAILY AVG.       0.29              0.12    0.17     0.13
DAYS >= .01        13                MM      MM       10
DAYS >= .10         9                MM      MM        5
DAYS >= .50         8                MM      MM        3
DAYS >= 1.00        4                MM      MM        1
GREATEST
 24 HR. TOTAL    1.48   06/05 TO 06/05

SNOWFALL (INCHES)
RECORDS
 TOTAL             MM   MM
TOTALS            0.0               0.0     0.0      0.0
SINCE 7/1         5.2               4.8     0.4     11.0
SNOWDEPTH AVG.      0                MM      MM        0
DAYS >= 1.0         0                MM      MM        0
GREATEST
 SNOW DEPTH         0   MM                             0  MM
 24 HR TOTAL      0.0   06/30 TO 06/30

DEGREE_DAYS
HEATING TOTAL       0                 1      -1        0
 SINCE 7/1       4150              3653     497     3556
COOLING TOTAL     393               383      10      449
 SINCE 1/1        640               596      44      679
.................................................................

WIND (MPH)
AVERAGE WIND SPEED              7.3
HIGHEST WIND SPEED/DIRECTION    43/320    DATE  06/21
HIGHEST GUST SPEED/DIRECTION    62/320    DATE  06/21

SKY COVER
POSSIBLE SUNSHINE (PERCENT)   MM
AVERAGE SKY COVER           0.30
NUMBER OF DAYS FAIR           17
NUMBER OF DAYS PC             11
NUMBER OF DAYS CLOUDY          2

AVERAGE RH (PERCENT)     74

WEATHER CONDITIONS. NUMBER OF DAYS WITH
THUNDERSTORM              0     MIXED PRECIP               0
HEAVY RAIN                7     RAIN                       9
LIGHT RAIN               15     FREEZING RAIN              0
LT FREEZING RAIN          0     HAIL                       0
HEAVY SNOW                0     SNOW                       0
LIGHT SNOW                0     SLEET                      0
FOG                      14     FOG W/VIS <= 1/4 MILE      3
HAZE                      2

-  INDICATES NEGATIVE NUMBERS.
R  INDICATES RECORD WAS SET OR TIED.
MM INDICATES DATA IS MISSING.
T  INDICATES TRACE AMOUNT.

$$
