000
CXUS51 KOKX 012142 RRB
CLMJFK

NYCCLMJFK 000
TTAA00 KOKX 012134


CLIMATE REPORT
NATIONAL WEATHER SERVICE NEW YORK NY
542 PM EDT MON MAY 1 2017

...................................

...THE KENNEDY NY CLIMATE SUMMARY FOR THE MONTH OF APRIL 2017...

CLIMATE NORMAL PERIOD 1981 TO 2010
CLIMATE RECORD PERIOD 1948 TO 2017

WEATHER         OBSERVED          NORMAL  DEPART  LAST YEAR`S
                 VALUE   DATE(S)  VALUE   FROM    VALUE  DATE(S)
                                          NORMAL
................................................................
TEMPERATURE (F)
RECORD
 HIGH              90   04/17/2002
                        04/12/1977
 LOW               20   04/07/1982
                        04/06/1982
HIGHEST            85   04/29        MM      MM       78  04/18
LOWEST             38   04/01        MM      MM       26  04/05
AVG. MAXIMUM     62.7              59.0     3.7     59.4
AVG. MINIMUM     47.5              43.5     4.0     42.6
MEAN             55.1              51.3     3.8     51.0
DAYS MAX >= 90      0               0.0     0.0        0
DAYS MAX <= 32      0               0.0     0.0        0
DAYS MIN <= 32      0               0.9    -0.9        4
DAYS MIN <= 0       0               0.0     0.0        0

PRECIPITATION (INCHES)
RECORD
 MAXIMUM         9.51   1983
 MINIMUM         1.12   1961
TOTALS           4.06              3.87    0.19     1.24
DAILY AVG.       0.14              0.13    0.01     0.04
DAYS >= .01        14              11.4     2.6       11
DAYS >= .10         7               6.6     0.4        5
DAYS >= .50         3               2.5     0.5        0
DAYS >= 1.00        1               1.1    -0.1        0
GREATEST
 24 HR. TOTAL    1.08   04/03 TO 04/04           04/02 TO 04/03
                        04/01 TO 04/02                    04/09 TO 04/09
                        04/02 TO 04/03                    04/09 TO 04/09
 STORM TOTAL       MM                                 MM
 (MM/DD(HH))            MM                    04/03(00) TO 04/03(00)
                                                 04/09(00) TO 04/09(00)9
                                                 04/09(00) TO 04/09(00)9

SNOWFALL (INCHES)
RECORDS
 TOTAL             MM   5
 24 HR TOTAL       MM
TOTALS            0.0               0.8    -0.8        T
 LIQUID EQUIV    0.00              0.10   -0.10       MM
SINCE 7/1        30.9              23.8     7.1
 LIQUID 7/1      3.09              2.40             4.14
DAYS >= TRACE       0               0.3    -0.3        3
DAYS >= 1.0         0               0.2    -0.2        0
GREATEST
 SNOW DEPTH         0   MM                             0  MM
 24 HR TOTAL      0.0   04/30 TO 04/30           04/09 TO 04/09
                                                          04/09 TO 04/09
                                                          04/09 TO 04/09
 STORM TOTAL       MM                                 MM
 (MM/DD(HH))            MM                    04/09(00) TO 04/09(00)
                                                 04/09(00) TO 04/09(00)9
                                                 04/09(00) TO 04/09(00)9

DEGREE_DAYS
HEATING TOTAL     300               415    -115      411
 SINCE 7/1       4006              4651    -645     3698
COOLING TOTAL      12                 3       9        0
 SINCE 1/1         12                 3       9        0
..........................................................

WIND (MPH)
AVERAGE WIND SPEED              11.3
HIGHEST WIND SPEED/DIRECTION    37/280    DATE  04/16
HIGHEST GUST SPEED/DIRECTION    47/270    DATE  04/16

SKY COVER
POSSIBLE SUNSHINE (PERCENT)   MM
AVERAGE SKY COVER           0.70
NUMBER OF DAYS FAIR            0
NUMBER OF DAYS PC             15
NUMBER OF DAYS CLOUDY         15

AVERAGE RH (PERCENT)     72

WEATHER CONDITIONS. NUMBER OF DAYS WITH
THUNDERSTORM              0     MIXED PRECIP               0
HEAVY RAIN                5     RAIN                       5
LIGHT RAIN               18     FREEZING RAIN              0
LT FREEZING RAIN          0     HAIL                       0
HEAVY SNOW                0     SNOW                       0
LIGHT SNOW                0     SLEET                      0
FOG                      15     FOG W/VIS <= 1/4 MILE      4
HAZE                      2

-  INDICATES NEGATIVE NUMBERS.
R  INDICATES RECORD WAS SET OR TIED.
MM INDICATES DATA IS MISSING.
T  INDICATES TRACE AMOUNT.

$$
