000
CXUS51 KCTP 011010
CLMJST

PHLCLMJST 000
TTAA00 KCTP 010901


CLIMATE REPORT
NATIONAL WEATHER SERVICE STATE COLLEGE PA
510 AM EST WED MAR 1 2017

...................................

...THE JOHNSTOWN CLIMATE SUMMARY FOR THE MONTH OF FEBRUARY 2017...

CLIMATE NORMAL PERIOD 1981 TO 2010
CLIMATE RECORD PERIOD 1892 TO 2017

WEATHER         OBSERVED          NORMAL  DEPART  LAST YEAR`S
                 VALUE   DATE(S)  VALUE   FROM    VALUE  DATE(S)
                                          NORMAL
................................................................
TEMPERATURE (F)
RECORD
 HIGH              77   02/11/1932
 LOW              -17   02/10/1899
HIGHEST            72   02/24                         60  02/20
LOWEST             10   02/04                         -1  02/14
AVG. MAXIMUM     45.9              34.1    11.8     37.2
AVG. MINIMUM     28.9              20.1     8.8     22.2
MEAN             37.4              27.1    10.3     29.7
DAYS MAX >= 90      0                MM      MM        0
DAYS MAX <= 32      7                MM      MM       11
DAYS MIN <= 32     18                MM      MM       22
DAYS MIN <= 0       0                MM      MM        1

PRECIPITATION (INCHES)
RECORD
 MAXIMUM         7.64   1893
 MINIMUM         0.66   1968
TOTALS           2.47              2.35    0.12     1.98
DAILY AVG.       0.09              0.08    0.01     0.07
DAYS >= .01         7                MM      MM       12
DAYS >= .10         6                MM      MM        3
DAYS >= .50         2                MM      MM        1
DAYS >= 1.00        0                MM      MM        0
GREATEST
 24 HR. TOTAL    1.00   02/09 TO 02/09           02/15 TO 02/16


DEGREE_DAYS
HEATING TOTAL     765              1061    -296     1011
 SINCE 7/1       3920              4879    -959     4063
COOLING TOTAL       0                 0       0        0
 SINCE 1/1          0                 0       0        0
.........................................................

WIND (MPH)
AVERAGE WIND SPEED              12.2
HIGHEST WIND SPEED/DIRECTION    44/290    DATE  02/12
HIGHEST GUST SPEED/DIRECTION    60/310    DATE  02/12

SKY COVER
POSSIBLE SUNSHINE (PERCENT)   MM
AVERAGE SKY COVER           0.60
NUMBER OF DAYS FAIR           10
NUMBER OF DAYS PC              6
NUMBER OF DAYS CLOUDY         12

AVERAGE RH (PERCENT)     68

WEATHER CONDITIONS. NUMBER OF DAYS WITH
THUNDERSTORM              1     MIXED PRECIP               0
HEAVY RAIN                2     RAIN                       5
LIGHT RAIN                7     FREEZING RAIN              1
LT FREEZING RAIN          1     HAIL                       0
HEAVY SNOW                2     SNOW                       6
LIGHT SNOW               12     SLEET                      0
FOG                      15     FOG W/VIS <= 1/4 MILE      3
HAZE                      5

-  INDICATES NEGATIVE NUMBERS.
R  INDICATES RECORD WAS SET OR TIED.
MM INDICATES DATA IS MISSING.
T  INDICATES TRACE AMOUNT.

&&

$$

MARTIN
