000
CXUS55 KCYS 031624
CLMLAR


CLIMATE REPORT
NATIONAL WEATHER SERVICE CHEYENNE WY
1024 AM MDT THU NOV 3 2016

...................................

...THE LARAMIE WY AIRPORT CLIMATE SUMMARY FOR THE MONTH OF OCTOBER 2016...

CLIMATE NORMAL PERIOD 1981 TO 2010
CLIMATE RECORD PERIOD 1948 TO 2016

WEATHER         OBSERVED          NORMAL  DEPART  LAST YEAR`S
                 VALUE   DATE(S)  VALUE   FROM    VALUE
                                          NORMAL
.............................................................
TEMPERATURE (F)
RECORD
 HIGH              78   10/22/2003
                        10/04/1963
                        10/14/1958
 LOW              -18   10/30/1993
HIGHEST            74   10/14        MM      MM       76
LOWEST             14   10/20        MM      MM       23
AVG. MAXIMUM     63.0              55.7     7.3     61.6
AVG. MINIMUM     32.0              28.0     4.0     35.1
MEAN             47.5              41.8     5.7     48.3
DAYS MAX >= 90      0               0.0                0
DAYS MAX <= 32      0               1.1                0
DAYS MIN <= 32     16              20.5               11
DAYS MIN <= 0       0               0.4                0

PRECIPITATION (INCHES)
RECORD
 MAXIMUM         2.28   1972
 MINIMUM         0.00   1964
TOTALS           0.04              0.80   -0.76     2.05
DAYS >= .01         4               6.4    -2.4       13
DAYS >= .10         0               2.6    -2.6        5
DAYS >= .50         0               0.3    -0.3        2
DAYS >= 1.00        0               0.0     0.0        0
GREATEST
 24 HR. TOTAL    0.03   09/30 TO 10/01

DEGREE_DAYS
HEATING TOTAL     536               718    -182      510
 SINCE 7/1        979              1243    -264      854
COOLING TOTAL       0                 0       0        0
 SINCE 1/1        119                67      52       65
..............................................................

WIND (MPH)
AVERAGE WIND SPEED              13.3
HIGHEST WIND SPEED/DIRECTION    48/230    DATE  10/11
HIGHEST GUST SPEED/DIRECTION    57/230    DATE  10/11

SKY COVER
POSSIBLE SUNSHINE (PERCENT)   MM
AVERAGE SKY COVER           0.20
NUMBER OF DAYS FAIR           23
NUMBER OF DAYS PC              8
NUMBER OF DAYS CLOUDY          0

AVERAGE RH (PERCENT)     47

WEATHER CONDITIONS. NUMBER OF DAYS WITH
THUNDERSTORM              0     MIXED PRECIP               0
HEAVY RAIN                0     RAIN                       0
LIGHT RAIN                4     FREEZING RAIN              0
LT FREEZING RAIN          0     HAIL                       0
HEAVY SNOW                0     SNOW                       0
LIGHT SNOW                3     SLEET                      0
FOG                       6     FOG W/VIS <= 1/4 MILE      2
HAZE                      1

-  INDICATES NEGATIVE NUMBERS.
R  INDICATES RECORD WAS SET OR TIED.
MM INDICATES DATA IS MISSING.
T  INDICATES TRACE AMOUNT.

$$
