000
CXUS55 KVEF 011316
CLMLAS

CLIMATE REPORT
NATIONAL WEATHER SERVICE LAS VEGAS, NV
459 AM PDT TUE AUG 1 2017

...................................

...THE LAS VEGAS NV CLIMATE SUMMARY FOR THE MONTH OF JULY 2017...

CLIMATE NORMAL PERIOD 1981 TO 2010
CLIMATE RECORD PERIOD 1937 TO 2017

WEATHER         OBSERVED          NORMAL  DEPART  LAST YEAR`S
                 VALUE   DATE(S)  VALUE   FROM    VALUE  DATE(S)
                                          NORMAL
................................................................
TEMPERATURE (F)
RECORD
 HIGH             117   07/19/2005
                        07/24/1942
 LOW               56   07/21/1940
                        07/19/1937
HIGHEST           116   07/07       112       4      115  07/28
                                                          07/27
LOWEST             74   07/19        73       1       71  07/01
AVG. MAXIMUM    106.5             104.2     2.3    107.1
AVG. MINIMUM     84.9              80.9     4.0     83.6
MEAN             95.7              92.5     3.2     95.4
DAYS MAX >= 90     30              30.4    -0.4       31
DAYS MAX <= 32      0               0.0     0.0        0
DAYS MIN <= 32      0               0.0     0.0        0
DAYS MIN <= 0       0               0.0     0.0        0

PRECIPITATION (INCHES)
RECORD
 MAXIMUM         2.48   1984
 MINIMUM         0.00   1993
                        1981
                        1963
TOTALS           0.09              0.40   -0.31     0.20
DAILY AVG.       0.00              0.01   -0.01     0.01
DAYS >= .01         1               2.5    -1.5        2
DAYS >= .10         0               1.0    -1.0        1
DAYS >= .50         0               0.2    -0.2        0
DAYS >= 1.00        0               0.1    -0.1        0
GREATEST
 24 HR. TOTAL    0.09   07/19 TO 07/19

SNOWFALL (INCHES)
RECORDS
 TOTAL            0.0   2002
                        2001
 24 HR TOTAL       MM
TOTALS            0.0               0.0     0.0      0.0
SINCE 7/1         0.0
SNOWDEPTH AVG.      0
DAYS >= TRACE       0
DAYS >= 1.0         0
GREATEST
 SNOW DEPTH         0
 24 HR TOTAL      0.0   07/31 TO 07/31
 STORM TOTAL       MM
 (MM/DD(HH))

DEGREE_DAYS
HEATING TOTAL       0                 0       0        0
 SINCE 7/1          0                 0       0        0
COOLING TOTAL     961               854     107      948
 SINCE 1/1       2450              2054     396     2327

FREEZE DATES
RECORD
 EARLIEST     10/21/1949
 LATEST       04/12/1967
EARLIEST                        11/25
LATEST                          02/28
.................................................................

WIND (MPH)
AVERAGE WIND SPEED              6.6
HIGHEST WIND SPEED/DIRECTION    35/230    DATE  07/17
HIGHEST GUST SPEED/DIRECTION    48/230    DATE  07/17

SKY COVER
POSSIBLE SUNSHINE (PERCENT)   MM
AVERAGE SKY COVER           0.40
NUMBER OF DAYS FAIR           12
NUMBER OF DAYS PC             18
NUMBER OF DAYS CLOUDY          1

AVERAGE RH (PERCENT)     24

WEATHER CONDITIONS. NUMBER OF DAYS WITH
THUNDERSTORM              7     MIXED PRECIP               0
HEAVY RAIN                0     RAIN                       0
LIGHT RAIN                4     FREEZING RAIN              0
LT FREEZING RAIN          0     HAIL                       0
HEAVY SNOW                0     SNOW                       0
LIGHT SNOW                0     SLEET                      0
FOG                       1     FOG W/VIS <= 1/4 MILE      0
HAZE                      3

-  INDICATES NEGATIVE NUMBERS.
R  INDICATES RECORD WAS SET OR TIED.
MM INDICATES DATA IS MISSING.
T  INDICATES TRACE AMOUNT.

$$
