963
CXUS53 KLBF 011003
CLMLBF


CLIMATE REPORT
NATIONAL WEATHER SERVICE NORTH PLATTE
501 AM CDT SUN MAY 1 2016

...................................

...THE NORTH PLATTE NE CLIMATE SUMMARY FOR THE MONTH OF APRIL 2016...

CLIMATE NORMAL PERIOD 1981 TO 2010
CLIMATE RECORD PERIOD 1874 TO 2016

WEATHER         OBSERVED          NORMAL  DEPART  LAST YEAR`S
                 VALUE   DATE(S)  VALUE   FROM    VALUE  DATE(S)
                                          NORMAL
................................................................
TEMPERATURE (F)
RECORD
 HIGH              98   04/30/1992
 LOW               -3   04/02/1936
HIGHEST            81   04/23        85      -4       81  04/01
LOWEST             23   04/02        18       5       22  04/10
                                                          04/03
AVG. MAXIMUM     62.5              62.2     0.3     64.9
AVG. MINIMUM     35.3              33.0     2.3     35.8
MEAN             48.9              47.6     1.3     50.3
DAYS MAX >= 90      0               0.2    -0.2        0
DAYS MAX <= 32      0               0.3    -0.3        0
DAYS MIN <= 32     11              13.8    -2.8       11
DAYS MIN <= 0       0               0.0     0.0        0

PRECIPITATION (INCHES)
RECORD
 MAXIMUM         7.10   1915
 MINIMUM         0.04   1928
TOTALS           5.36              2.27    3.09     3.01
DAILY AVG.       0.18              0.08    0.10     0.10
DAYS >= .01        11               8.4     2.6       12
DAYS >= .10         7               4.6     2.4        7
DAYS >= .50         4               1.4     2.6        1
DAYS >= 1.00        2               0.4     1.6        1
GREATEST
 24 HR. TOTAL    2.59   04/15 TO 04/16           04/18 TO 04/18
                                                          04/09 TO 04/09
                                                          04/09 TO 04/09

SNOWFALL (INCHES)
RECORDS
 TOTAL           14.8   1886
TOTALS            2.5               3.2    -0.7      2.1
SINCE 7/1        32.4              28.5     3.9     21.3
SNOWDEPTH AVG.      0                MM      MM        0
DAYS >= 1.0         1               0.9     0.1        1
GREATEST
 SNOW DEPTH         0   04/30                          0  MM
 24 HR TOTAL      2.3   04/30 TO 04/30

DEGREE_DAYS
HEATING TOTAL     478               525     -47      436
 SINCE 7/1       5441              6390    -949     5984
COOLING TOTAL       1                 3      -2        2
 SINCE 1/1          1                 3      -2        2
..........................................................

WIND (MPH)
AVERAGE WIND SPEED              11.9
HIGHEST WIND SPEED/DIRECTION    39/020    DATE  04/16
HIGHEST GUST SPEED/DIRECTION    49/160    DATE  04/15

SKY COVER
POSSIBLE SUNSHINE (PERCENT)   MM
AVERAGE SKY COVER           0.40
NUMBER OF DAYS FAIR           16
NUMBER OF DAYS PC              6
NUMBER OF DAYS CLOUDY          8

AVERAGE RH (PERCENT)     66

WEATHER CONDITIONS. NUMBER OF DAYS WITH
THUNDERSTORM              0     MIXED PRECIP               0
HEAVY RAIN                3     RAIN                       5
LIGHT RAIN               13     FREEZING RAIN              0
LT FREEZING RAIN          0     HAIL                       0
HEAVY SNOW                0     SNOW                       0
LIGHT SNOW                3     SLEET                      0
FOG                      11     FOG W/VIS <= 1/4 MILE      1
HAZE                      3

-  INDICATES NEGATIVE NUMBERS.
R  INDICATES RECORD WAS SET OR TIED.
MM INDICATES DATA IS MISSING.
T  INDICATES TRACE AMOUNT.

$$
