000
CXUS53 KLBF 011131 CCC
CLMLBF

CLIMATE REPORT
NATIONAL WEATHER SERVICE NORTH PLATTE
525 AM CST WED MAR 1 2017

...................................

...THE NORTH PLATTE NE CLIMATE SUMMARY FOR THE MONTH OF FEBRUARY
2017...

CLIMATE NORMAL PERIOD 1981 TO 2010
CLIMATE RECORD PERIOD 1874 TO 2017

WEATHER         OBSERVED          NORMAL  DEPART  LAST YEAR`S
                 VALUE   DATE(S)  VALUE   FROM    VALUE  DATE(S)
                                          NORMAL
................................................................
TEMPERATURE (F)
RECORD
 HIGH              79   02/21/2017

 LOW              -35   MM
HIGHEST            79R  02/21        66      13       77  02/27
LOWEST              4   02/25        -5       9       -1  02/04
AVG. MAXIMUM     51.0              43.0     8.0     48.7
AVG. MINIMUM     19.9              15.0     4.9     19.8
MEAN             35.5              29.0     6.5     34.3
DAYS MAX >= 90      0               0.0     0.0        0
DAYS MAX <= 32      6               6.2    -0.2        3
DAYS MIN <= 32     27              27.3    -0.3       29
DAYS MIN <= 0       0               2.9    -2.9        1

PRECIPITATION (INCHES)
RECORD
 MAXIMUM         1.98   1978
 MINIMUM            T   1996
TOTALS           0.52              0.50    0.02     0.78
DAILY AVG.       0.02              0.02    0.00     0.03
DAYS >= .01         6               5.1     0.9        4
DAYS >= .10         2               1.6     0.4        2
DAYS >= .50         0               0.1    -0.1        0
DAYS >= 1.00        0               0.0     0.0        0
GREATEST
 24 HR. TOTAL    0.21   02/23 TO 02/23

SNOWFALL (INCHES)
RECORDS
 TOTAL           20.6   1978
TOTALS            5.9               5.3     0.6     12.0
SINCE 7/1        20.3              20.9    -0.6     25.6
SNOWDEPTH AVG.      0                 2      -2        3
DAYS >= 1.0         2               1.8     0.2        2
GREATEST
 SNOW DEPTH         4   02/24
 24 HR TOTAL      3.0   02/23 TO 02/23

DEGREE_DAYS
HEATING TOTAL     819              1008    -189      883
 SINCE 7/1       4322              5028    -706     4277
COOLING TOTAL       0                 0       0        0
 SINCE 1/1          0                 0       0        0
..................................................

WIND (MPH)
AVERAGE WIND SPEED              8.2
HIGHEST WIND SPEED/DIRECTION    29/350    DATE  02/14
HIGHEST GUST SPEED/DIRECTION    39/360    DATE  02/14

SKY COVER
POSSIBLE SUNSHINE (PERCENT)   MM
AVERAGE SKY COVER           0.20
NUMBER OF DAYS FAIR           21
NUMBER OF DAYS PC              4
NUMBER OF DAYS CLOUDY          3

AVERAGE RH (PERCENT)     61

WEATHER CONDITIONS. NUMBER OF DAYS WITH
THUNDERSTORM              0     MIXED PRECIP               0
HEAVY RAIN                0     RAIN                       0
LIGHT RAIN                1     FREEZING RAIN              0
LT FREEZING RAIN          0     HAIL                       0
HEAVY SNOW                0     SNOW                       0
LIGHT SNOW                6     SLEET                      0
FOG                       7     FOG W/VIS <= 1/4 MILE      1
HAZE                      3

-  INDICATES NEGATIVE NUMBERS.
R  INDICATES RECORD WAS SET OR TIED.
MM INDICATES DATA IS MISSING.
T  INDICATES TRACE AMOUNT.

$$
