000
CXHW51 PHFO 040112
CLMLIH


CLIMATE REPORT
NATIONAL WEATHER SERVICE HONOLULU HI
302 PM HST TUE MAY 3 2016

...................................

...THE LIHUE HI CLIMATE SUMMARY FOR THE MONTH OF APRIL 2016...

CLIMATE NORMAL PERIOD 1981 TO 2010
CLIMATE RECORD PERIOD 1946 TO 2016

WEATHER         OBSERVED          NORMAL  DEPART  LAST YEAR`S
                 VALUE   DATE(S)  VALUE   FROM    VALUE  DATE(S)
                                          NORMAL
................................................................
TEMPERATURE (F)
RECORD
 HIGH              88   04/27/1981
 LOW               56   04/22/1958
HIGHEST            86   04/30        79       7       84  04/23
                        04/29
                        04/28
LOWEST             65   04/01        69      -4       67  04/03
AVG. MAXIMUM     80.9              79.2     1.7     81.6
AVG. MINIMUM     70.9              68.8     2.1     71.3
MEAN             75.9              74.0     1.9     76.4
DAYS MAX >= 90      0               0.0     0.0        0
DAYS MAX <= 32      0               0.0     0.0        0
DAYS MIN <= 32      0               0.0     0.0        0
DAYS MIN <= 0       0               0.0     0.0        0

PRECIPITATION (INCHES)
RECORD
 MAXIMUM        10.65   1972
 MINIMUM         0.32   1992
TOTALS           0.84              2.25   -1.41     1.48
DAILY AVG.       0.03              0.08   -0.05     0.05
DAYS >= .01        17              16.6     0.4       17
DAYS >= .10         2               6.2    -4.2        4
DAYS >= .50         0               0.8    -0.8        0
DAYS >= 1.00        0               0.3    -0.3        0
GREATEST
 24 HR. TOTAL    0.40   04/16 TO 04/17              0.44

SNOWFALL (INCHES)
RECORDS
 TOTAL             MM   5
TOTALS            0.0               0.0     0.0      0.0
SINCE 7/1         0.0               0.0     0.0      0.0
SNOWDEPTH AVG.      0                MM      MM        0
DAYS >= 1.0         0               0.0     0.0        0
GREATEST
 SNOW DEPTH         0   MM                             0  MM
 24 HR TOTAL      0.0   04/30 TO 04/30               0.0

DEGREE_DAYS
HEATING TOTAL       0                 0       0        0
 SINCE 7/1          0                 0       0        0
COOLING TOTAL     333               270      63      351
 SINCE 1/1       1023               904     119     1061
.................................................................

WIND (MPH)
AVERAGE WIND SPEED              14.4
HIGHEST WIND SPEED/DIRECTION    30/110    DATE  04/27
HIGHEST GUST SPEED/DIRECTION    35/080    DATE  04/27

SKY COVER
POSSIBLE SUNSHINE (PERCENT)   MM
AVERAGE SKY COVER           0.70
NUMBER OF DAYS FAIR            2
NUMBER OF DAYS PC             19
NUMBER OF DAYS CLOUDY          9

AVERAGE RH (PERCENT)     72

WEATHER CONDITIONS. NUMBER OF DAYS WITH
THUNDERSTORM              0     MIXED PRECIP               0
HEAVY RAIN                3     RAIN                       4
LIGHT RAIN               20     FREEZING RAIN              0
LT FREEZING RAIN          0     HAIL                       0
HEAVY SNOW                0     SNOW                       0
LIGHT SNOW                0     SLEET                      0
FOG                      10     FOG W/VIS <= 1/4 MILE      0
HAZE                      6

-  INDICATES NEGATIVE NUMBERS.
R  INDICATES RECORD WAS SET OR TIED.
MM INDICATES DATA IS MISSING.
T  INDICATES TRACE AMOUNT.

$$
