000
CXUS53 KOAX 050221
CLMLNK

CLIMATE REPORT
NATIONAL WEATHER SERVICE OMAHA NEBRASKA
821 PM CST TUE NOV 4 2014

...................................

...THE LINCOLN CLIMATE SUMMARY FOR THE MONTH OF OCTOBER 2014...

CLIMATE NORMAL PERIOD 1981 TO 2010
CLIMATE RECORD PERIOD 1887 TO 2014

WEATHER         OBSERVED          NORMAL  DEPART
                 VALUE   DATE(S)  VALUE   FROM
                                          NORMAL
................................................
TEMPERATURE (F)
HIGHEST            86   10/26
LOWEST             26   10/31
AVG. MAXIMUM     68.6              65.8     2.8
AVG. MINIMUM     41.7              40.6     1.1
MEAN             55.2              53.2     2.0
DAYS MAX >= 90      0
DAYS MAX <= 32      0
DAYS MIN <= 32      3
DAYS MIN <= 0       0

PRECIPITATION (INCHES)
RECORD
 MAXIMUM         5.40   1986
 MINIMUM            T   1952
TOTALS           2.46              1.97    0.49
DAILY AVG.       0.08
DAYS >= .01         5
DAYS >= .10         5
DAYS >= .50         2
DAYS >= 1.00        1
GREATEST
 24 HR. TOTAL    4.62   09/30 TO 10/01

SNOWFALL (INCHES)
RECORDS
 TOTAL           13.2   1997
TOTALS            0.0               0.7
SINCE 7/1         0.0
DAYS >= 1.0         0               0.1    -0.1
GREATEST
 SNOW DEPTH         0
 24 HR TOTAL      0.0

DEGREE DAYS
HEATING TOTAL     310               381     -71
 SINCE 7/1        405               479     -74
COOLING TOTAL      10                15      -5
 SINCE 1/1       1237              1173      64
.................................................

WIND (MPH)
AVERAGE WIND SPEED              9.0
HIGHEST WIND SPEED/DIRECTION    35/330    DATE  10/03
HIGHEST GUST SPEED/DIRECTION    46/330    DATE  10/05

SKY COVER
AVERAGE SKY COVER           0.20


WEATHER CONDITIONS. NUMBER OF DAYS WITH
THUNDERSTORM              5     MIXED PRECIP               0
HEAVY RAIN                2     RAIN                       4
LIGHT RAIN               11     FREEZING RAIN              0
LT FREEZING RAIN          0     HAIL                       0
HEAVY SNOW                0     SNOW                       0
LIGHT SNOW                0     SLEET                      0
FOG                       8     FOG W/VIS <= 1/4 MILE      1
HAZE                      4

-  INDICATES NEGATIVE NUMBERS.
R  INDICATES RECORD WAS SET OR TIED.
MM INDICATES DATA IS MISSING.
T  INDICATES TRACE AMOUNT.
>  INDICATES GREATER THAN OR EQUAL TO.
<  INDICATES LESS THAN OR EQUAL TO.

&&

...OCTOBER WAS WARMER AND WETTER THAN NORMAL IN LINCOLN...

OCTOBER IN LINCOLN BROUGHT A ROLLER-COASTER OF TEMPERATURES THAT
LEANED TOWARD THE WARM SIDE...WITH A MODERATE AMOUNT OF
PRECIPITATION ON RELATIVELY FEW DAYS.  THE AVERAGE TEMPERATURE OF
55.2 DEGREES WAS 2.0 DEGREES ABOVE NORMAL...WHILE THE TOTAL
PRECIPITATION OF 2.46 INCHES WAS 0.49 INCHES ABOVE NORMAL.

OCTOBER ARRIVED ON A WARM AND WET NOTE...CARRYING A HEAVY RAIN EVENT
OVER FROM SEPTEMBER 30TH...BEFORE COOLER TEMPERATURES SET IN ON THE
3RD AND 4TH.  A STRING OF DRY WEATHER FROM THE 3RD THROUGH THE 11TH
WAS ACCOMPANIED BY SWINGS BETWEEN ABOVE AND BELOW NORMAL
TEMPERTURES...BROUGHT TO AN END ON THE 12TH AND 13TH WITH ANOTHER
BATCH OF RAINFALL AND TEMPERATURES CLOSER TO AVERAGE. THE FIRST
FREEZE OF FALL ARRIVED ON THE 11TH WITH A LOW OF 30 DEGREES...WHICH
EXACTLY MATCHES THE PERIOD-OF-RECORD AVERAGE FIRST FREEZE DATE FOR
LINCOLN.

FROM THE 16TH THROUGH THE 28TH...TEMPERATURES WERE ABOVE NORMAL ON
ALL BUT ONE DAY...WITH A PROLONGED PERIOD OF HIGHS IN THE 70S OR 80S
FROM THE 19TH THROUGH THE 27TH.  THE HIGH TEMPERATURE OF 86 ON THE
26TH WAS THE WARMEST OF THE MONTH AND ALSO TIED A DAILY RECORD.  DRY
WEATHER ALSO PERSISTED FROM THE 14TH THROUGH THE 31ST...WITH THE
DISTINCT EXCEPTION OF THE 22ND...WHICH SAW 0.66 INCHES OF RAIN.
TEMPERATURES DIPPED NEAR TO BELOW AVERAGE FROM THE 29TH TO THE
31ST...AND THE COLDEST HIGH AND LOW TEMPERATURES OF THE MONTH BOTH
OCCURRED ON THE 31ST...WITH A HIGH OF JUST 46 AND A LOW OF 26.


DAILY RECORDS SET IN OCTOBER 2014:
DATE         RECORD           READING  PREVIOUS RECORD
OCTOBER 26   WARM MAX TEMP     86      86 (TIES WITH 1927)

$$

MAYES
