000
CXUS53 KLOT 011137
CLMLOT


CLIMATE REPORT
NATIONAL WEATHER SERVICE CHICAGO IL
627 AM CDT MON SEP 1 2014

...................................

...THE ROMEOVILLE  WFO CLIMATE SUMMARY FOR THE MONTH OF AUGUST 2014...

CLIMATE NORMAL PERIOD 1981 TO 2010
CLIMATE RECORD PERIOD 1992 TO 2014

WEATHER         OBSERVED          NORMAL  DEPART  LAST YEAR`S
                 VALUE   DATE(S)  VALUE   FROM    VALUE
                                          NORMAL
.............................................................
TEMPERATURE (F)
RECORD
 HIGH              97   08/13/1995
 LOW               47   08/31/2009
HIGHEST            88
LOWEST             51
AVG. MAXIMUM     81.2              82.0    -0.8     82.9
AVG. MINIMUM     63.6              62.7     0.9     62.2
MEAN             72.4              72.3     0.1     72.6

PRECIPITATION (INCHES)
RECORD
 MAXIMUM         9.76   2007
 MINIMUM         0.59   1996
TOTALS           9.73              4.07    5.66     3.20

SNOWFALL (INCHES)
RECORDS
 TOTAL             MM   MM
TOTALS            0.0               0.0     0.0
SINCE 7/1         0.0               0.0     0.0

DEGREE_DAYS
HEATING TOTAL       3                 6      -3
COOLING TOTAL     241               233       8
 SINCE 1/1        671               753     -82
..............................................................



-  INDICATES NEGATIVE NUMBERS.
R  INDICATES RECORD WAS SET OR TIED.
MM INDICATES DATA IS MISSING.
T  INDICATES TRACE AMOUNT.

$$
