000
CXUS54 KLZK 020610
CLMLZK


CLIMATE REPORT
NATIONAL WEATHER SERVICE LITTLE ROCK AR
1206 AM CST SAT DEC 2 2017

...................................

...THE NORTH LITTLE ROCK CLIMATE SUMMARY FOR THE MONTH OF NOVEMBER 2017...

CLIMATE NORMAL PERIOD 1981 TO 2010
CLIMATE RECORD PERIOD 1975 TO 2017

WEATHER         OBSERVED          NORMAL  DEPART  LAST YEAR`S
                 VALUE   DATE(S)  VALUE   FROM    VALUE  DATE(S)
                                          NORMAL
................................................................
TEMPERATURE (F)
RECORD
 HIGH              84   11/01/2003
 LOW               14   11/29/1976
HIGHEST            82   11/02        62      20       83  11/01
LOWEST             32   11/23        43     -11       33  11/20
AVG. MAXIMUM     65.9              61.7     4.2     66.0
AVG. MINIMUM     46.7              43.9     2.8     47.5
MEAN             56.3              52.8     3.5     56.7
DAYS MAX >= 90      0               0.0     0.0        0
DAYS MAX <= 32      0               0.0     0.0        0
DAYS MIN <= 32      1               3.0    -2.0        0
DAYS MIN <= 0       0               0.0     0.0        0

PRECIPITATION (INCHES)
RECORD
 MAXIMUM        14.82   1988
 MINIMUM         0.50   1999
TOTALS           0.41R             5.39   -4.98     2.46
DAILY AVG.       0.01              0.18   -0.17     0.08
DAYS >= .01         4               8.8    -4.8        6
DAYS >= .10         1                                  4
DAYS >= .50         0                                  2
DAYS >= 1.00        0               1.9    -1.9        1
GREATEST
 24 HR. TOTAL    0.29   11/15 TO 11/15
 STORM TOTAL       MM
 (MM/DD(HH))            MM

SNOWFALL (INCHES)
RECORDS
 TOTAL            4.0   1980
                        1976
 24 HR TOTAL      4.0   11/26/1980 TO 11/26/1980
                        11/14/1976 TO 11/14/1976
 SNOW DEPTH         4   11/27/1980
TOTALS            0.0                 T     0.0      0.0
 LIQUID EQUIV    0.00              0.00    0.00     0.00
SINCE 7/1           T                 T     0.0        T
 LIQUID 7/1        MM              0.00      MM       MM
SNOWDEPTH AVG.      0
DAYS >= TRACE       0               0.0     0.0        0
DAYS >= 1.0         0                                  0
GREATEST
 SNOW DEPTH         0   MM
 24 HR TOTAL      0.0

DEGREE_DAYS
HEATING TOTAL     284               377     -93      269
 SINCE 7/1        406               512    -106      294
COOLING TOTAL      29                11      18       28
 SINCE 1/1       2083              2169     -86     2374

FREEZE DATES
RECORD
 EARLIEST     10/20/1989
 LATEST       04/19/1983
EARLIEST      11/23             11/13
LATEST                          03/19
.................................................

WIND (MPH)
AVERAGE WIND SPEED              5.2
HIGHEST WIND SPEED/DIRECTION    20/320    DATE  11/18
HIGHEST GUST SPEED/DIRECTION    42/230    DATE  11/18

SKY COVER
POSSIBLE SUNSHINE (PERCENT)   MM
AVERAGE SKY COVER           0.00
NUMBER OF DAYS FAIR          MM
NUMBER OF DAYS PC            MM
NUMBER OF DAYS CLOUDY        MM

AVERAGE RH (PERCENT)     68

WEATHER CONDITIONS. NUMBER OF DAYS WITH
THUNDERSTORM              0     MIXED PRECIP               0
HEAVY RAIN                2     RAIN                       2
LIGHT RAIN                6     FREEZING RAIN              0
LT FREEZING RAIN          0     HAIL                       0
HEAVY SNOW                0     SNOW                       0
LIGHT SNOW                0     SLEET                      0
FOG                       6     FOG W/VIS <= 1/4 MILE      2
HAZE                      0

-  INDICATES NEGATIVE NUMBERS.
R  INDICATES RECORD WAS SET OR TIED.
MM INDICATES DATA IS MISSING.
T  INDICATES TRACE AMOUNT.

&&

...Data for North Little Rock for November 2017...

.Summary...

November 2017 at North Little Rock was warmer than the 30-year
average. What helped the month stay above average was the high
temperatures at the beginning of the month. The warmest period was
the first week, when high temperatures were in the 70s and 80s for
five out of seven days, and daily temperatures were as much as 15 to
near 20 degrees above average. The coolest period of the month was
from the 7th through the 14th, and the 19th through the 23rd, with
daily temperatures five to near 10 degrees below average at times.

Rain was severely lacking this month. Measurable rain fell on four
days, but amounted to less than half an inch for the month. This was
also the fewest measurable rain days in November since 2009. No rain
fell after the 15th.

No snow fell for the 3rd November in a row.

.Monthly Temperatures...
The average high temperature was the coolest since 2015. The average
low was the coolest since 2014. The average monthly temperature was
the coolest since 2015. Even so, the average high and average
monthly temperatures were still the 6th warmest on record.

.Daily Temperatures...
Daily temperatures were above average on 18 days and below average
on 12 days.

.Daily Record Temperatures Tied or Broken During the Month...
Date  Record Type               New Record          Previous Record
 2nd  Highest Low Temperature   66 in 2017          66 in 2016
 5th  Highest Low Temperature   69 in 2017          63 in 2015
18th  High Temperature          78 in 2017     75 in 2003, 2001, 1981

On the 2nd, the high temperature of 82 degrees most recently tied
November 1, 2000 for the 3rd warmest November high temperature since
records began in 1975.

On the 5th, the low temperature of 69 degrees was the warmest November
low temperature since 1994, and set a new record for the warmest November
low temperature at North Little Rock since records began. The previous
record was 68 degrees on November 3, 1994.

On the 2nd, the low temperature of 66 degrees most recently tied November
2, 2016 for the 4th warmest low temperature on record for the month.

On the 2nd, the daily average temperature of 74.0 degrees ranked as the
2nd warmest daily average temperature for the month.

On the 3rd, the daily average temperature of 73.5 degrees most recently
tied November 2, 2003 for the 3rd warmest on record for the month.

.Monthly Rainfall...
Rainfall was significantly below average. It was the driest November since
1999, and the driest on record. The previous driest November was in 1999,
when 0.50 inches of rain fell.

It was also the 9th driest month since records began in 1975.

.Daily Rainfall Records Tied or Broken During the Month...
None.

.Monthly Snowfall...
No snow fell for the 3rd year in a row.

$$

57
