000
CXUS56 KHNX 011700
CLMMAE


CLIMATE REPORT
NATIONAL WEATHER SERVICE SAN JOAQUIN VALLEY, CA
853 AM PST SUN JAN 1 2017

...................................

...THE MADERA CA AIRPORT CLIMATE SUMMARY FOR THE MONTH OF DECEMBER 2016...

CLIMATE NORMAL PERIOD 1981 TO 2010
CLIMATE RECORD PERIOD 1998 TO 2016

WEATHER         OBSERVED          NORMAL  DEPART  LAST YEAR`S
                 VALUE   DATE(S)  VALUE   FROM    VALUE  DATE(S)
                                          NORMAL
................................................................
TEMPERATURE (F)
RECORD
 HIGH              76   12/08/2006
 LOW               19   12/05/2013
                        12/23/1998
                        12/21/1998
HIGHEST            68   12/14        MM      MM       68  12/03
LOWEST             27   12/26        MM      MM       28  12/26
AVG. MAXIMUM     56.6              54.3     2.3     56.1
AVG. MINIMUM     37.2              36.4     0.8     36.3
MEAN             46.9              45.3     1.6     46.2
DAYS MAX >= 90      0               0.0     0.0        0
DAYS MIN <= 32     11               9.3     1.7       10

PRECIPITATION (INCHES)
RECORD
 MAXIMUM         4.19  2010
TOTALS           1.87              1.70    0.17     2.33
DAYS >= .01         7                MM      MM        8
DAYS >= .10         5                MM      MM        6
DAYS >= .50         1                MM      MM        1
DAYS >= 1.00        0                MM      MM        0
GREATEST
 24 HR. TOTAL    0.95   12/15 TO 12/16

SNOWFALL (INCHES)
RECORDS
 TOTAL            0.0
TOTALS            0.0               0.0

DEGREE_DAYS
HEATING TOTAL     552               609     -57      574
 SINCE 7/1        860              1075    -215      985
COOLING TOTAL       0                 0       0        0
 SINCE 1/1       1819              1523     296     2056
.................................................................

WIND (MPH)
AVERAGE WIND SPEED              4.4
HIGHEST WIND SPEED/DIRECTION    23/110    DATE  12/23
HIGHEST GUST SPEED/DIRECTION    30/280    DATE  12/16

AVERAGE RH (PERCENT)     76

WEATHER CONDITIONS. NUMBER OF DAYS WITH
THUNDERSTORM              0     RAIN                       5
HAIL                      0     FOG                       29
FOG W/VIS <= 1/4 MILE     8     HAZE                      17

-  INDICATES NEGATIVE NUMBERS.
R  INDICATES RECORD WAS SET OR TIED.
MM INDICATES DATA IS MISSING.
T  INDICATES TRACE AMOUNT.

$$
