000
CXUS53 KABR 040104
CLMMBG
CLIMATE REPORT
NATIONAL WEATHER SERVICE ABERDEEN SD
804 PM CDT WED APR 03 2024
...................................
...THE MOBRIDGE SD CLIMATE SUMMARY FOR THE MONTH OF MARCH 2024...
CLIMATE NORMAL PERIOD 1991 TO 2020
CLIMATE RECORD PERIOD 1911 TO 2024
WEATHER OBSERVED NORMAL DEPART LAST YEAR`S
VALUE DATE(S) VALUE FROM VALUE DATE(S)
NORMAL
................................................................
TEMPERATURE (F)
RECORD
HIGH 84 03/27/1946
03/23/1939
LOW -22 03/10/1948
03/03/1916
HIGHEST 67 03/12 MM MM 43 03/03
LOWEST 4 03/27 MM MM -6 03/13
AVG. MAXIMUM 44.3 44.6 -0.3 30.3
AVG. MINIMUM 21.0 22.2 -1.2 11.1
MEAN 32.6 33.4 -0.8 20.7
DAYS MAX >= 90 0 0.0 0.0 0
DAYS MAX <= 32 7 7.1 -0.1 21
DAYS MIN <= 32 29 26.8 2.2 31
DAYS MIN <= 0 0 2.3 -2.3 3
PRECIPITATION (INCHES)
RECORD
MAXIMUM 3.98 1966
MINIMUM T 1927
TOTALS 0.64 0.71 -0.07 1.19
DAYS >= .01 6 7.1 -1.1 9
DAYS >= .10 3 1.8 1.2 5
DAYS >= .50 0 0.3 -0.3 0
DAYS >= 1.00 0 0.0 0.0 0
SNOWFALL (INCHES)
RECORDS
TOTAL 36.3 1966
SNOW DEPTH 14 03/10/2023
03/11/2023
TOTALS 5.5 4.1 1.4 14.5
SINCE 7/1 11.0 27.8 -16.8 MM
SNOWDEPTH AVG. 0 7
DAYS >= TRACE 12 3.5 8.5 17
DAYS >= 1.0 3 1.4 1.6 6
GREATEST
SNOW DEPTH 3 03/25 14 03/10
03/11
DEGREE DAYS
HEATING TOTAL 994 980 14 1366
SINCE 7/1 5931 6666 -735 MM
COOLING TOTAL 0 0 0 0
SINCE 1/1 0 0 0 MM
FREEZE DATES
RECORD
EARLIEST MM
LATEST MM
EARLIEST 10/06
LATEST 05/02
................................................................
WIND (MPH)
AVERAGE WIND SPEED 11.1
RESULTANT WIND SPEED/DIRECTION 4/020
HIGHEST WIND SPEED/DIRECTION 36/290 DATE 03/03
HIGHEST GUST SPEED/DIRECTION 47/300 DATE 03/03
SKY COVER
POSSIBLE SUNSHINE (PERCENT) MM
AVERAGE SKY COVER 0.45
NUMBER OF DAYS FAIR 15
NUMBER OF DAYS PC 6
NUMBER OF DAYS CLOUDY 10
AVERAGE RH (PERCENT) 61
WEATHER CONDITIONS. NUMBER OF DAYS WITH
THUNDERSTORM 0 MIXED PRECIP 0
HEAVY RAIN 0 RAIN 0
LIGHT RAIN 1 FREEZING RAIN 0
LT FREEZING RAIN 0 HAIL 0
HEAVY SNOW 2 SNOW 2
LIGHT SNOW 10 SLEET 0
FOG 6 FOG W/VIS <= 1/4 MILE 2
HAZE 3
- INDICATES NEGATIVE NUMBERS.
R INDICATES RECORD WAS SET OR TIED.
MM INDICATES DATA IS MISSING.
T INDICATES TRACE AMOUNT.
$$