000
CXUS53 KABR 011623
CLMMBG


CLIMATE REPORT
NATIONAL WEATHER SERVICE ABERDEEN SD
1007 AM CST MON DEC 1 2014

...................................

...THE MOBRIDGE SD CLIMATE SUMMARY FOR THE MONTH OF NOVEMBER 2014...

CLIMATE NORMAL PERIOD 1981 TO 2010
CLIMATE RECORD PERIOD 1911 TO 2014

WEATHER         OBSERVED          NORMAL  DEPART  LAST YEAR`S
                 VALUE   DATE(S)  VALUE   FROM    VALUE  DATE(S)
                                          NORMAL
................................................................
TEMPERATURE (F)
RECORD
 HIGH              78   11/02/1917
 LOW              -20   11/28/1985
                        11/26/1985
HIGHEST            67   11/07        MM      MM       57  11/13
                        11/02
LOWEST             -3   11/13        MM      MM       -2  11/23
AVG. MAXIMUM     34.5              42.8    -8.3     41.7
AVG. MINIMUM     15.9              21.1    -5.2     18.0
MEAN             25.2              31.9    -6.7     29.9
DAYS MAX >= 90      0               0.0     0.0        0
DAYS MAX <= 32     16               6.9     9.1        6
DAYS MIN <= 32     26              26.5    -0.5       29
DAYS MIN <= 0       4               1.3     2.7        1

PRECIPITATION (INCHES)
RECORD
 MAXIMUM         2.72   1977
 MINIMUM            T   2006
                        1999
                        1939
TOTALS           0.80              0.48    0.32     0.04
DAYS >= .01         7                MM      MM        1
DAYS >= .10         3                MM      MM        0
DAYS >= .50         0                MM      MM        0
DAYS >= 1.00        0                MM      MM        0

SNOWFALL (INCHES)
RECORDS
 TOTAL           25.0   5

 SNOW DEPTH        MM   MM
TOTALS            7.5                MM      MM        T
SINCE 7/1         7.5                MM      MM      1.0
SNOWDEPTH AVG.      1                MM      MM        0
DAYS >= TRACE      16
DAYS >= 1.0         3
GREATEST
 SNOW DEPTH         5   11/11                          0  MM
                        11/10

DEGREE_DAYS
HEATING TOTAL    1187               992     195     1046
 SINCE 7/1       1825              1766      59     1808
COOLING TOTAL       0                 0       0        0
 SINCE 1/1        471               644    -173      700

FREEZE DATES
RECORD
 EARLIEST     MM
 LATEST       MM
EARLIEST                        MM
LATEST                          MM
.................................................................

WIND (MPH)
AVERAGE WIND SPEED              13.6
RESULTANT WIND SPEED/DIRECTION   6/321
HIGHEST WIND SPEED/DIRECTION    40/330    DATE  11/07
HIGHEST GUST SPEED/DIRECTION    52/320    DATE  11/07

SKY COVER
POSSIBLE SUNSHINE (PERCENT)   MM
AVERAGE SKY COVER           0.50
NUMBER OF DAYS FAIR            8
NUMBER OF DAYS PC             15
NUMBER OF DAYS CLOUDY          7

AVERAGE RH (PERCENT)     70

WEATHER CONDITIONS. NUMBER OF DAYS WITH
THUNDERSTORM              0     MIXED PRECIP               0
HEAVY RAIN                0     RAIN                       0
LIGHT RAIN                4     FREEZING RAIN              0
LT FREEZING RAIN          1     HAIL                       0
HEAVY SNOW                1     SNOW                       2
LIGHT SNOW               16     SLEET                      0
FOG                      11     FOG W/VIS <= 1/4 MILE      2
HAZE                      8

-  INDICATES NEGATIVE NUMBERS.
R  INDICATES RECORD WAS SET OR TIED.
MM INDICATES DATA IS MISSING.
T  INDICATES TRACE AMOUNT.

$$
