000
CXUS42 KFFC 050322
CLMMCN


CLIMATE REPORT
NATIONAL WEATHER SERVICE PEACHTREE CITY GA
1121 PM EDT SAT JUL 4 2015

...................................

...THE MACON CLIMATE SUMMARY FOR THE MONTH OF JUNE 2015...

CLIMATE NORMAL PERIOD 1981 TO 2010
CLIMATE RECORD PERIOD 1899 TO 2015

WEATHER         OBSERVED          NORMAL  DEPART  LAST YEAR`S
                 VALUE   DATE(S)  VALUE   FROM    VALUE  DATE(S)
                                          NORMAL
................................................................
TEMPERATURE (F)
RECORD
 HIGH             108   06/30/2012
 LOW               46   06/02/1972
                        06/12/1913
HIGHEST           100   06/18       105      -5       95  06/21
                        06/17                             06/20
LOWEST             62   06/29        46      16       63  06/14
                        06/05                             06/02
AVG. MAXIMUM     92.7              90.3     2.4     90.2
AVG. MINIMUM     68.9              67.6     1.3     67.0
MEAN             80.8              78.9     1.9     78.6
DAYS MAX >= 90     22              17.2     4.8       21
DAYS MAX <= 32      0               0.0     0.0        0
DAYS MIN <= 32      0               0.0     0.0        0
DAYS MIN <= 0       0               0.0     0.0        0

PRECIPITATION (INCHES)
RECORD
 MAXIMUM        12.25   2013
 MINIMUM         0.40   1917
TOTALS           3.78              4.06   -0.28
DAILY AVG.       0.13              0.14   -0.01     0.19
DAYS >= .01        12              10.3     1.7       13
DAYS >= .10         7               6.7     0.3        7
DAYS >= .50         2               2.5    -0.5        3
DAYS >= 1.00        1               1.1    -0.1        2
GREATEST
 24 HR. TOTAL    2.02   06/18 TO 06/18           06/29 TO 06/30
                        06/17 TO 06/18                    06/30 TO 06/30
                        06/18 TO 06/18                    06/30 TO 06/30

DEGREE_DAYS
HEATING TOTAL       0                 0       0        0
 SINCE 7/1       2471              2322     149     2626
COOLING TOTAL     481               419      62      415
 SINCE 1/1        866               732     134      693
.................................................

WIND (MPH)
AVERAGE WIND SPEED              4.3
HIGHEST WIND SPEED/DIRECTION    32/140    DATE  06/18
HIGHEST GUST SPEED/DIRECTION    43/320    DATE  06/18

SKY COVER
POSSIBLE SUNSHINE (PERCENT)    0
AVERAGE SKY COVER           0.20
NUMBER OF DAYS FAIR           23
NUMBER OF DAYS PC              7
NUMBER OF DAYS CLOUDY          0

AVERAGE RH (PERCENT)     68

WEATHER CONDITIONS. NUMBER OF DAYS WITH
THUNDERSTORM              0     MIXED PRECIP               0
HEAVY RAIN                5     RAIN                       4
LIGHT RAIN                9     FREEZING RAIN              0
LT FREEZING RAIN          0     HAIL                       1
HEAVY SNOW                0     SNOW                       0
LIGHT SNOW                0     SLEET                      0
FOG                      18     FOG W/VIS <= 1/4 MILE      1
HAZE                      4

-  INDICATES NEGATIVE NUMBERS.
R  INDICATES RECORD WAS SET OR TIED.
MM INDICATES DATA IS MISSING.
T  INDICATES TRACE AMOUNT.

$$
