000
CXUS52 KMLB 011401
CLMMCO


CLIMATE REPORT
NATIONAL WEATHER SERVICE MELBOURNE FL
803 AM EST THU FEB 1 2018

...................................

...THE ORLANDO  AREA CLIMATE SUMMARY FOR THE MONTH OF JANUARY 2018...

CLIMATE NORMAL PERIOD 1981 TO 2010
CLIMATE RECORD PERIOD 1892 TO 2018

WEATHER         OBSERVED          NORMAL  DEPART  LAST YEAR`S
                 VALUE   DATE(S)  VALUE   FROM    VALUE  DATE(S)
                                          NORMAL
................................................................
TEMPERATURE (F)
MONTHLY RECORD
 HOTTEST         71.6   1974
 COLDEST         50.6   1977

DAILY RECORD
 HIGH              88   01/30/1923
                        01/06/1921
 LOW               19   01/21/1985

JANUARY 2018
HIGHEST            83   01/23                         86
LOWEST             27   01/18                         36
AVG. MAXIMUM     68.8              71.2    -2.4     75.6
AVG. MINIMUM     47.2              49.2    -2.0     53.6
MEAN             58.0              60.2    -2.2     64.6
DAYS MAX >= 90      0               0.0     0.0        0
DAYS MAX <= 32      0               0.0     0.0        0
DAYS MIN <= 32      3               1.4     1.6        0
DAYS MIN <= 0       0               0.0     0.0        0

PRECIPITATION (INCHES)
MONTHLY RECORD
 MAXIMUM         8.54   1912
 MINIMUM         0.02   1907
DAILY RECORD
 MAXIMUM         4.17   01/10/1986

JANUARY 2018
TOTALS           2.10              2.35   -0.25     1.98
DAYS >= .01         7               6.6     0.4        8
DAYS >= .10         3               3.8    -0.8        5
DAYS >= .50         1               1.5    -0.5        2
DAYS >= 1.00        1               0.6     0.4        0
GREATEST
 24 HR. TOTAL    1.15   01/03 TO 01/03

SNOWFALL (INCHES)
TOTALS            0.0               0.0     0.0      0.0
SINCE 7/1         0.0               0.0     0.0      0.0
DAYS >= TRACE       0                                  0

DEGREE_DAYS
HEATING TOTAL     253               193      60       98
 SINCE 7/1        378               384      -6      153
COOLING TOTAL      44                45      -1       92
 SINCE 1/1         44                38       6       92
.................................................................

WIND (MPH)
AVERAGE WIND SPEED              10.0
HIGHEST WIND SPEED/DIRECTION    35/290    DATE  01/03
HIGHEST GUST SPEED/DIRECTION    45/280    DATE  01/03

SKY COVER
POSSIBLE SUNSHINE (PERCENT)   MM
AVERAGE SKY COVER           0.60
NUMBER OF DAYS FAIR            4
NUMBER OF DAYS PC             20
NUMBER OF DAYS CLOUDY          7

AVERAGE RH (PERCENT)     71

WEATHER CONDITIONS. NUMBER OF DAYS WITH
THUNDERSTORM              1     MIXED PRECIP               0
HEAVY RAIN                3     RAIN                       3
LIGHT RAIN               12     LT FREEZING RAIN           0
HAIL                      0     LIGHT SNOW                 0
SLEET                     0     FOG                       10
FOG W/VIS <= 1/4 MILE     1     HAZE                       1

-  INDICATES NEGATIVE NUMBERS.
R  INDICATES RECORD WAS SET OR TIED.
MM INDICATES DATA IS MISSING.
T  INDICATES TRACE AMOUNT.

$$
