000
CXUS52 KMLB 011551
CLMMCO


CLIMATE REPORT
NATIONAL WEATHER SERVICE MELBOURNE FL
1126 AM EDT SAT AUG 1 2015

...................................

...THE ORLANDO  AREA CLIMATE SUMMARY FOR THE MONTH OF JULY 2015...

CLIMATE NORMAL PERIOD 1981 TO 2010
CLIMATE RECORD PERIOD 1892 TO 2015

WEATHER         OBSERVED          NORMAL  DEPART  LAST YEAR`S
                 VALUE   DATE(S)  VALUE   FROM    VALUE  DATE(S)
                                          NORMAL
................................................................
TEMPERATURE (F)
MONTHLY RECORD
 HOTTEST         85.0   1903
                 78.4   1893
DAILY RECORD
 HIGH             101   07/02/1998
                        07/28/1936
 LOW               64   07/03/1937
                        07/08/1893
                        07/05/1893

JULY 2015
HIGHEST            97   07/11                         94


LOWEST             72   07/08                         71
                        07/06
AVG. MAXIMUM     92.6              91.8     0.8     91.8
AVG. MINIMUM     74.5              73.6     0.9     74.4
MEAN             83.6              82.7     0.9     83.1
DAYS MAX >= 90     27              23.1     3.9       28
DAYS MAX <= 32      0               0.0     0.0        0
DAYS MIN <= 32      0               0.0     0.0        0
DAYS MIN <= 0       0               0.0     0.0        0

PRECIPITATION (INCHES)
MONTHLY RECORD
 MAXIMUM        19.57   1960
 MINIMUM         1.63   1892
DAILY RECORD
 MAXIMUM         8.19   7/25/1960

JULY 2015
TOTALS           7.42              7.27    0.15     8.79
DAYS >= .01        20              16.3     3.7       17
DAYS >= .10        12              11.1     0.9       12
DAYS >= .50         6               5.0     1.0        5
DAYS >= 1.00        2               2.1    -0.1        3
GREATEST
 24 HR. TOTAL    1.32   07/29 TO 07/29

SNOWFALL (INCHES)
TOTALS            0.0               0.0     0.0      0.0
SINCE 7/1         0.0               0.0     0.0      0.0
DAYS >= TRACE       0                                  0

DEGREE_DAYS
HEATING TOTAL       0                 0       0        0
 SINCE 7/1          0                 0       0        0
COOLING TOTAL     583               549      34      570
 SINCE 1/1       2309              1840     469     2007
.................................................................

WIND (MPH)
AVERAGE WIND SPEED              6.4
HIGHEST WIND SPEED/DIRECTION    46/270    DATE  07/02
HIGHEST GUST SPEED/DIRECTION    70/280    DATE  07/02

SKY COVER
POSSIBLE SUNSHINE (PERCENT)   MM
AVERAGE SKY COVER           0.60
NUMBER OF DAYS FAIR            1
NUMBER OF DAYS PC             29
NUMBER OF DAYS CLOUDY          1

AVERAGE RH (PERCENT)     76

WEATHER CONDITIONS. NUMBER OF DAYS WITH
THUNDERSTORM             23     MIXED PRECIP               0
HEAVY RAIN                8     RAIN                       7
LIGHT RAIN               22     LT FREEZING RAIN           0
HAIL                      0     LIGHT SNOW                 0
SLEET                     0     FOG                       15
FOG W/VIS <= 1/4 MILE     0     HAZE                       1

-  INDICATES NEGATIVE NUMBERS.
R  INDICATES RECORD WAS SET OR TIED.
MM INDICATES DATA IS MISSING.
T  INDICATES TRACE AMOUNT.

$$
